000
CDUS45 KGJT 242326
CLICEZ


CLIMATE REPORT
NATIONAL WEATHER SERVICE GRAND JUNCTION CO
525 PM MDT SUN JUL 24 2016


...................................

...THE CORTEZ CO CLIMATE SUMMARY FOR JULY 24 2016...
VALID TODAY AS OF 0500 PM LOCAL TIME.

CLIMATE NORMAL PERIOD 1981 TO 2010
CLIMATE RECORD PERIOD 9999 TO 9999


WEATHER ITEM   OBSERVED TIME   RECORD YEAR NORMAL DEPARTURE LAST
                VALUE   (LST)  VALUE       VALUE  FROM      YEAR
                                                  NORMAL
..................................................................
TEMPERATURE (F)
 TODAY
  MAXIMUM         98    334 PM  MM      MM  90      8       84
  MINIMUM         59    113 AM  MM      MM  55      4       54
  AVERAGE         79                        72      7       69

PRECIPITATION (IN)
  TODAY            0.00         MM      MM   0.07  -0.07      T
  MONTH TO DATE    1.25                      0.76   0.49     1.71
  SINCE JUN 1      1.45                      1.24   0.21     3.34
  SINCE JAN 1      4.76                      6.38  -1.62     7.34

SNOWFALL (IN)
  TODAY           MM            MM      MM  MM     MM       MM
  MONTH TO DATE   MM                        MM     MM       MM
  SINCE JUN 1     MM                        MM     MM       MM
  SINCE JUL 1     MM                        MM     MM       MM
  SNOW DEPTH      MM

DEGREE DAYS
 HEATING
  TODAY            0                         0      0        0
  MONTH TO DATE    2                         0      2        0
  SINCE JUN 1     14                        75    -61       40
  SINCE JUL 1      2                         0      2        0

 COOLING
  TODAY           14                         7      7        4
  MONTH TO DATE  159                       149     10      122
  SINCE JUN 1    327                       207    120      237
  SINCE JAN 1    327                       212    115      237
..................................................................


WIND (MPH)
  HIGHEST WIND SPEED    28   HIGHEST WIND DIRECTION     N (340)
  HIGHEST GUST SPEED    41   HIGHEST GUST DIRECTION    NW (300)
  AVERAGE WIND SPEED     8.1


SKY COVER
  POSSIBLE SUNSHINE  MM
  AVERAGE SKY COVER 0.0


WEATHER CONDITIONS
 THE FOLLOWING WEATHER WAS RECORDED TODAY.
  THUNDERSTORM


RELATIVE HUMIDITY (PERCENT)
 HIGHEST    60           100 AM
 LOWEST     12           300 PM
 AVERAGE    36

..........................................................


THE CORTEZ CO CLIMATE NORMALS FOR TOMORROW
                         NORMAL    RECORD    YEAR
 MAXIMUM TEMPERATURE (F)   90        MM        MM
 MINIMUM TEMPERATURE (F)   55        MM        MM


SUNRISE AND SUNSET
JULY 24 2016..........SUNRISE   613 AM MDT   SUNSET   829 PM MDT
JULY 25 2016..........SUNRISE   614 AM MDT   SUNSET   828 PM MDT


-  INDICATES NEGATIVE NUMBERS.
R  INDICATES RECORD WAS SET OR TIED.
MM INDICATES DATA IS MISSING.
T  INDICATES TRACE AMOUNT.




$$
