000
CDUS45 KGJT 212344
CLICEZ


CLIMATE REPORT
NATIONAL WEATHER SERVICE GRAND JUNCTION CO
543 PM MDT FRI JUL 21 2017


...................................

...THE CORTEZ CO CLIMATE SUMMARY FOR JULY 21 2017...
VALID TODAY AS OF 0500 PM LOCAL TIME.

CLIMATE NORMAL PERIOD 1981 TO 2010
CLIMATE RECORD PERIOD 9999 TO 9999


WEATHER ITEM   OBSERVED TIME   RECORD YEAR NORMAL DEPARTURE LAST
                VALUE   (LST)  VALUE       VALUE  FROM      YEAR
                                                  NORMAL
..................................................................
TEMPERATURE (F)
 TODAY
  MAXIMUM         85   1246 PM  MM      MM  90     -5       90
  MINIMUM         57    519 AM  MM      MM  54      3       58
  AVERAGE         71                        72     -1       74

PRECIPITATION (IN)
  TODAY            0.03         MM      MM   0.06  -0.03      T
  MONTH TO DATE    0.46                      0.57  -0.11     1.25
  SINCE JUN 1      0.46                      1.05  -0.59     1.45
  SINCE JAN 1      6.53                      6.19   0.34     4.76

SNOWFALL (IN)
  TODAY           MM            MM      MM  MM     MM       MM
  MONTH TO DATE   MM                        MM     MM       MM
  SINCE JUN 1     MM                        MM     MM       MM
  SINCE JUL 1     MM                        MM     MM       MM
  SNOW DEPTH      MM

DEGREE DAYS
 HEATING
  TODAY            0                         0      0        0
  MONTH TO DATE    0                         0      0        2
  SINCE JUN 1     21                        75    -54       14
  SINCE JUL 1      0                         0      0        2

 COOLING
  TODAY            6                         7     -1        9
  MONTH TO DATE  188                       128     60      124
  SINCE JUN 1    306                       186    120      292
  SINCE JAN 1    310                       191    119      292
..................................................................


WIND (MPH)
  HIGHEST WIND SPEED    20   HIGHEST WIND DIRECTION     E (80)
  HIGHEST GUST SPEED    29   HIGHEST GUST DIRECTION     E (90)
  AVERAGE WIND SPEED     4.2


SKY COVER
  POSSIBLE SUNSHINE  MM
  AVERAGE SKY COVER 0.3


WEATHER CONDITIONS
 THE FOLLOWING WEATHER WAS RECORDED TODAY.
  THUNDERSTORM
  LIGHT RAIN
  FOG


RELATIVE HUMIDITY (PERCENT)
 HIGHEST   100           300 AM
 LOWEST     34          1200 PM
 AVERAGE    67

..........................................................


THE CORTEZ CO CLIMATE NORMALS FOR TOMORROW
                         NORMAL    RECORD    YEAR
 MAXIMUM TEMPERATURE (F)   90        MM        MM
 MINIMUM TEMPERATURE (F)   54        MM        MM


SUNRISE AND SUNSET
JULY 21 2017..........SUNRISE   611 AM MDT   SUNSET   831 PM MDT
JULY 22 2017..........SUNRISE   611 AM MDT   SUNSET   830 PM MDT


-  INDICATES NEGATIVE NUMBERS.
R  INDICATES RECORD WAS SET OR TIED.
MM INDICATES DATA IS MISSING.
T  INDICATES TRACE AMOUNT.




$$
