000
CDUS43 KPAH 012133
CLICGI


CLIMATE REPORT
NATIONAL WEATHER SERVICE PADUCAH KY
432 PM CDT WED JUL 1 2015


...................................

...THE CAPE GIRARDEAU MO CLIMATE SUMMARY FOR JULY 1 2015...
VALID TODAY AS OF 0400 PM LOCAL TIME.

CLIMATE NORMAL PERIOD 1981 TO 2010
CLIMATE RECORD PERIOD 1960 TO 2015


WEATHER ITEM   OBSERVED TIME   RECORD YEAR NORMAL DEPARTURE LAST
                VALUE   (LST)  VALUE       VALUE  FROM      YEAR
                                                  NORMAL
..................................................................
TEMPERATURE (F)
 TODAY
  MAXIMUM         83    214 PM 103    2012  89     -6       90
  MINIMUM         71   1128 AM  57    1976  68      3       71
  AVERAGE         77                        78     -1

PRECIPITATION (IN)
  TODAY            0.32          1.10 1987   0.11   0.21     0.89
  MONTH TO DATE    0.32                      0.11   0.21     0.89
  SINCE JUN 1      4.64                      3.68   0.96     8.39
  SINCE JAN 1     30.08                     24.78   5.30    26.78

DEGREE DAYS
 HEATING
  TODAY            0                         0      0        0
  MONTH TO DATE    0                         0      0        0
  SINCE JUN 1      5                         4      1        0
  SINCE JUL 1      0                         0      0        0

 COOLING
  TODAY           12                        13     -1       16
  MONTH TO DATE   12                        13     -1       16
  SINCE JUN 1    393                       325     68      375
  SINCE JAN 1    570                       477     93      586
..................................................................


WIND (MPH)
  HIGHEST WIND SPEED    17   HIGHEST WIND DIRECTION    SW (240)
  HIGHEST GUST SPEED    21   HIGHEST GUST DIRECTION     W (250)
  AVERAGE WIND SPEED     6.3


SKY COVER
  AVERAGE SKY COVER 0.6


WEATHER CONDITIONS
 THE FOLLOWING WEATHER WAS RECORDED TODAY.
  RAIN
  LIGHT RAIN
  FOG


RELATIVE HUMIDITY (PERCENT)
 HIGHEST    93
 LOWEST     65
 AVERAGE    79

..........................................................


THE CAPE GIRARDEAU MO CLIMATE NORMALS FOR TOMORROW
                         NORMAL
 MAXIMUM TEMPERATURE (F)   89
 MINIMUM TEMPERATURE (F)   68


SUNRISE AND SUNSET
JULY  1 2015..........SUNRISE   542 AM CDT   SUNSET   823 PM CDT
JULY  2 2015..........SUNRISE   542 AM CDT   SUNSET   822 PM CDT


-  INDICATES NEGATIVE NUMBERS.
R  INDICATES RECORD WAS SET OR TIED.
MM INDICATES DATA IS MISSING.
T  INDICATES TRACE AMOUNT.




$$
