000
CDUS43 KPAH 270638
CLICGI


CLIMATE REPORT
NATIONAL WEATHER SERVICE PADUCAH KY
1235 AM CST SAT DEC 27 2014


...................................

...THE CAPE GIRARDEAU MO CLIMATE SUMMARY FOR DECEMBER 26 2014...

CLIMATE NORMAL PERIOD 1981 TO 2010
CLIMATE RECORD PERIOD 1960 TO 2014


WEATHER ITEM   OBSERVED TIME   RECORD YEAR NORMAL DEPARTURE LAST
                VALUE   (LST)  VALUE       VALUE  FROM      YEAR
                                                  NORMAL
..................................................................
TEMPERATURE (F)
 YESTERDAY
  MAXIMUM         53    244 PM  66    2008  43     10       44
  MINIMUM         36    741 AM   3    1983  25     11       21
  AVERAGE         45                        34     11

PRECIPITATION (IN)
  YESTERDAY        0.00          0.79 1973   0.13  -0.13     0.00
  MONTH TO DATE    2.35                      3.64  -1.29     5.56
  SINCE DEC 1      2.35                      3.64  -1.29     5.56
  SINCE JAN 1     43.27                     46.20  -2.93    40.08

DEGREE DAYS
 HEATING
  YESTERDAY       20                        31    -11       32
  MONTH TO DATE  585                       742   -157      801
  SINCE DEC 1    585                       742   -157      801
  SINCE JUL 1   1581                      1593    -12     1707

 COOLING
  YESTERDAY        0                         0      0        0
  MONTH TO DATE    0                         0      0        0
  SINCE DEC 1      0                         0      0        0
  SINCE JAN 1   1424                      1453    -29     1441
..................................................................


WIND (MPH)
  HIGHEST WIND SPEED    21   HIGHEST WIND DIRECTION    SW (210)
  HIGHEST GUST SPEED    25   HIGHEST GUST DIRECTION    SW (210)
  AVERAGE WIND SPEED     9.8


SKY COVER
  AVERAGE SKY COVER 0.6


WEATHER CONDITIONS
 THE FOLLOWING WEATHER WAS RECORDED YESTERDAY.
  NO SIGNIFICANT WEATHER WAS OBSERVED.


RELATIVE HUMIDITY (PERCENT)
 HIGHEST    85
 LOWEST     68
 AVERAGE    77

..........................................................


THE CAPE GIRARDEAU MO CLIMATE NORMALS FOR TODAY
                         NORMAL    RECORD    YEAR
 MAXIMUM TEMPERATURE (F)   43        71      2008
 MINIMUM TEMPERATURE (F)   25         6      2004


SUNRISE AND SUNSET
DECEMBER 27 2014......SUNRISE   711 AM CST   SUNSET   448 PM CST
DECEMBER 28 2014......SUNRISE   711 AM CST   SUNSET   449 PM CST


-  INDICATES NEGATIVE NUMBERS.
R  INDICATES RECORD WAS SET OR TIED.
MM INDICATES DATA IS MISSING.
T  INDICATES TRACE AMOUNT.




$$
