000
CDUS43 KPAH 220633
CLICGI


CLIMATE REPORT
NATIONAL WEATHER SERVICE PADUCAH KY
131 AM CDT MON SEP 22 2014

...................................

...THE CAPE GIRARDEAU MO CLIMATE SUMMARY FOR SEPTEMBER 21 2014...

CLIMATE NORMAL PERIOD 1981 TO 2010
CLIMATE RECORD PERIOD 1960 TO 2014

WEATHER ITEM   OBSERVED TIME   RECORD YEAR NORMAL DEPARTURE LAST
                VALUE   (LST)  VALUE       VALUE  FROM      YEAR
                                                  NORMAL
..................................................................
TEMPERATURE (F)
 YESTERDAY
  MAXIMUM         82    206 PM  94    2010  79      3       75
  MINIMUM         59   1154 PM  39    1991  54      5       51
  AVERAGE         71                        67      4

PRECIPITATION (IN)
  YESTERDAY        T             1.59 1967   0.11  -0.11     0.00
  MONTH TO DATE    2.05                      2.32  -0.27     0.44
  SINCE SEP 1      2.05                      2.32  -0.27     0.44
  SINCE JAN 1     34.35                     33.37   0.98    28.67

DEGREE DAYS
 HEATING
  YESTERDAY        0                         2     -2        2
  MONTH TO DATE   32                        15     17        5
  SINCE SEP 1     32                        15     17        5
  SINCE JUL 1     32                        16     16        6

 COOLING
  YESTERDAY        6                         4      2        0
  MONTH TO DATE  122                       136    -14      181
  SINCE SEP 1    122                       136    -14      181
  SINCE JAN 1   1361                      1396    -35     1362
..................................................................

WIND (MPH)
  HIGHEST WIND SPEED    17   HIGHEST WIND DIRECTION     N (340)
  HIGHEST GUST SPEED    22   HIGHEST GUST DIRECTION    NW (330)
  AVERAGE WIND SPEED     7.8

SKY COVER
  AVERAGE SKY COVER 0.1

WEATHER CONDITIONS
 THE FOLLOWING WEATHER WAS RECORDED YESTERDAY.
  LIGHT RAIN
  FOG

RELATIVE HUMIDITY (PERCENT)
 HIGHEST    93
 LOWEST     30
 AVERAGE    62
..........................................................

THE CAPE GIRARDEAU MO CLIMATE NORMALS FOR TODAY
                         NORMAL    RECORD    YEAR
 MAXIMUM TEMPERATURE (F)   79        93      2005
 MINIMUM TEMPERATURE (F)   54        36      1999

SUNRISE AND SUNSET
SEPTEMBER 22 2014.....SUNRISE   646 AM CDT   SUNSET   655 PM CDT
SEPTEMBER 23 2014.....SUNRISE   647 AM CDT   SUNSET   654 PM CDT

-  INDICATES NEGATIVE NUMBERS.
R  INDICATES RECORD WAS SET OR TIED.
MM INDICATES DATA IS MISSING.
T  INDICATES TRACE AMOUNT.

$$
