000
CDUS43 KPAH 312134
CLICGI


CLIMATE REPORT
NATIONAL WEATHER SERVICE PADUCAH KY
431 PM CDT FRI OCT 31 2014

...................................

...THE CAPE GIRARDEAU MO CLIMATE SUMMARY FOR OCTOBER 31 2014...
VALID TODAY AS OF 0400 PM LOCAL TIME.

CLIMATE NORMAL PERIOD 1981 TO 2010
CLIMATE RECORD PERIOD 1960 TO 2014

WEATHER ITEM   OBSERVED TIME   RECORD YEAR NORMAL DEPARTURE LAST
                VALUE   (LST)  VALUE       VALUE  FROM      YEAR
                                                  NORMAL
..................................................................
TEMPERATURE (F)
 TODAY
  MAXIMUM         53   1220 AM  82    1968  65    -12       69
  MINIMUM         47    259 PM  26    1993  41      6       52
  AVERAGE         50                        53     -3

PRECIPITATION (IN)
  TODAY            0.00          2.83 1972   0.12  -0.12     1.39
  MONTH TO DATE    4.31                      3.79   0.52     4.20
  SINCE SEP 1      6.36                      7.07  -0.71     4.64
  SINCE JAN 1     38.66                     38.12   0.54    32.87

DEGREE DAYS
 HEATING
  TODAY           15                        12      3        4
  MONTH TO DATE  198                       256    -58      256
  SINCE SEP 1    244                       302    -58      266
  SINCE JUL 1    244                       303    -59      267

 COOLING
  TODAY            0                         0      0        0
  MONTH TO DATE   40                        29     11       48
  SINCE SEP 1    185                       191     -6      260
  SINCE JAN 1   1424                      1451    -27     1441
..................................................................

WIND (MPH)
  HIGHEST WIND SPEED    30   HIGHEST WIND DIRECTION     N (350)
  HIGHEST GUST SPEED    40   HIGHEST GUST DIRECTION     N (340)
  AVERAGE WIND SPEED    MM

SKY COVER
  AVERAGE SKY COVER 0.6

WEATHER CONDITIONS
 THE FOLLOWING WEATHER WAS RECORDED TODAY.
  NO SIGNIFICANT WEATHER WAS OBSERVED.

RELATIVE HUMIDITY (PERCENT)
 HIGHEST    96
 LOWEST     39
 AVERAGE    68
..........................................................

THE CAPE GIRARDEAU MO CLIMATE NORMALS FOR TOMORROW
                         NORMAL
 MAXIMUM TEMPERATURE (F)   65
 MINIMUM TEMPERATURE (F)   41

SUNRISE AND SUNSET
OCTOBER 31 2014.......SUNRISE   722 AM CDT   SUNSET   602 PM CDT
NOVEMBER  1 2014......SUNRISE   723 AM CDT   SUNSET   601 PM CDT

-  INDICATES NEGATIVE NUMBERS.
R  INDICATES RECORD WAS SET OR TIED.
MM INDICATES DATA IS MISSING.
T  INDICATES TRACE AMOUNT.

$$
