402
CDUS43 KPAH 200633
CLICGI


CLIMATE REPORT
NATIONAL WEATHER SERVICE PADUCAH KY
130 AM CDT WED SEP 20 2017


...................................

...THE CAPE GIRARDEAU MO CLIMATE SUMMARY FOR SEPTEMBER 19 2017...

CLIMATE NORMAL PERIOD 1981 TO 2010
CLIMATE RECORD PERIOD 1960 TO 2017


WEATHER ITEM   OBSERVED TIME   RECORD YEAR NORMAL DEPARTURE LAST
                VALUE   (LST)  VALUE       VALUE  FROM      YEAR
                                                  NORMAL
..................................................................
TEMPERATURE (F)
 YESTERDAY
  MAXIMUM         90    418 PM  94    1972  80     10       85
  MINIMUM         64    529 AM  40    1973  55      9       61
  AVERAGE         77                        67     10

PRECIPITATION (IN)
  YESTERDAY        0.32          1.26 1975   0.11   0.21     0.00
  MONTH TO DATE    0.73                      2.11  -1.38     5.01
  SINCE SEP 1      0.73                      2.11  -1.38     5.01
  SINCE JAN 1     26.48                     33.16  -6.68    41.71

DEGREE DAYS
 HEATING
  YESTERDAY        0                         2     -2        0
  MONTH TO DATE   14                        11      3        0
  SINCE SEP 1     14                        11      3        0
  SINCE JUL 1     14                        12      2        0

 COOLING
  YESTERDAY       12                         4      8        8
  MONTH TO DATE   88                       128    -40      191
  SINCE SEP 1     88                       128    -40      191
  SINCE JAN 1   1290                      1388    -98     1634
..................................................................


WIND (MPH)
  HIGHEST WIND SPEED    10   HIGHEST WIND DIRECTION    SE (140)
  HIGHEST GUST SPEED    15   HIGHEST GUST DIRECTION     N (350)
  AVERAGE WIND SPEED     3.6


SKY COVER
  AVERAGE SKY COVER 0.2


WEATHER CONDITIONS
 THE FOLLOWING WEATHER WAS RECORDED YESTERDAY.
  THUNDERSTORM
  HEAVY RAIN
  LIGHT RAIN
  FOG
  FOG W/VISIBILITY <= 1/4 MILE


RELATIVE HUMIDITY (PERCENT)
 HIGHEST   100
 LOWEST     44
 AVERAGE    72

..........................................................


THE CAPE GIRARDEAU MO CLIMATE NORMALS FOR TODAY
                         NORMAL    RECORD    YEAR
 MAXIMUM TEMPERATURE (F)   80        93      1972
 MINIMUM TEMPERATURE (F)   54        38      2006


SUNRISE AND SUNSET
SEPTEMBER 20 2017.....SUNRISE   645 AM CDT   SUNSET   658 PM CDT
SEPTEMBER 21 2017.....SUNRISE   646 AM CDT   SUNSET   656 PM CDT


-  INDICATES NEGATIVE NUMBERS.
R  INDICATES RECORD WAS SET OR TIED.
MM INDICATES DATA IS MISSING.
T  INDICATES TRACE AMOUNT.




$$
