000
CDUS43 KPAH 010629
CLICGI


CLIMATE REPORT
NATIONAL WEATHER SERVICE PADUCAH KY
1227 AM CST SUN FEB 1 2015


...................................

...THE CAPE GIRARDEAU MO CLIMATE SUMMARY FOR JANUARY 31 2015...

CLIMATE NORMAL PERIOD 1981 TO 2010
CLIMATE RECORD PERIOD 1960 TO 2015


WEATHER ITEM   OBSERVED TIME   RECORD YEAR NORMAL DEPARTURE LAST
                VALUE   (LST)  VALUE       VALUE  FROM      YEAR
                                                  NORMAL
..................................................................
TEMPERATURE (F)
 YESTERDAY
  MAXIMUM         44    152 PM  66    1993  44      0       42
  MINIMUM         28    106 AM  -8    1965  25      3       22
  AVERAGE         36                        34      2

PRECIPITATION (IN)
  YESTERDAY        0.00          1.89 2002   0.13  -0.13     0.01
  MONTH TO DATE    4.77                      3.47   1.30     2.00
  SINCE DEC 1      7.58                      7.72  -0.14     7.56
  SINCE JAN 1      4.77                      3.47   1.30     2.00

DEGREE DAYS
 HEATING
  YESTERDAY       29                        31     -2       33
  MONTH TO DATE  972                       986    -14     1117
  SINCE DEC 1   1713                      1887   -174     2078
  SINCE JUL 1   2709                      2738    -29     2984

 COOLING
  YESTERDAY        0                         0      0        0
  MONTH TO DATE    0                         0      0        0
  SINCE DEC 1      0                         0      0        0
  SINCE JAN 1      0                         0      0        0
..................................................................


WIND (MPH)
  HIGHEST WIND SPEED    12   HIGHEST WIND DIRECTION    SW (240)
  HIGHEST GUST SPEED    14   HIGHEST GUST DIRECTION    SW (240)
  AVERAGE WIND SPEED     4.5


SKY COVER
  AVERAGE SKY COVER 0.5


WEATHER CONDITIONS
 THE FOLLOWING WEATHER WAS RECORDED YESTERDAY.
  NO SIGNIFICANT WEATHER WAS OBSERVED.


RELATIVE HUMIDITY (PERCENT)
 HIGHEST    92
 LOWEST     49
 AVERAGE    71

..........................................................


THE CAPE GIRARDEAU MO CLIMATE NORMALS FOR TODAY
                         NORMAL    RECORD    YEAR
 MAXIMUM TEMPERATURE (F)   44        66      1974
 MINIMUM TEMPERATURE (F)   25        -1      1979


SUNRISE AND SUNSET
FEBRUARY  1 2015......SUNRISE   701 AM CST   SUNSET   523 PM CST
FEBRUARY  2 2015......SUNRISE   701 AM CST   SUNSET   524 PM CST


-  INDICATES NEGATIVE NUMBERS.
R  INDICATES RECORD WAS SET OR TIED.
MM INDICATES DATA IS MISSING.
T  INDICATES TRACE AMOUNT.




$$
