013
CDUS44 KMRX 052156
CLICHA


CLIMATE REPORT
NATIONAL WEATHER SERVICE MORRISTOWN TN
456 PM EST FRI FEB 5 2016


...................................

...THE CHATTANOOGA  ASOS CLIMATE SUMMARY FOR FEBRUARY 5 2016...
VALID TODAY AS OF 0400 PM LOCAL TIME.

CLIMATE NORMAL PERIOD 1981 TO 2010
CLIMATE RECORD PERIOD 1879 TO 2016


WEATHER ITEM   OBSERVED TIME   RECORD YEAR NORMAL DEPARTURE LAST
                VALUE   (LST)  VALUE       VALUE  FROM      YEAR
                                                  NORMAL
..................................................................
TEMPERATURE (F)
 TODAY
  MAXIMUM         48    349 PM  75    1890  53     -5       45
  MINIMUM         29    759 AM   2    1996  32     -3       27
  AVERAGE         39                        42     -3       36

PRECIPITATION (IN)
  TODAY            0.00          1.93 2010   0.17  -0.17     0.00
  MONTH TO DATE    2.75                      0.86   1.89     0.51
  SINCE DEC 1     16.83                     10.67   6.16     8.40
  SINCE JAN 1      6.42                      5.77   0.65     4.00

SNOWFALL (IN)
  TODAY            0.0                       0.0    0.0      0.0
  MONTH TO DATE    0.0                       0.1   -0.1       T
  SINCE DEC 1      0.2                       2.1   -1.9      0.7
  SINCE JUL 1      0.2                       2.1   -1.9      0.7
  SNOW DEPTH       0

DEGREE DAYS
 HEATING
  TODAY           26                        23      3       29
  MONTH TO DATE   59                       115    -56      125
  SINCE DEC 1   1208                      1571   -363     1485
  SINCE JUL 1   1588                      2160   -572     2161

 COOLING
  TODAY            0                         0      0        0
  MONTH TO DATE    0                         0      0        0
  SINCE DEC 1     13                         1     12        0
  SINCE JAN 1      0                         0      0        0
..................................................................


WIND (MPH)
  HIGHEST WIND SPEED    17   HIGHEST WIND DIRECTION     N (10)
  HIGHEST GUST SPEED    23   HIGHEST GUST DIRECTION     N (10)
  AVERAGE WIND SPEED     9.6


SKY COVER
  POSSIBLE SUNSHINE  MM
  AVERAGE SKY COVER 0.2


WEATHER CONDITIONS
 THE FOLLOWING WEATHER WAS RECORDED TODAY.
  NO SIGNIFICANT WEATHER WAS OBSERVED.


RELATIVE HUMIDITY (PERCENT)
 HIGHEST    63           700 AM
 LOWEST     25           200 PM
 AVERAGE    44

..........................................................


THE CHATTANOOGA  ASOS CLIMATE NORMALS FOR TOMORROW
                         NORMAL    RECORD    YEAR
 MAXIMUM TEMPERATURE (F)   53        70      1938
 MINIMUM TEMPERATURE (F)   32        10      1988


SUNRISE AND SUNSET
FEBRUARY  5 2016......SUNRISE   737 AM EST   SUNSET   613 PM EST
FEBRUARY  6 2016......SUNRISE   736 AM EST   SUNSET   614 PM EST


-  INDICATES NEGATIVE NUMBERS.
R  INDICATES RECORD WAS SET OR TIED.
MM INDICATES DATA IS MISSING.
T  INDICATES TRACE AMOUNT.




$$
