000
CDUS44 KMRX 232121
CLICHA

CLIMATE REPORT
NATIONAL WEATHER SERVICE MORRISTOWN TN
521 PM EDT TUE SEP 23 2014


...................................

...THE CHATTANOOGA CLIMATE SUMMARY FOR SEPTEMBER 23 2014...
VALID TODAY AS OF 0500 PM LOCAL TIME.

CLIMATE NORMAL PERIOD 1981 TO 2010
CLIMATE RECORD PERIOD 1879 TO 2014


WEATHER ITEM   OBSERVED TIME   RECORD YEAR NORMAL DEPARTURE LAST
                VALUE   (LST)  VALUE       VALUE  FROM      YEAR
                                                  NORMAL
..................................................................
TEMPERATURE (F)
 TODAY
  MAXIMUM         80    334 PM  95    2010  81     -1       82
                                      1931
  MINIMUM         58    708 AM  40    1982  59     -1       57
  AVERAGE         69                        70     -1       70

PRECIPITATION (IN)
  TODAY            0.00          3.59 1975   0.14  -0.14     0.00
  MONTH TO DATE    2.35                      3.04  -0.69     1.82
  SINCE SEP 1      2.35                      3.04  -0.69     1.82
  SINCE JAN 1     31.00                     38.30  -7.30    56.02

SNOWFALL (IN)
  TODAY            0.0                       0.0    0.0      0.0
  MONTH TO DATE    0.0                       0.0    0.0      0.0
  SINCE SEP 1      0.0                       0.0    0.0      0.0
  SINCE JUL 1      0.0                       0.0    0.0      0.0
  SNOW DEPTH       0

DEGREE DAYS
 HEATING
  TODAY            0                         1     -1        0
  MONTH TO DATE    0                         5     -5        0
  SINCE SEP 1      0                         5     -5        0
  SINCE JUL 1      0                         5     -5        0

 COOLING
  TODAY            4                         6     -2        5
  MONTH TO DATE  278                       208     70      251
  SINCE SEP 1    278                       208     70      251
  SINCE JAN 1   1779                      1658    121     1643
..................................................................


WIND (MPH)
  HIGHEST WIND SPEED    15   HIGHEST WIND DIRECTION    NE (30)
  HIGHEST GUST SPEED    20   HIGHEST GUST DIRECTION    NE (30)
  AVERAGE WIND SPEED     7.9


SKY COVER
  POSSIBLE SUNSHINE  MM
  AVERAGE SKY COVER  MM


WEATHER CONDITIONS
 THE FOLLOWING WEATHER WAS RECORDED TODAY.
  NO SIGNIFICANT WEATHER WAS OBSERVED.


RELATIVE HUMIDITY (PERCENT)
 HIGHEST    77           700 AM
 LOWEST     39           300 PM
 AVERAGE    58

..........................................................


THE CHATTANOOGA CLIMATE NORMALS FOR TOMORROW
                         NORMAL    RECORD    YEAR
 MAXIMUM TEMPERATURE (F)   80        94      2010
 MINIMUM TEMPERATURE (F)   59        41      1963


SUNRISE AND SUNSET
SEPTEMBER 23 2014.....SUNRISE   729 AM EDT   SUNSET   736 PM EDT
SEPTEMBER 24 2014.....SUNRISE   730 AM EDT   SUNSET   735 PM EDT


-  INDICATES NEGATIVE NUMBERS.
R  INDICATES RECORD WAS SET OR TIED.
MM INDICATES DATA IS MISSING.
T  INDICATES TRACE AMOUNT.




$$
