000
CDUS44 KMRX 260814
CLICHA


CLIMATE REPORT
NATIONAL WEATHER SERVICE MORRISTOWN TN
414 AM EDT WED JUL 26 2017


...................................

...THE CHATTANOOGA  ASOS CLIMATE SUMMARY FOR JULY 25 2017...

CLIMATE NORMAL PERIOD 1981 TO 2010
CLIMATE RECORD PERIOD 1879 TO 2017


WEATHER ITEM   OBSERVED TIME   RECORD YEAR NORMAL DEPARTURE LAST
                VALUE   (LST)  VALUE       VALUE  FROM      YEAR
                                                  NORMAL
..................................................................
TEMPERATURE (F)
 YESTERDAY
  MAXIMUM         94    331 PM 101    1952  90      4       97
  MINIMUM         75    630 AM  58    1948  70      5       74
                                      1947
  AVERAGE         85                        80      5       86

PRECIPITATION (IN)
  YESTERDAY        0.00          2.43 1971   0.17  -0.17      T
  MONTH TO DATE    5.94                      4.02   1.92     1.63
  SINCE JUN 1     10.42                      8.07   2.35     2.85
  SINCE JAN 1     39.28                     30.89   8.39    20.09

DEGREE DAYS
 COOLING
  YESTERDAY       20                        15      5       21
  MONTH TO DATE  413                       371     42      475
  SINCE JUN 1    752                       716     36      947
  SINCE JAN 1   1078                       912    166     1223
..................................................................


WIND (MPH)
  HIGHEST WIND SPEED    10   HIGHEST WIND DIRECTION     N (350)
  HIGHEST GUST SPEED    14   HIGHEST GUST DIRECTION    NE (30)
  AVERAGE WIND SPEED     2.8


SKY COVER
  POSSIBLE SUNSHINE  MM
  AVERAGE SKY COVER 0.5


WEATHER CONDITIONS
 THE FOLLOWING WEATHER WAS RECORDED YESTERDAY.
  NO SIGNIFICANT WEATHER WAS OBSERVED.


RELATIVE HUMIDITY (PERCENT)
 HIGHEST    94           300 AM
 LOWEST     44           400 PM
 AVERAGE    69

..........................................................


THE CHATTANOOGA  ASOS CLIMATE NORMALS FOR TODAY
                         NORMAL    RECORD    YEAR
 MAXIMUM TEMPERATURE (F)   90       103      1993
 MINIMUM TEMPERATURE (F)   70        58      1911


SUNRISE AND SUNSET
JULY 26 2017..........SUNRISE   646 AM EDT   SUNSET   848 PM EDT
JULY 27 2017..........SUNRISE   647 AM EDT   SUNSET   848 PM EDT


-  INDICATES NEGATIVE NUMBERS.
R  INDICATES RECORD WAS SET OR TIED.
MM INDICATES DATA IS MISSING.
T  INDICATES TRACE AMOUNT.




$$
