000
CDUS44 KMRX 270914
CLICHA

CLIMATE REPORT
NATIONAL WEATHER SERVICE MORRISTOWN TN
414 AM EST TUE JAN 27 2015


...................................

...THE CHATTANOOGA CLIMATE SUMMARY FOR JANUARY 26 2015...

CLIMATE NORMAL PERIOD 1981 TO 2010
CLIMATE RECORD PERIOD 1879 TO 2015


WEATHER ITEM   OBSERVED TIME   RECORD YEAR NORMAL DEPARTURE LAST
                VALUE   (LST)  VALUE       VALUE  FROM      YEAR
                                                  NORMAL
..................................................................
TEMPERATURE (F)
 YESTERDAY
  MAXIMUM         48   1250 AM  72    1950  51     -3       59
  MINIMUM         35   1159 PM   1    1940  31      4       21
  AVERAGE         42                        41      1       40

PRECIPITATION (IN)
  YESTERDAY        T             1.89 1996   0.15  -0.15     0.00
  MONTH TO DATE    3.49                      4.12  -0.63     2.29
  SINCE DEC 1      7.89                      9.02  -1.13    10.27
  SINCE JAN 1      3.49                      4.12  -0.63     2.29

SNOWFALL (IN)
  YESTERDAY        T                         0.1   -0.1      0.0
  MONTH TO DATE    0.7                       1.5   -0.8       T
  SINCE DEC 1      0.7                       1.8   -1.1       T
  SINCE JUL 1      0.7                       1.8   -1.1       T
  SNOW DEPTH       0

DEGREE DAYS
 HEATING
  YESTERDAY       23                        24     -1       25
  MONTH TO DATE  654                       645      9      771
  SINCE DEC 1   1240                      1340   -100     1388
  SINCE JUL 1   1916                      1929    -13     2019

 COOLING
  YESTERDAY        0                         0      0        0
  MONTH TO DATE    0                         0      0        0
  SINCE DEC 1      0                         1     -1        4
  SINCE JAN 1      0                         0      0        0
..................................................................


WIND (MPH)
  HIGHEST WIND SPEED    20   HIGHEST WIND DIRECTION    NW (310)
  HIGHEST GUST SPEED    27   HIGHEST GUST DIRECTION     W (290)
  AVERAGE WIND SPEED     9.1


SKY COVER
  POSSIBLE SUNSHINE  MM
  AVERAGE SKY COVER 0.8


WEATHER CONDITIONS
 THE FOLLOWING WEATHER WAS RECORDED YESTERDAY.
  LIGHT RAIN
  LIGHT SNOW
  FOG


RELATIVE HUMIDITY (PERCENT)
 HIGHEST    82          1000 PM
 LOWEST     64           400 PM
 AVERAGE    73

..........................................................


THE CHATTANOOGA  ASOS CLIMATE NORMALS FOR TODAY
                         NORMAL    RECORD    YEAR
 MAXIMUM TEMPERATURE (F)   51        75      1999
 MINIMUM TEMPERATURE (F)   31         2      1940


SUNRISE AND SUNSET
JANUARY 27 2015.......SUNRISE   743 AM EST   SUNSET   604 PM EST
JANUARY 28 2015.......SUNRISE   743 AM EST   SUNSET   605 PM EST


-  INDICATES NEGATIVE NUMBERS.
R  INDICATES RECORD WAS SET OR TIED.
MM INDICATES DATA IS MISSING.
T  INDICATES TRACE AMOUNT.




$$
