000
CDUS41 KLWX 170525
CLICHO


CLIMATE REPORT
NATIONAL WEATHER SERVICE BALTIMORE MD/WASHINGTON DC
1225 AM EST WED JAN 17 2018


...................................

...THE CHARLOTTESVILLE VA CLIMATE SUMMARY FOR JANUARY 16 2018...

CLIMATE NORMAL PERIOD 1981 TO 2010
CLIMATE RECORD PERIOD 1998 TO 2018


WEATHER ITEM   OBSERVED TIME   RECORD YEAR NORMAL DEPARTURE LAST
                VALUE   (LST)  VALUE       VALUE  FROM      YEAR
                                                  NORMAL
..................................................................
TEMPERATURE (F)
 YESTERDAY
  MAXIMUM         43    408 PM  MM      MM  44     -1       45
  MINIMUM         22    748 AM  MM      MM  26     -4       38
  AVERAGE         33                        35     -2       42

PRECIPITATION (IN)
  YESTERDAY        0.00                      0.08  -0.08     0.04
  MONTH TO DATE    0.96                      1.46  -0.50     1.01
  SINCE DEC 1      1.31                      4.61  -3.30     2.73
  SINCE JAN 1      0.96                      1.46  -0.50     1.01

DEGREE DAYS
 HEATING
  YESTERDAY       32                        30      2       23
  MONTH TO DATE  566                       480     86      424
  SINCE DEC 1   1374                      1325     49     1157
  SINCE JUL 1   2036                      2216   -180     1682

 COOLING
  YESTERDAY        0                         0      0        0
  MONTH TO DATE    0                         0      0        0
  SINCE DEC 1      0                         0      0        0
  SINCE JAN 1      0                         0      0        0
..................................................................


WIND (MPH)
  HIGHEST WIND SPEED     9   HIGHEST WIND DIRECTION     S (190)
  HIGHEST GUST SPEED    11   HIGHEST GUST DIRECTION     S (190)
  AVERAGE WIND SPEED     1.5


SKY COVER
  POSSIBLE SUNSHINE  MM
  AVERAGE SKY COVER 0.2


WEATHER CONDITIONS
 THE FOLLOWING WEATHER WAS RECORDED YESTERDAY.
  NO SIGNIFICANT WEATHER WAS OBSERVED.


RELATIVE HUMIDITY (PERCENT)
 HIGHEST    81           800 AM
 LOWEST     29           200 PM
 AVERAGE    55

..........................................................


THE CHARLOTTESVILLE VA CLIMATE NORMALS FOR TODAY
                         NORMAL    RECORD    YEAR
 MAXIMUM TEMPERATURE (F)   44        MM        MM
 MINIMUM TEMPERATURE (F)   26        MM        MM


SUNRISE AND SUNSET
JANUARY 17 2018.......SUNRISE   728 AM EST   SUNSET   520 PM EST
JANUARY 18 2018.......SUNRISE   728 AM EST   SUNSET   521 PM EST


-  INDICATES NEGATIVE NUMBERS.
R  INDICATES RECORD WAS SET OR TIED.
MM INDICATES DATA IS MISSING.
T  INDICATES TRACE AMOUNT.




$$
