000
CDUS41 KLWX 240528
CLICHO


CLIMATE REPORT
NATIONAL WEATHER SERVICE BALTIMORE MD/WASHINGTON DC
127 AM EDT WED MAY 24 2017


...................................

...THE CHARLOTTESVILLE VA CLIMATE SUMMARY FOR MAY 23 2017...

CLIMATE NORMAL PERIOD 1981 TO 2010
CLIMATE RECORD PERIOD 1889 TO 2017


WEATHER ITEM   OBSERVED TIME   RECORD YEAR NORMAL DEPARTURE LAST
                VALUE   (LST)  VALUE       VALUE  FROM      YEAR
                                                  NORMAL
..................................................................
TEMPERATURE (F)
 YESTERDAY
  MAXIMUM         68   1201 AM  MM      MM  76     -8       71
  MINIMUM         60   1159 PM  MM      MM  54      6       54
  AVERAGE         64                        65     -1       63

PRECIPITATION (IN)
  YESTERDAY        0.56                      0.14   0.42     0.34
  MONTH TO DATE    6.06                      2.78   3.28     5.02
  SINCE MAR 1     11.59                      9.80   1.79     9.88
  SINCE JAN 1     14.83                     15.27  -0.44    16.00

DEGREE DAYS
 HEATING
  YESTERDAY        1                         3     -2        2
  MONTH TO DATE   85                       106    -21      119
  SINCE MAR 1    713                      1006   -293      722
  SINCE JUL 1   3086                      4418  -1332     3480

 COOLING
  YESTERDAY        0                         3     -3        0
  MONTH TO DATE   75                        38     37       16
  SINCE MAR 1    172                        59    113       43
  SINCE JAN 1    173                        59    114       43
..................................................................


WIND (MPH)
  HIGHEST WIND SPEED    14   HIGHEST WIND DIRECTION    NE (40)
  HIGHEST GUST SPEED    17   HIGHEST GUST DIRECTION    NE (30)
  AVERAGE WIND SPEED     6.3


SKY COVER
  POSSIBLE SUNSHINE  MM
  AVERAGE SKY COVER 1.0


WEATHER CONDITIONS
 THE FOLLOWING WEATHER WAS RECORDED YESTERDAY.
  HEAVY RAIN
  RAIN
  LIGHT RAIN
  FOG
  HAZE


RELATIVE HUMIDITY (PERCENT)
 HIGHEST    97           600 PM
 LOWEST     72           700 AM
 AVERAGE    85

..........................................................


THE CHARLOTTESVILLE VA CLIMATE NORMALS FOR TODAY
                         NORMAL    RECORD    YEAR
 MAXIMUM TEMPERATURE (F)   77        MM        MM
 MINIMUM TEMPERATURE (F)   54        MM        MM


SUNRISE AND SUNSET
MAY 24 2017...........SUNRISE   556 AM EDT   SUNSET   825 PM EDT
MAY 25 2017...........SUNRISE   556 AM EDT   SUNSET   826 PM EDT


-  INDICATES NEGATIVE NUMBERS.
R  INDICATES RECORD WAS SET OR TIED.
MM INDICATES DATA IS MISSING.
T  INDICATES TRACE AMOUNT.




$$
