000
CDUS41 KLWX 020524
CLICHO


CLIMATE REPORT
NATIONAL WEATHER SERVICE BALTIMORE MD/WASHINGTON DC
124 AM EDT THU JUL 2 2015


...................................

...THE CHARLOTTESVILLE VA CLIMATE SUMMARY FOR JULY 1 2015...

CLIMATE NORMAL PERIOD 1981 TO 2010
CLIMATE RECORD PERIOD 1889 TO 2015


WEATHER ITEM   OBSERVED TIME   RECORD YEAR NORMAL DEPARTURE LAST
                VALUE   (LST)  VALUE       VALUE  FROM      YEAR
                                                  NORMAL
..................................................................
TEMPERATURE (F)
 YESTERDAY
  MAXIMUM         85    332 PM  MM      MM  86     -1       92
  MINIMUM         64    544 AM  MM      MM  64      0       70
  AVERAGE         75                        75      0       81

PRECIPITATION (IN)
  YESTERDAY        T                         0.14  -0.14     0.00
  MONTH TO DATE    T                         0.14  -0.14     0.00
  SINCE JUN 1      8.23                      3.87   4.36     2.85
  SINCE JAN 1     20.89                     20.34   0.55    21.12

DEGREE DAYS
 HEATING
  YESTERDAY        0                         0      0        0
  MONTH TO DATE    0                         0      0        0
  SINCE JUN 1     11                        11      0        2
  SINCE JUL 1      0                         0      0        0

 COOLING
  YESTERDAY       10                        10      0       16
  MONTH TO DATE   10                        10      0       16
  SINCE JUN 1    316                       229     87      288
  SINCE JAN 1    493                       315    178      404
..................................................................


WIND (MPH)
  HIGHEST WIND SPEED    14   HIGHEST WIND DIRECTION     S (190)
  HIGHEST GUST SPEED    19   HIGHEST GUST DIRECTION     S (190)
  AVERAGE WIND SPEED     5.7


SKY COVER
  POSSIBLE SUNSHINE  MM
  AVERAGE SKY COVER 0.1


WEATHER CONDITIONS
 THE FOLLOWING WEATHER WAS RECORDED YESTERDAY.
  LIGHT RAIN


RELATIVE HUMIDITY (PERCENT)
 HIGHEST    93           300 AM
 LOWEST     51          1200 PM
 AVERAGE    72

..........................................................


THE CHARLOTTESVILLE VA CLIMATE NORMALS FOR TODAY
                         NORMAL    RECORD    YEAR
 MAXIMUM TEMPERATURE (F)   86        MM        MM
 MINIMUM TEMPERATURE (F)   64        MM        MM


SUNRISE AND SUNSET
JULY  2 2015..........SUNRISE   555 AM EDT   SUNSET   841 PM EDT
JULY  3 2015..........SUNRISE   555 AM EDT   SUNSET   840 PM EDT


-  INDICATES NEGATIVE NUMBERS.
R  INDICATES RECORD WAS SET OR TIED.
MM INDICATES DATA IS MISSING.
T  INDICATES TRACE AMOUNT.




$$
