000
CDUS41 KLWX 210528
CLICHO


CLIMATE REPORT
NATIONAL WEATHER SERVICE BALTIMORE MD/WASHINGTON DC
128 AM EDT TUE OCT 21 2014


...................................

...THE CHARLOTTESVILLE VA CLIMATE SUMMARY FOR OCTOBER 20 2014...

CLIMATE NORMAL PERIOD 1981 TO 2010
CLIMATE RECORD PERIOD 1889 TO 2014


WEATHER ITEM   OBSERVED TIME   RECORD YEAR NORMAL DEPARTURE LAST
                VALUE   (LST)  VALUE       VALUE  FROM      YEAR
                                                  NORMAL
..................................................................
TEMPERATURE (F)
 YESTERDAY
  MAXIMUM         68    146 PM  MM      MM  67      1       63
  MINIMUM         36    630 AM  MM      MM  43     -7       40
  AVERAGE         52                        55     -3       52

PRECIPITATION (IN)
  YESTERDAY        0.02                      0.10  -0.08     0.00
  MONTH TO DATE    3.67                      2.08   1.59     3.15
  SINCE SEP 1      4.53                      6.56  -2.03     3.80
  SINCE JAN 1     33.03                     34.70  -1.67    37.32

DEGREE DAYS
 HEATING
  YESTERDAY       13                        10      3       13
  MONTH TO DATE  113                       157    -44       87
  SINCE SEP 1    136                       212    -76      157
  SINCE JUL 1    136                       215    -79      162

 COOLING
  YESTERDAY        0                         0      0        0
  MONTH TO DATE   14                        12      2       37
  SINCE SEP 1    166                       123     43      143
  SINCE JAN 1   1094                      1033     61     1145
..................................................................


WIND (MPH)
  HIGHEST WIND SPEED    17   HIGHEST WIND DIRECTION     S (180)
  HIGHEST GUST SPEED    22   HIGHEST GUST DIRECTION     S (200)
  AVERAGE WIND SPEED     5.9


SKY COVER
  POSSIBLE SUNSHINE  MM
  AVERAGE SKY COVER 0.2


WEATHER CONDITIONS
 THE FOLLOWING WEATHER WAS RECORDED YESTERDAY.
  LIGHT RAIN


RELATIVE HUMIDITY (PERCENT)
 HIGHEST    92           100 AM
 LOWEST     48           200 PM
 AVERAGE    70

..........................................................


THE CHARLOTTESVILLE VA CLIMATE NORMALS FOR TODAY
                         NORMAL    RECORD    YEAR
 MAXIMUM TEMPERATURE (F)   66        MM        MM
 MINIMUM TEMPERATURE (F)   43        MM        MM


SUNRISE AND SUNSET
OCTOBER 21 2014.......SUNRISE   728 AM EDT   SUNSET   628 PM EDT
OCTOBER 22 2014.......SUNRISE   729 AM EDT   SUNSET   627 PM EDT


-  INDICATES NEGATIVE NUMBERS.
R  INDICATES RECORD WAS SET OR TIED.
MM INDICATES DATA IS MISSING.
T  INDICATES TRACE AMOUNT.




$$
