000
CDUS42 KCHS 290608
CLICHS


CLIMATE REPORT
NATIONAL WEATHER SERVICE CHARLESTON SC
203 AM EDT SUN MAY 29 2016


...................................

...THE NORTH CHARLESTON SC CLIMATE SUMMARY FOR MAY 28 2016...

CLIMATE NORMAL PERIOD 1981 TO 2010
CLIMATE RECORD PERIOD 1938 TO 2016


WEATHER ITEM   OBSERVED TIME   RECORD YEAR NORMAL DEPARTURE LAST
                VALUE   (LST)  VALUE       VALUE  FROM      YEAR
                                                  NORMAL
..................................................................
TEMPERATURE (F)
 YESTERDAY
  MAXIMUM         81   1035 AM  97    1967  86     -5       85
                                      1964
  MINIMUM         68    937 PM  45    1961  65      3       66
  AVERAGE         75                        76     -1       76

PRECIPITATION (IN)
  YESTERDAY        2.42R         1.35 1984   0.12   2.30     0.00
  MONTH TO DATE    3.81                      2.67   1.14     1.36
  SINCE MAR 1      9.61                      9.29   0.32     7.29
  SINCE JAN 1     17.90                     15.96   1.94    15.22

DEGREE DAYS
 HEATING
  YESTERDAY        0                         0      0        0
  MONTH TO DATE    4                         8     -4        4
  SINCE MAR 1    180                       335   -155      210
  SINCE JUL 1   1357                      1971   -614     1947

 COOLING
  YESTERDAY       10                        11     -1       11
  MONTH TO DATE  252                       212     40      237
  SINCE MAR 1    452                       323    129      397
  SINCE JAN 1    460                       330    130      401
..................................................................


WIND (MPH)
  HIGHEST WIND SPEED    18   HIGHEST WIND DIRECTION     N (10)
  HIGHEST GUST SPEED    23   HIGHEST GUST DIRECTION    NE (30)
  AVERAGE WIND SPEED     9.9


SKY COVER
  POSSIBLE SUNSHINE  MM
  AVERAGE SKY COVER 0.8


WEATHER CONDITIONS
 THE FOLLOWING WEATHER WAS RECORDED YESTERDAY.
  HEAVY RAIN
  RAIN
  LIGHT RAIN
  FOG


RELATIVE HUMIDITY (PERCENT)
 HIGHEST    97           400 PM
 LOWEST     73          1200 AM
 AVERAGE    85

..........................................................


THE NORTH CHARLESTON SC CLIMATE NORMALS FOR TODAY
                         NORMAL    RECORD    YEAR
 MAXIMUM TEMPERATURE (F)   86        95      1945
 MINIMUM TEMPERATURE (F)   66        53      1961


SUNRISE AND SUNSET
MAY 29 2016...........SUNRISE   613 AM EDT   SUNSET   822 PM EDT
MAY 30 2016...........SUNRISE   613 AM EDT   SUNSET   823 PM EDT


-  INDICATES NEGATIVE NUMBERS.
R  INDICATES RECORD WAS SET OR TIED.
MM INDICATES DATA IS MISSING.
T  INDICATES TRACE AMOUNT.




$$
