000
CDUS42 KCHS 212201
CLICHS


CLIMATE REPORT
NATIONAL WEATHER SERVICE CHARLESTON SC
501 PM EST TUE FEB 21 2017


...................................

...THE NORTH CHARLESTON SC CLIMATE SUMMARY FOR FEBRUARY 21 2017...
VALID TODAY AS OF 0500 PM LOCAL TIME.

CLIMATE NORMAL PERIOD 1981 TO 2010
CLIMATE RECORD PERIOD 1938 TO 2017


WEATHER ITEM   OBSERVED TIME   RECORD YEAR NORMAL DEPARTURE LAST
                VALUE   (LST)  VALUE       VALUE  FROM      YEAR
                                                  NORMAL
..................................................................
TEMPERATURE (F)
 TODAY
  MAXIMUM         71    224 PM  82    1991  64      7       78
  MINIMUM         50    240 AM  22    1958  42      8       54
                                      1942
  AVERAGE         61                        53      8       66

PRECIPITATION (IN)
  TODAY            0.00          1.28 2005   0.11  -0.11     0.00
  MONTH TO DATE    0.40                      2.22  -1.82     4.51
  SINCE DEC 1      8.96                      9.04  -0.08    11.05
  SINCE JAN 1      4.18                      5.93  -1.75     7.91

SNOWFALL (IN)
  TODAY            0.0                       0.1   -0.1
  SINCE DEC 1      T                         0.5   -0.5
  SINCE JUL 1      T                         0.5   -0.5

DEGREE DAYS
 HEATING
  TODAY            4                        12     -8        0
  MONTH TO DATE  154                       297   -143      306
  SINCE DEC 1    734                      1264   -530      964
  SINCE JUL 1    952                      1556   -604     1110

 COOLING
  TODAY            0                         0      0        1
  MONTH TO DATE    4                         0      4        3
  SINCE DEC 1     26                         9     17      100
  SINCE JAN 1     19                         2     17        3
..................................................................


WIND (MPH)
  HIGHEST WIND SPEED    20   HIGHEST WIND DIRECTION    SE (120)
  HIGHEST GUST SPEED    26   HIGHEST GUST DIRECTION     E (110)
  AVERAGE WIND SPEED     7.6


SKY COVER
  POSSIBLE SUNSHINE  MM
  AVERAGE SKY COVER 0.7


WEATHER CONDITIONS
 THE FOLLOWING WEATHER WAS RECORDED TODAY.
  FOG
  FOG W/VISIBILITY <= 1/4 MILE


RELATIVE HUMIDITY (PERCENT)
 HIGHEST    96           100 AM
 LOWEST     61          1200 PM
 AVERAGE    79

..........................................................


THE NORTH CHARLESTON SC CLIMATE NORMALS FOR TOMORROW
                         NORMAL    RECORD    YEAR
 MAXIMUM TEMPERATURE (F)   64        82      1991
 MINIMUM TEMPERATURE (F)   42        25      1947


SUNRISE AND SUNSET
FEBRUARY 21 2017......SUNRISE   657 AM EST   SUNSET   611 PM EST
FEBRUARY 22 2017......SUNRISE   656 AM EST   SUNSET   612 PM EST


-  INDICATES NEGATIVE NUMBERS.
R  INDICATES RECORD WAS SET OR TIED.
MM INDICATES DATA IS MISSING.
T  INDICATES TRACE AMOUNT.




$$
