000
CDUS42 KCHS 280521
CLICHS


CLIMATE REPORT
NATIONAL WEATHER SERVICE CHARLESTON SC
121 AM EDT MON JUL 28 2014


...................................

...THE NORTH CHARLESTON SC CLIMATE SUMMARY FOR JULY 27 2014...

CLIMATE NORMAL PERIOD 1981 TO 2010
CLIMATE RECORD PERIOD 1938 TO 2014


WEATHER ITEM   OBSERVED TIME   RECORD YEAR NORMAL DEPARTURE LAST
                VALUE   (LST)  VALUE       VALUE  FROM      YEAR
                                                  NORMAL
..................................................................
TEMPERATURE (F)
 YESTERDAY
  MAXIMUM         95    423 PM 100    2005  91      4       89
  MINIMUM         80    601 AM  68    1959  73      7       75
                                      1947
  AVERAGE         88                        82      6       82

PRECIPITATION (IN)
  YESTERDAY        0.00          3.85 2001   0.20  -0.20     0.05
  MONTH TO DATE    5.36                      5.71  -0.35     3.83
  SINCE JUN 1      8.95                     11.36  -2.41    17.15
  SINCE JAN 1     26.20                     27.67  -1.47    40.59

DEGREE DAYS
 HEATING
  YESTERDAY        0                         0      0        0
  MONTH TO DATE    0                         0      0        0
  SINCE JUN 1      0                         1     -1        0
  SINCE JUL 1      0                         0      0        0

 COOLING
  YESTERDAY       23                        17      6       17
  MONTH TO DATE  494                       456     38      458
  SINCE JUN 1   1012                       877    135      922
  SINCE JAN 1   1522                      1239    283     1269
..................................................................


WIND (MPH)
  HIGHEST WIND SPEED    17   HIGHEST WIND DIRECTION    SW (230)
  HIGHEST GUST SPEED    38   HIGHEST GUST DIRECTION     W (270)
  AVERAGE WIND SPEED     8.1


SKY COVER
  POSSIBLE SUNSHINE  MM
  AVERAGE SKY COVER 0.4


WEATHER CONDITIONS
 THE FOLLOWING WEATHER WAS RECORDED YESTERDAY.
  FOG


RELATIVE HUMIDITY (PERCENT)
 HIGHEST    94           100 AM
 LOWEST     49          1200 PM
 AVERAGE    72

..........................................................


THE NORTH CHARLESTON SC CLIMATE NORMALS FOR TODAY
                         NORMAL    RECORD    YEAR
 MAXIMUM TEMPERATURE (F)   91       101      1949
 MINIMUM TEMPERATURE (F)   73        65      1954


SUNRISE AND SUNSET
JULY 28 2014..........SUNRISE   631 AM EDT   SUNSET   822 PM EDT
JULY 29 2014..........SUNRISE   632 AM EDT   SUNSET   821 PM EDT


-  INDICATES NEGATIVE NUMBERS.
R  INDICATES RECORD WAS SET OR TIED.
MM INDICATES DATA IS MISSING.
T  INDICATES TRACE AMOUNT.




$$
