000
CDUS42 KCHS 290603
CLICHS


CLIMATE REPORT
NATIONAL WEATHER SERVICE CHARLESTON SC
203 AM EDT THU JUN 29 2017


...................................

...THE NORTH CHARLESTON SC CLIMATE SUMMARY FOR JUNE 28 2017...

CLIMATE NORMAL PERIOD 1981 TO 2010
CLIMATE RECORD PERIOD 1938 TO 2017


WEATHER ITEM   OBSERVED TIME   RECORD YEAR NORMAL DEPARTURE LAST
                VALUE   (LST)  VALUE       VALUE  FROM      YEAR
                                                  NORMAL
..................................................................
TEMPERATURE (F)
 YESTERDAY
  MAXIMUM         86    401 PM  99    1998  90     -4       94
                                      1978
  MINIMUM         68    309 AM  63    1988  72     -4       73
                                      1979
  AVERAGE         77                        81     -4       84

PRECIPITATION (IN)
  YESTERDAY        0.00          3.02 1997   0.21  -0.21     0.29
  MONTH TO DATE    4.33                      5.21  -0.88     3.09
  SINCE JUN 1      4.33                      5.21  -0.88     3.09
  SINCE JAN 1     19.49                     21.52  -2.03    23.84

DEGREE DAYS
 HEATING
  YESTERDAY        0                         0      0        0
  MONTH TO DATE    0                         0      0        0
  SINCE JUN 1      0                         0      0        0
  SINCE JUL 1   1228                      1975   -747     1357

 COOLING
  YESTERDAY       12                        16     -4       19
  MONTH TO DATE  383                       389     -6      492
  SINCE JUN 1    383                       389     -6      492
  SINCE JAN 1    958                       751    207      987
..................................................................


WIND (MPH)
  HIGHEST WIND SPEED    17   HIGHEST WIND DIRECTION    SE (120)
  HIGHEST GUST SPEED    24   HIGHEST GUST DIRECTION     E (80)
  AVERAGE WIND SPEED     8.3


SKY COVER
  POSSIBLE SUNSHINE  MM
  AVERAGE SKY COVER 0.5


WEATHER CONDITIONS
 THE FOLLOWING WEATHER WAS RECORDED YESTERDAY.
  NO SIGNIFICANT WEATHER WAS OBSERVED.


RELATIVE HUMIDITY (PERCENT)
 HIGHEST    90           200 AM
 LOWEST     42           700 PM
 AVERAGE    66

..........................................................


THE NORTH CHARLESTON SC CLIMATE NORMALS FOR TODAY
                         NORMAL    RECORD    YEAR
 MAXIMUM TEMPERATURE (F)   90        99      1998
                                             1959
 MINIMUM TEMPERATURE (F)   72        60      1981


SUNRISE AND SUNSET
JUNE 29 2017..........SUNRISE   615 AM EDT   SUNSET   833 PM EDT
JUNE 30 2017..........SUNRISE   615 AM EDT   SUNSET   833 PM EDT


-  INDICATES NEGATIVE NUMBERS.
R  INDICATES RECORD WAS SET OR TIED.
MM INDICATES DATA IS MISSING.
T  INDICATES TRACE AMOUNT.




$$
