000
CDUS42 KCHS 250536
CLICHS


CLIMATE REPORT
NATIONAL WEATHER SERVICE CHARLESTON SC
136 AM EDT SAT OCT 25 2014


...................................

...THE NORTH CHARLESTON SC CLIMATE SUMMARY FOR OCTOBER 24 2014...

CLIMATE NORMAL PERIOD 1981 TO 2010
CLIMATE RECORD PERIOD 1938 TO 2014


WEATHER ITEM   OBSERVED TIME   RECORD YEAR NORMAL DEPARTURE LAST
                VALUE   (LST)  VALUE       VALUE  FROM      YEAR
                                                  NORMAL
..................................................................
TEMPERATURE (F)
 YESTERDAY
  MAXIMUM         76    354 PM  87    2001  75      1       67
                                      1942
  MINIMUM         49    434 AM  35    1944  54     -5       41
  AVERAGE         63                        64     -1       54

PRECIPITATION (IN)
  YESTERDAY        0.00          6.57 2008   0.10  -0.10     0.00
  MONTH TO DATE    0.86                      3.11  -2.25     1.37
  SINCE SEP 1      9.52                      9.21   0.31     6.38
  SINCE JAN 1     44.85                     44.85   0.00    52.44

SNOWFALL (IN)
  YESTERDAY        0.0                       0.0    0.0
  SINCE SEP 1      0.0                       0.0    0.0
  SINCE JUL 1      0.0                       0.0    0.0

DEGREE DAYS
 HEATING
  YESTERDAY        2                         3     -1       11
  MONTH TO DATE   18                        40    -22       13
  SINCE SEP 1     18                        43    -25       13
  SINCE JUL 1     18                        43    -25       13

 COOLING
  YESTERDAY        0                         3     -3        0
  MONTH TO DATE  155                       111     44      160
  SINCE SEP 1    561                       444    117      533
  SINCE JAN 1   2723                      2249    474     2388
..................................................................


WIND (MPH)
  HIGHEST WIND SPEED     9   HIGHEST WIND DIRECTION    NW (330)
  HIGHEST GUST SPEED    16   HIGHEST GUST DIRECTION    NW (330)
  AVERAGE WIND SPEED     2.3


SKY COVER
  POSSIBLE SUNSHINE  MM
  AVERAGE SKY COVER 0.5


WEATHER CONDITIONS
 THE FOLLOWING WEATHER WAS RECORDED YESTERDAY.
  NO SIGNIFICANT WEATHER WAS OBSERVED.


RELATIVE HUMIDITY (PERCENT)
 HIGHEST    83          1200 AM
 LOWEST     36           200 PM
 AVERAGE    60

..........................................................


THE NORTH CHARLESTON SC CLIMATE NORMALS FOR TODAY
                         NORMAL    RECORD    YEAR
 MAXIMUM TEMPERATURE (F)   75        88      2001
 MINIMUM TEMPERATURE (F)   54        34      1965
                                             1962


SUNRISE AND SUNSET
OCTOBER 25 2014.......SUNRISE   732 AM EDT   SUNSET   636 PM EDT
OCTOBER 26 2014.......SUNRISE   733 AM EDT   SUNSET   635 PM EDT


-  INDICATES NEGATIVE NUMBERS.
R  INDICATES RECORD WAS SET OR TIED.
MM INDICATES DATA IS MISSING.
T  INDICATES TRACE AMOUNT.




$$
