000
CDUS42 KCHS 190543
CLICHS

CLIMATE REPORT
NATIONAL WEATHER SERVICE CHARLESTON SC
140 AM EDT SAT APR 19 2014


...................................

...THE NORTH CHARLESTON SC CLIMATE SUMMARY FOR APRIL 18 2014...

CLIMATE NORMAL PERIOD 1981 TO 2010
CLIMATE RECORD PERIOD 1938 TO 2014


WEATHER ITEM   OBSERVED TIME   RECORD YEAR NORMAL DEPARTURE LAST
                VALUE   (LST)  VALUE       VALUE  FROM      YEAR
                                                  NORMAL
..................................................................
TEMPERATURE (F)
 YESTERDAY
  MAXIMUM         71   1248 PM  92    1967  77     -6       82
  MINIMUM         55    629 AM  35    2001  54      1       63
  AVERAGE         63                        65     -2       73

PRECIPITATION (IN)
  YESTERDAY        2.37R         1.07 1943   0.10   2.27     0.00
  MONTH TO DATE    3.94                      1.76   2.18     3.57
  SINCE MAR 1      8.87                      5.47   3.40     7.64
  SINCE JAN 1     13.72                     12.14   1.58    18.46

SNOWFALL (IN)
  YESTERDAY        0.0                       0.0    0.0
  SINCE MAR 1      0.0                       0.0    0.0
  SINCE JUL 1      T                         0.5   -0.5

DEGREE DAYS
 HEATING
  YESTERDAY        2                         3     -1        0
  MONTH TO DATE   28                        68    -40       46
  SINCE MAR 1    342                       307     35      426
  SINCE JUL 1   1865                      1943    -78     1811

 COOLING
  YESTERDAY        0                         3     -3        8
  MONTH TO DATE   63                        40     23       55
  SINCE MAR 1     72                        67      5       65
  SINCE JAN 1     82                        74      8       86
..................................................................


WIND (MPH)
  HIGHEST WIND SPEED    24   HIGHEST WIND DIRECTION     E (70)
  HIGHEST GUST SPEED    33   HIGHEST GUST DIRECTION    NE (60)
  AVERAGE WIND SPEED    12.6


SKY COVER
  POSSIBLE SUNSHINE  MM
  AVERAGE SKY COVER 0.9


WEATHER CONDITIONS
 THE FOLLOWING WEATHER WAS RECORDED YESTERDAY.
  HEAVY RAIN
  RAIN
  LIGHT RAIN
  FOG


RELATIVE HUMIDITY (PERCENT)
 HIGHEST    87           600 PM
 LOWEST     53          1200 PM
 AVERAGE    70

..........................................................


THE NORTH CHARLESTON SC CLIMATE NORMALS FOR TODAY
                         NORMAL    RECORD    YEAR
 MAXIMUM TEMPERATURE (F)   77        91      1995
 MINIMUM TEMPERATURE (F)   54        35      1983


SUNRISE AND SUNSET
APRIL 19 2014.........SUNRISE   646 AM EDT   SUNSET   753 PM EDT
APRIL 20 2014.........SUNRISE   645 AM EDT   SUNSET   754 PM EDT


-  INDICATES NEGATIVE NUMBERS.
R  INDICATES RECORD WAS SET OR TIED.
MM INDICATES DATA IS MISSING.
T  INDICATES TRACE AMOUNT.

$$
