000
CDUS42 KCHS 252108
CLICHS


CLIMATE REPORT
NATIONAL WEATHER SERVICE CHARLESTON SC
508 PM EDT THU AUG 25 2016


...................................

...THE NORTH CHARLESTON SC CLIMATE SUMMARY FOR AUGUST 25 2016...
VALID TODAY AS OF 0500 PM LOCAL TIME.

CLIMATE NORMAL PERIOD 1981 TO 2010
CLIMATE RECORD PERIOD 1938 TO 2016


WEATHER ITEM   OBSERVED TIME   RECORD YEAR NORMAL DEPARTURE LAST
                VALUE   (LST)  VALUE       VALUE  FROM      YEAR
                                                  NORMAL
..................................................................
TEMPERATURE (F)
 TODAY
  MAXIMUM         92    157 PM  96    1938  89      3       94
  MINIMUM         68    502 AM  60    1997  72     -4       76
  AVERAGE         80                        80      0       85

PRECIPITATION (IN)
  TODAY            0.00          3.00 1970   0.26  -0.26     0.00
  MONTH TO DATE    3.26                      5.66  -2.40     3.67
  SINCE JUN 1     10.78                     17.84  -7.06    19.08
  SINCE JAN 1     31.53                     34.15  -2.62    34.30

SNOWFALL (IN)
  TODAY            0.0                       0.0    0.0
  SINCE JUN 1      0.0                       0.0    0.0
  SINCE JUL 1      0.0                       0.0    0.0

DEGREE DAYS
 HEATING
  TODAY            0                         0      0        0
  MONTH TO DATE    0                         0      0        0
  SINCE JUN 1      0                         1     -1        0
  SINCE JUL 1      0                         0      0        0

 COOLING
  TODAY           15                        15      0       20
  MONTH TO DATE  486                       405     81      424
  SINCE JUN 1   1677                      1355    322     1526
  SINCE JAN 1   2172                      1717    455     1959
..................................................................


WIND (MPH)
  HIGHEST WIND SPEED    15   HIGHEST WIND DIRECTION     S (160)
  HIGHEST GUST SPEED    23   HIGHEST GUST DIRECTION    SE (140)
  AVERAGE WIND SPEED     6.7


SKY COVER
  POSSIBLE SUNSHINE  MM
  AVERAGE SKY COVER 0.3


WEATHER CONDITIONS
 THE FOLLOWING WEATHER WAS RECORDED TODAY.
  NO SIGNIFICANT WEATHER WAS OBSERVED.


RELATIVE HUMIDITY (PERCENT)
 HIGHEST    90           300 AM
 LOWEST     41           200 PM
 AVERAGE    66

..........................................................


THE NORTH CHARLESTON SC CLIMATE NORMALS FOR TOMORROW
                         NORMAL    RECORD    YEAR
 MAXIMUM TEMPERATURE (F)   89        97      1954
 MINIMUM TEMPERATURE (F)   72        60      1952
                                             1942


SUNRISE AND SUNSET
AUGUST 25 2016........SUNRISE   650 AM EDT   SUNSET   753 PM EDT
AUGUST 26 2016........SUNRISE   651 AM EDT   SUNSET   752 PM EDT


-  INDICATES NEGATIVE NUMBERS.
R  INDICATES RECORD WAS SET OR TIED.
MM INDICATES DATA IS MISSING.
T  INDICATES TRACE AMOUNT.




$$
