000
CDUS42 KCHS 062213
CLICHS


CLIMATE REPORT
NATIONAL WEATHER SERVICE CHARLESTON SC
512 PM EST TUE DEC 6 2016


...................................

...THE NORTH CHARLESTON SC CLIMATE SUMMARY FOR DECEMBER 6 2016...
VALID TODAY AS OF 0500 PM LOCAL TIME.

CLIMATE NORMAL PERIOD 1981 TO 2010
CLIMATE RECORD PERIOD 1938 TO 2016


WEATHER ITEM   OBSERVED TIME   RECORD YEAR NORMAL DEPARTURE LAST
                VALUE   (LST)  VALUE       VALUE  FROM      YEAR
                                                  NORMAL
..................................................................
TEMPERATURE (F)
 TODAY
  MAXIMUM         76    400 PM  82    2013  64     12       63
  MINIMUM         57    330 AM  27    2000  42     15       46
                                      1949
                                      1944
  AVERAGE         67                        53     14       55

PRECIPITATION (IN)
  TODAY            2.58R         1.86 1972   0.10   2.48      T
  MONTH TO DATE    4.13                      0.56   3.57     0.30
  SINCE DEC 1      4.13                      0.56   3.57     0.30
  SINCE JAN 1     58.98                     48.48  10.50    72.05

SNOWFALL (IN)
  TODAY            0.0                       0.0    0.0
  SINCE DEC 1      0.0                       0.0    0.0
  SINCE JUL 1      0.0                       0.0    0.0

DEGREE DAYS
 HEATING
  TODAY            0                        12    -12       10
  MONTH TO DATE   47                        70    -23       37
  SINCE DEC 1     47                        70    -23       37
  SINCE JUL 1    262                       362   -100      183

 COOLING
  TODAY            2                         0      2        0
  MONTH TO DATE    2                         0      2        7
  SINCE DEC 1      2                         0      2        7
  SINCE JAN 1   2960                      2297    663     2614
..................................................................


WIND (MPH)
  HIGHEST WIND SPEED    17   HIGHEST WIND DIRECTION     E (90)
  HIGHEST GUST SPEED    21   HIGHEST GUST DIRECTION    NE (60)
  AVERAGE WIND SPEED     8.5


SKY COVER
  POSSIBLE SUNSHINE  MM
  AVERAGE SKY COVER 0.9


WEATHER CONDITIONS
 THE FOLLOWING WEATHER WAS RECORDED TODAY.
  THUNDERSTORM
  HEAVY RAIN
  RAIN
  LIGHT RAIN
  FOG


RELATIVE HUMIDITY (PERCENT)
 HIGHEST    97          1100 AM
 LOWEST     79           400 PM
 AVERAGE    88

..........................................................


THE NORTH CHARLESTON SC CLIMATE NORMALS FOR TOMORROW
                         NORMAL    RECORD    YEAR
 MAXIMUM TEMPERATURE (F)   64        81      1998
                                             1978
                                             1951
 MINIMUM TEMPERATURE (F)   42        23      1984


SUNRISE AND SUNSET
DECEMBER  6 2016......SUNRISE   709 AM EST   SUNSET   513 PM EST
DECEMBER  7 2016......SUNRISE   710 AM EST   SUNSET   514 PM EST


-  INDICATES NEGATIVE NUMBERS.
R  INDICATES RECORD WAS SET OR TIED.
MM INDICATES DATA IS MISSING.
T  INDICATES TRACE AMOUNT.




$$
