000
CDUS42 KCHS 280611
CLICHS


CLIMATE REPORT
NATIONAL WEATHER SERVICE CHARLESTON SC
210 AM EDT FRI AUG 28 2015


...................................

...THE NORTH CHARLESTON SC CLIMATE SUMMARY FOR AUGUST 27 2015...

CLIMATE NORMAL PERIOD 1981 TO 2010
CLIMATE RECORD PERIOD 1938 TO 2015


WEATHER ITEM   OBSERVED TIME   RECORD YEAR NORMAL DEPARTURE LAST
                VALUE   (LST)  VALUE       VALUE  FROM      YEAR
                                                  NORMAL
..................................................................
TEMPERATURE (F)
 YESTERDAY
  MAXIMUM         84    444 PM  99    1954  88     -4       90
  MINIMUM         72    600 AM  61    1966  71      1       65
                                      1945
                                      1942
  AVERAGE         78                        80     -2       78

PRECIPITATION (IN)
  YESTERDAY        0.07          2.10 1995   0.26  -0.19     0.00
                                      1962
  MONTH TO DATE    3.74                      6.18  -2.44     7.08
  SINCE JUN 1     19.15                     18.36   0.79    18.08
  SINCE JAN 1     34.37                     34.67  -0.30    35.33

DEGREE DAYS
 HEATING
  YESTERDAY        0                         0      0        0
  MONTH TO DATE    0                         0      0        0
  SINCE JUN 1      0                         1     -1        0
  SINCE JUL 1      0                         0      0        0

 COOLING
  YESTERDAY       13                        15     -2       13
  MONTH TO DATE  457                       435     22      499
  SINCE JUN 1   1559                      1385    174     1583
  SINCE JAN 1   1992                      1747    245     2093
..................................................................


WIND (MPH)
  HIGHEST WIND SPEED    18   HIGHEST WIND DIRECTION     E (70)
  HIGHEST GUST SPEED    23   HIGHEST GUST DIRECTION     E (70)
  AVERAGE WIND SPEED     5.4


SKY COVER
  POSSIBLE SUNSHINE  MM
  AVERAGE SKY COVER 0.7


WEATHER CONDITIONS
 THE FOLLOWING WEATHER WAS RECORDED YESTERDAY.
  THUNDERSTORM
  RAIN
  LIGHT RAIN


RELATIVE HUMIDITY (PERCENT)
 HIGHEST    93          1000 PM
 LOWEST     69           500 PM
 AVERAGE    81

..........................................................


THE NORTH CHARLESTON SC CLIMATE NORMALS FOR TODAY
                         NORMAL    RECORD    YEAR
 MAXIMUM TEMPERATURE (F)   88        98      1990
 MINIMUM TEMPERATURE (F)   71        60      1986


SUNRISE AND SUNSET
AUGUST 28 2015........SUNRISE   652 AM EDT   SUNSET   750 PM EDT
AUGUST 29 2015........SUNRISE   653 AM EDT   SUNSET   749 PM EDT


-  INDICATES NEGATIVE NUMBERS.
R  INDICATES RECORD WAS SET OR TIED.
MM INDICATES DATA IS MISSING.
T  INDICATES TRACE AMOUNT.

$$
