000
CDUS42 KCHS 030603
CLICHS


CLIMATE REPORT
NATIONAL WEATHER SERVICE CHARLESTON SC
202 AM EDT TUE MAY 3 2016


...................................

...THE NORTH CHARLESTON SC CLIMATE SUMMARY FOR MAY 2 2016...

CLIMATE NORMAL PERIOD 1981 TO 2010
CLIMATE RECORD PERIOD 1938 TO 2016


WEATHER ITEM   OBSERVED TIME   RECORD YEAR NORMAL DEPARTURE LAST
                VALUE   (LST)  VALUE       VALUE  FROM      YEAR
                                                  NORMAL
..................................................................
TEMPERATURE (F)
 YESTERDAY
  MAXIMUM         87    219 PM  95    1990  80      7       79
  MINIMUM         69    353 AM  36    1963  58     11       48
  AVERAGE         78                        69      9       64

PRECIPITATION (IN)
  YESTERDAY        T             1.95 1964   0.09  -0.09     0.00
  MONTH TO DATE    0.03                      0.18  -0.15     0.00
  SINCE MAR 1      5.83                      6.80  -0.97     5.93
  SINCE JAN 1     14.12                     13.47   0.65    13.86

DEGREE DAYS
 HEATING
  YESTERDAY        0                         1     -1        1
  MONTH TO DATE    0                         2     -2        4
  SINCE MAR 1    176                       329   -153      210
  SINCE JUL 1   1353                      1965   -612     1947

 COOLING
  YESTERDAY       13                         5      8        0
  MONTH TO DATE   26                        10     16        0
  SINCE MAR 1    226                       121    105      160
  SINCE JAN 1    234                       128    106      164
..................................................................


WIND (MPH)
  HIGHEST WIND SPEED    20   HIGHEST WIND DIRECTION     S (200)
  HIGHEST GUST SPEED    23   HIGHEST GUST DIRECTION     S (200)
  AVERAGE WIND SPEED     8.9


SKY COVER
  POSSIBLE SUNSHINE  MM
  AVERAGE SKY COVER 0.6


WEATHER CONDITIONS
 THE FOLLOWING WEATHER WAS RECORDED YESTERDAY.
  LIGHT RAIN
  FOG


RELATIVE HUMIDITY (PERCENT)
 HIGHEST   100           500 AM
 LOWEST     48           200 PM
 AVERAGE    74

..........................................................


THE NORTH CHARLESTON SC CLIMATE NORMALS FOR TODAY
                         NORMAL    RECORD    YEAR
 MAXIMUM TEMPERATURE (F)   80        93      1959
 MINIMUM TEMPERATURE (F)   58        40      1939


SUNRISE AND SUNSET
MAY  3 2016...........SUNRISE   630 AM EDT   SUNSET   804 PM EDT
MAY  4 2016...........SUNRISE   629 AM EDT   SUNSET   805 PM EDT


-  INDICATES NEGATIVE NUMBERS.
R  INDICATES RECORD WAS SET OR TIED.
MM INDICATES DATA IS MISSING.
T  INDICATES TRACE AMOUNT.




$$
