000
CDUS43 KDVN 292119
CLICID


CLIMATE REPORT
NATIONAL WEATHER SERVICE QUAD CITIES IA IL
419 PM CDT MON MAY 29 2017


...................................

...THE CEDAR RAPIDS IA CLIMATE SUMMARY FOR MAY 29 2017...
VALID TODAY AS OF 0400 PM LOCAL TIME.

CLIMATE NORMAL PERIOD 1981 TO 2010
CLIMATE RECORD PERIOD 1891 TO 2017


WEATHER ITEM   OBSERVED TIME   RECORD YEAR NORMAL DEPARTURE LAST
                VALUE   (LST)  VALUE       VALUE  FROM      YEAR
                                                  NORMAL
..................................................................
TEMPERATURE (F)
 TODAY
  MAXIMUM         74    248 PM  99    1934  75     -1       81
  MINIMUM         50    225 AM  34    1947  54     -4       60
  AVERAGE         62                        64     -2       71

PRECIPITATION (IN)
  TODAY            T            MM      MM   0.14  -0.14     0.00
  MONTH TO DATE    3.66                      3.86  -0.20     2.75
  SINCE MAR 1     10.21                      9.01   1.20     7.51
  SINCE JAN 1     12.38                     11.15   1.23     8.11

DEGREE DAYS
 HEATING
  TODAY            3                         3      0        0
  MONTH TO DATE  215                       186     29      187
  SINCE MAR 1   1450                      1548    -98     1338
  SINCE JUL 1   5726                      6831  -1105     5649

 COOLING
  TODAY            0                         3     -3        6
  MONTH TO DATE   29                        36     -7       46
  SINCE MAR 1     38                        43     -5       49
  SINCE JAN 1     38                        43     -5       49
..................................................................


WIND (MPH)
  HIGHEST WIND SPEED    29   HIGHEST WIND DIRECTION     W (280)
  HIGHEST GUST SPEED    43   HIGHEST GUST DIRECTION     W (270)
  AVERAGE WIND SPEED    14.0


SKY COVER
  POSSIBLE SUNSHINE  MM
  AVERAGE SKY COVER 0.4


WEATHER CONDITIONS
 THE FOLLOWING WEATHER WAS RECORDED TODAY.
  LIGHT RAIN


RELATIVE HUMIDITY (PERCENT)
 HIGHEST    89           300 AM
 LOWEST     38           100 PM
 AVERAGE    64

..........................................................


THE CEDAR RAPIDS IA CLIMATE NORMALS FOR TOMORROW
                         NORMAL    RECORD    YEAR
 MAXIMUM TEMPERATURE (F)   76        96      1934
 MINIMUM TEMPERATURE (F)   54        33      1924


SUNRISE AND SUNSET
MAY 29 2017...........SUNRISE   536 AM CDT   SUNSET   833 PM CDT
MAY 30 2017...........SUNRISE   535 AM CDT   SUNSET   834 PM CDT


-  INDICATES NEGATIVE NUMBERS.
R  INDICATES RECORD WAS SET OR TIED.
MM INDICATES DATA IS MISSING.
T  INDICATES TRACE AMOUNT.




$$
