000
CDUS43 KDVN 020921
CLICID


CLIMATE REPORT
NATIONAL WEATHER SERVICE QUAD CITIES IA IL
420 AM CDT WED SEP 2 2015


...................................

...THE CEDAR RAPIDS IA CLIMATE SUMMARY FOR SEPTEMBER 1 2015...

CLIMATE NORMAL PERIOD 1981 TO 2010
CLIMATE RECORD PERIOD 1891 TO 2015


WEATHER ITEM   OBSERVED TIME   RECORD YEAR NORMAL DEPARTURE LAST
                VALUE   (LST)  VALUE       VALUE  FROM      YEAR
                                                  NORMAL
..................................................................
TEMPERATURE (F)
 YESTERDAY
  MAXIMUM         87    408 PM 102    1913  79      8       80
  MINIMUM         66    536 AM  39    1949  57      9       61
  AVERAGE         77                        68      9       71

PRECIPITATION (IN)
  YESTERDAY        0.00         MM      MM   0.12  -0.12     0.34
  MONTH TO DATE    0.00                      0.12  -0.12     0.34
  SINCE SEP 1      0.00                      0.12  -0.12     0.34
  SINCE JAN 1     25.65                     25.42   0.23    30.82

DEGREE DAYS
 HEATING
  YESTERDAY        0                         1     -1        0
  MONTH TO DATE    0                         1     -1        0
  SINCE SEP 1      0                         1     -1        0
  SINCE JUL 1     28                        20      8       19

 COOLING
  YESTERDAY       12                         5      7        6
  MONTH TO DATE   12                         5      7        6
  SINCE SEP 1     12                         5      7        6
  SINCE JAN 1    572                       673   -101      623
..................................................................


WIND (MPH)
  HIGHEST WIND SPEED    14   HIGHEST WIND DIRECTION     S (190)
  HIGHEST GUST SPEED    18   HIGHEST GUST DIRECTION     S (180)
  AVERAGE WIND SPEED     7.0


SKY COVER
  POSSIBLE SUNSHINE  MM
  AVERAGE SKY COVER 0.0


WEATHER CONDITIONS
 THE FOLLOWING WEATHER WAS RECORDED YESTERDAY.
  FOG


RELATIVE HUMIDITY (PERCENT)
 HIGHEST   100          1200 AM
 LOWEST     68           200 PM
 AVERAGE    84

..........................................................


THE CEDAR RAPIDS IA CLIMATE NORMALS FOR TODAY
                         NORMAL    RECORD    YEAR
 MAXIMUM TEMPERATURE (F)   79       103      1925
 MINIMUM TEMPERATURE (F)   57        41      1946


SUNRISE AND SUNSET
SEPTEMBER  2 2015.....SUNRISE   633 AM CDT   SUNSET   739 PM CDT
SEPTEMBER  3 2015.....SUNRISE   634 AM CDT   SUNSET   737 PM CDT


-  INDICATES NEGATIVE NUMBERS.
R  INDICATES RECORD WAS SET OR TIED.
MM INDICATES DATA IS MISSING.
T  INDICATES TRACE AMOUNT.




$$
