061
CDUS43 KDVN 061008
CLICID


CLIMATE REPORT
NATIONAL WEATHER SERVICE QUAD CITIES IA IL
407 AM CST SAT FEB 6 2016


...................................

...THE CEDAR RAPIDS IA CLIMATE SUMMARY FOR FEBRUARY 5 2016...

CLIMATE NORMAL PERIOD 1981 TO 2010
CLIMATE RECORD PERIOD 1891 TO 2016


WEATHER ITEM   OBSERVED TIME   RECORD YEAR NORMAL DEPARTURE LAST
                VALUE   (LST)  VALUE       VALUE  FROM      YEAR
                                                  NORMAL
..................................................................
TEMPERATURE (F)
 YESTERDAY
  MAXIMUM         29    417 PM  62    1946  30     -1       13
  MINIMUM         14    806 AM -21    1979  13      1      -15
  AVERAGE         22                        21      1       -1

PRECIPITATION (IN)
  YESTERDAY        0.00         MM      MM   0.04  -0.04     0.00
  MONTH TO DATE    0.17                      0.18  -0.01     0.22
  SINCE DEC 1      4.61                      2.52   2.09     1.72
  SINCE JAN 1      0.54                      1.10  -0.56     1.07

DEGREE DAYS
 HEATING
  YESTERDAY       43                        44     -1       66
  MONTH TO DATE  193                       220    -27      284
  SINCE DEC 1   2451                      2922   -471     2673
  SINCE JUL 1   3482                      4368   -886     4334

 COOLING
  YESTERDAY        0                         0      0        0
  MONTH TO DATE    0                         0      0        0
  SINCE DEC 1      0                         0      0        0
  SINCE JAN 1      0                         0      0        0
..................................................................


WIND (MPH)
  HIGHEST WIND SPEED    17   HIGHEST WIND DIRECTION    NW (320)
  HIGHEST GUST SPEED    21   HIGHEST GUST DIRECTION    NW (320)
  AVERAGE WIND SPEED     6.6


SKY COVER
  POSSIBLE SUNSHINE  MM
  AVERAGE SKY COVER 0.5


WEATHER CONDITIONS
 THE FOLLOWING WEATHER WAS RECORDED YESTERDAY.
  FOG


RELATIVE HUMIDITY (PERCENT)
 HIGHEST    96           700 AM
 LOWEST     69           200 PM
 AVERAGE    83

..........................................................


THE CEDAR RAPIDS IA CLIMATE NORMALS FOR TODAY
                         NORMAL    RECORD    YEAR
 MAXIMUM TEMPERATURE (F)   31        61      1925
 MINIMUM TEMPERATURE (F)   13       -18      1982


SUNRISE AND SUNSET
FEBRUARY  6 2016......SUNRISE   714 AM CST   SUNSET   528 PM CST
FEBRUARY  7 2016......SUNRISE   713 AM CST   SUNSET   529 PM CST


-  INDICATES NEGATIVE NUMBERS.
R  INDICATES RECORD WAS SET OR TIED.
MM INDICATES DATA IS MISSING.
T  INDICATES TRACE AMOUNT.




$$
