000
CDUS43 KDVN 212125
CLICID


CLIMATE REPORT
NATIONAL WEATHER SERVICE QUAD CITIES IA IL
423 PM CDT FRI JUL 21 2017


...................................

...THE CEDAR RAPIDS IA CLIMATE SUMMARY FOR JULY 21 2017...
VALID TODAY AS OF 0400 PM LOCAL TIME.

CLIMATE NORMAL PERIOD 1981 TO 2010
CLIMATE RECORD PERIOD 1891 TO 2017


WEATHER ITEM   OBSERVED TIME   RECORD YEAR NORMAL DEPARTURE LAST
                VALUE   (LST)  VALUE       VALUE  FROM      YEAR
                                                  NORMAL
..................................................................
TEMPERATURE (F)
 TODAY
  MAXIMUM         88    237 PM 107    1901  84      4       92
  MINIMUM         71    513 AM  47    1944  63      8       70
  AVERAGE         80                        73      7       81

PRECIPITATION (IN)
  TODAY            0.10         MM      MM   0.14  -0.04     0.52
  MONTH TO DATE    2.25                      3.17  -0.92     3.20
  SINCE JUN 1      5.21                      8.09  -2.88    11.53
  SINCE JAN 1     17.59                     19.53  -1.94    20.19

DEGREE DAYS
 HEATING
  TODAY            0                         0      0        0
  MONTH TO DATE    0                         0      0        3
  SINCE JUN 1     22                        29     -7        8
  SINCE JUL 1      0                         0      0        3

 COOLING
  TODAY           15                         8      7       16
  MONTH TO DATE  198                       168     30      152
  SINCE JUN 1    404                       334     70      389
  SINCE JAN 1    442                       383     59      449
..................................................................


WIND (MPH)
  HIGHEST WIND SPEED    18   HIGHEST WIND DIRECTION     E (70)
  HIGHEST GUST SPEED    22   HIGHEST GUST DIRECTION     S (160)
  AVERAGE WIND SPEED     8.1


SKY COVER
  POSSIBLE SUNSHINE  MM
  AVERAGE SKY COVER 0.2


WEATHER CONDITIONS
 THE FOLLOWING WEATHER WAS RECORDED TODAY.
  THUNDERSTORM
  RAIN
  LIGHT RAIN
  FOG


RELATIVE HUMIDITY (PERCENT)
 HIGHEST   100           300 AM
 LOWEST     79           100 PM
 AVERAGE    90

..........................................................


THE CEDAR RAPIDS IA CLIMATE NORMALS FOR TOMORROW
                         NORMAL    RECORD    YEAR
 MAXIMUM TEMPERATURE (F)   83       101      1934
 MINIMUM TEMPERATURE (F)   63        44      1947


SUNRISE AND SUNSET
JULY 21 2017..........SUNRISE   550 AM CDT   SUNSET   836 PM CDT
JULY 22 2017..........SUNRISE   551 AM CDT   SUNSET   835 PM CDT


-  INDICATES NEGATIVE NUMBERS.
R  INDICATES RECORD WAS SET OR TIED.
MM INDICATES DATA IS MISSING.
T  INDICATES TRACE AMOUNT.




$$
