000
CDUS43 KDVN 262227
CLICID


CLIMATE REPORT
NATIONAL WEATHER SERVICE QUAD CITIES IA IL
425 PM CST FRI DEC 26 2014


...................................

...THE CEDAR RAPIDS IA CLIMATE SUMMARY FOR DECEMBER 26 2014...
VALID TODAY AS OF 0400 PM LOCAL TIME.

CLIMATE NORMAL PERIOD 1981 TO 2010
CLIMATE RECORD PERIOD 1891 TO 2014


WEATHER ITEM   OBSERVED TIME   RECORD YEAR NORMAL DEPARTURE LAST
                VALUE   (LST)  VALUE       VALUE  FROM      YEAR
                                                  NORMAL
..................................................................
TEMPERATURE (F)
 TODAY
  MAXIMUM         45    242 PM  57    1936  29     16       34
  MINIMUM         35    815 AM -20    1914  12     23       11
  AVERAGE         40                        20     20       23

PRECIPITATION (IN)
  TODAY            0.00         MM      MM   0.04  -0.04     0.00
  MONTH TO DATE    0.62                      1.25  -0.63     0.59
  SINCE DEC 1      0.62                      1.25  -0.63     0.59
  SINCE JAN 1     38.51                     34.44   4.07    37.72

DEGREE DAYS
 HEATING
  TODAY           25                        44    -19       42
  MONTH TO DATE  805                      1068   -263     1225
  SINCE DEC 1    805                      1068   -263     1225
  SINCE JUL 1   2466                      2514    -48     2668

 COOLING
  TODAY            0                         0      0        0
  MONTH TO DATE    0                         0      0        0
  SINCE DEC 1      0                         0      0        0
  SINCE JAN 1    670                       748    -78      884
..................................................................


WIND (MPH)
  HIGHEST WIND SPEED    17   HIGHEST WIND DIRECTION     S (170)
  HIGHEST GUST SPEED    25   HIGHEST GUST DIRECTION     S (170)
  AVERAGE WIND SPEED     9.8


SKY COVER
  POSSIBLE SUNSHINE  MM
  AVERAGE SKY COVER 0.1


WEATHER CONDITIONS
 THE FOLLOWING WEATHER WAS RECORDED TODAY.
  NO SIGNIFICANT WEATHER WAS OBSERVED.


RELATIVE HUMIDITY (PERCENT)
 HIGHEST    89           800 AM
 LOWEST     70           200 AM
 AVERAGE    80

..........................................................


THE CEDAR RAPIDS IA CLIMATE NORMALS FOR TOMORROW
                         NORMAL    RECORD    YEAR
 MAXIMUM TEMPERATURE (F)   29        56      1959
 MINIMUM TEMPERATURE (F)   12       -20      1933


SUNRISE AND SUNSET
DECEMBER 26 2014......SUNRISE   733 AM CST   SUNSET   442 PM CST
DECEMBER 27 2014......SUNRISE   733 AM CST   SUNSET   442 PM CST


-  INDICATES NEGATIVE NUMBERS.
R  INDICATES RECORD WAS SET OR TIED.
MM INDICATES DATA IS MISSING.
T  INDICATES TRACE AMOUNT.




$$
