000
CDUS43 KDVN 261019
CLICID


CLIMATE REPORT
NATIONAL WEATHER SERVICE QUAD CITIES IA IL
418 AM CST WED NOV 26 2014


...................................

...THE CEDAR RAPIDS IA CLIMATE SUMMARY FOR NOVEMBER 25 2014...

CLIMATE NORMAL PERIOD 1981 TO 2010
CLIMATE RECORD PERIOD 1891 TO 2014


WEATHER ITEM   OBSERVED TIME   RECORD YEAR NORMAL DEPARTURE LAST
                VALUE   (LST)  VALUE       VALUE  FROM      YEAR
                                                  NORMAL
..................................................................
TEMPERATURE (F)
 YESTERDAY
  MAXIMUM         28    419 PM  68    1896  41    -13       34
  MINIMUM         13    753 AM  -7    1977  23    -10       21
  AVERAGE         21                        32    -11       28

PRECIPITATION (IN)
  YESTERDAY        T            MM      MM   0.06  -0.06     0.08
  MONTH TO DATE    1.29                      1.77  -0.48     2.58
  SINCE SEP 1      7.41                      7.55  -0.14     7.73
  SINCE JAN 1     37.89                     32.85   5.04    37.13

DEGREE DAYS
 HEATING
  YESTERDAY       44                        33     11       37
  MONTH TO DATE  851                       662    189      710
  SINCE SEP 1   1445                      1253    192     1218
  SINCE JUL 1   1464                      1272    192     1237

 COOLING
  YESTERDAY        0                         0      0        0
  MONTH TO DATE    0                         0      0        0
  SINCE SEP 1     53                        80    -27      164
  SINCE JAN 1    670                       748    -78      884
..................................................................


WIND (MPH)
  HIGHEST WIND SPEED    23   HIGHEST WIND DIRECTION    NW (310)
  HIGHEST GUST SPEED    30   HIGHEST GUST DIRECTION    NW (320)
  AVERAGE WIND SPEED     9.0


SKY COVER
  POSSIBLE SUNSHINE  MM
  AVERAGE SKY COVER 0.3


WEATHER CONDITIONS
 THE FOLLOWING WEATHER WAS RECORDED YESTERDAY.
  LIGHT SNOW
  FOG


RELATIVE HUMIDITY (PERCENT)
 HIGHEST    92           800 AM
 LOWEST     69           400 PM
 AVERAGE    81

..........................................................


THE CEDAR RAPIDS IA CLIMATE NORMALS FOR TODAY
                         NORMAL    RECORD    YEAR
 MAXIMUM TEMPERATURE (F)   40        69      1914
 MINIMUM TEMPERATURE (F)   22       -11      1977


SUNRISE AND SUNSET
NOVEMBER 26 2014......SUNRISE   709 AM CST   SUNSET   439 PM CST
NOVEMBER 27 2014......SUNRISE   711 AM CST   SUNSET   438 PM CST


-  INDICATES NEGATIVE NUMBERS.
R  INDICATES RECORD WAS SET OR TIED.
MM INDICATES DATA IS MISSING.
T  INDICATES TRACE AMOUNT.




$$
