000
CDUS41 KCLE 100527
CLICLE


CLIMATE REPORT
NATIONAL WEATHER SERVICE CLEVELAND OH
1226 AM EST SAT DEC 10 2016


...................................

...THE CLEVELAND OH CLIMATE SUMMARY FOR DECEMBER 9 2016...

CLIMATE NORMAL PERIOD 1981 TO 2010
CLIMATE RECORD PERIOD 1871 TO 2016


WEATHER ITEM   OBSERVED TIME   RECORD YEAR NORMAL DEPARTURE LAST
                VALUE   (LST)  VALUE       VALUE  FROM      YEAR
                                                  NORMAL
..................................................................
TEMPERATURE (F)
 YESTERDAY
  MAXIMUM         33        MM  62    1952  40     -7       53
  MINIMUM         25        MM  -5    1917  28     -3       38
  AVERAGE         29                        34     -5       46

PRECIPITATION (IN)
  YESTERDAY        T                         0.11  -0.11     0.00
  MONTH TO DATE    0.69                      0.94  -0.25     0.22
  SINCE DEC 1      0.69                      0.94  -0.25     0.22
  SINCE JAN 1     34.51                     36.98  -2.47    37.33

SNOWFALL (IN)
  YESTERDAY        T                         0.4   -0.4      0.0
  MONTH TO DATE    0.2                       3.2   -3.0      0.3
  SINCE DEC 1      0.2                       3.2   -3.0      0.3
  SINCE JUL 1      1.1                       7.7   -6.6      1.2
  SNOW DEPTH       0

DEGREE DAYS
 HEATING
  YESTERDAY       36                        31      5       19
  MONTH TO DATE  265                       262      3      223
  SINCE DEC 1    265                       262      3      223
  SINCE JUL 1    981                      1357   -376     1088

 COOLING
  YESTERDAY        0                         0      0        0
  MONTH TO DATE    0                         0      0        0
  SINCE DEC 1      0                         0      0        0
  SINCE JAN 1   1320                       817    503      831
..................................................................


WIND (MPH)
  HIGHEST WIND SPEED    21   HIGHEST WIND DIRECTION    SW (240)
  HIGHEST GUST SPEED    28   HIGHEST GUST DIRECTION     W (250)
  AVERAGE WIND SPEED    16.0


SKY COVER
  POSSIBLE SUNSHINE  MM
  AVERAGE SKY COVER 1.0


WEATHER CONDITIONS
 THE FOLLOWING WEATHER WAS RECORDED YESTERDAY.
  LIGHT SNOW


RELATIVE HUMIDITY (PERCENT)
 HIGHEST    75           700 PM
 LOWEST     59           100 PM
 AVERAGE    67

..........................................................


THE CLEVELAND OH CLIMATE NORMALS FOR TODAY
                         NORMAL    RECORD    YEAR
 MAXIMUM TEMPERATURE (F)   40        69      1971
 MINIMUM TEMPERATURE (F)   28        -5      1958


SUNRISE AND SUNSET
DECEMBER 10 2016......SUNRISE   743 AM EST   SUNSET   458 PM EST
DECEMBER 11 2016......SUNRISE   744 AM EST   SUNSET   458 PM EST


-  INDICATES NEGATIVE NUMBERS.
R  INDICATES RECORD WAS SET OR TIED.
MM INDICATES DATA IS MISSING.
T  INDICATES TRACE AMOUNT.




$$
