000
CDUS41 KCLE 240528
CLICLE


CLIMATE REPORT
NATIONAL WEATHER SERVICE CLEVELAND OH
1227 AM EST TUE JAN 24 2017


...................................

...THE CLEVELAND OH CLIMATE SUMMARY FOR JANUARY 23 2017...

CLIMATE NORMAL PERIOD 1981 TO 2010
CLIMATE RECORD PERIOD 1871 TO 2017


WEATHER ITEM   OBSERVED TIME   RECORD YEAR NORMAL DEPARTURE LAST
                VALUE   (LST)  VALUE       VALUE  FROM      YEAR
                                                  NORMAL
..................................................................
TEMPERATURE (F)
 YESTERDAY
  MAXIMUM         44   1149 AM  68    1967  34     10       27
  MINIMUM         40   1159 PM -17    1963  22     18       21
  AVERAGE         42                        28     14       24

PRECIPITATION (IN)
  YESTERDAY        0.34                      0.09   0.25     0.01
  MONTH TO DATE    3.77                      2.09   1.68     1.26
  SINCE DEC 1      6.42                      5.19   1.23     4.22
  SINCE JAN 1      3.77                      2.09   1.68     1.26

SNOWFALL (IN)
  YESTERDAY        0.0                       0.6   -0.6      0.1
  MONTH TO DATE    3.5                      13.8  -10.3      7.2
  SINCE DEC 1     13.1                      27.9  -14.8      7.5
  SINCE JUL 1     14.0                      32.4  -18.4      8.4
  SNOW DEPTH       0

DEGREE DAYS
 HEATING
  YESTERDAY       23                        37    -14       41
  MONTH TO DATE  680                       850   -170      898
  SINCE DEC 1   1687                      1862   -175     1545
  SINCE JUL 1   2403                      2957   -554     2410

 COOLING
  YESTERDAY        0                         0      0        0
  MONTH TO DATE    0                         0      0        0
  SINCE DEC 1      0                         0      0        0
  SINCE JAN 1      0                         0      0        0
..................................................................


WIND (MPH)
  HIGHEST WIND SPEED    16   HIGHEST WIND DIRECTION    NE (30)
  HIGHEST GUST SPEED    19   HIGHEST GUST DIRECTION    NE (30)
  AVERAGE WIND SPEED     9.5


SKY COVER
  POSSIBLE SUNSHINE  MM
  AVERAGE SKY COVER 1.0


WEATHER CONDITIONS
 THE FOLLOWING WEATHER WAS RECORDED YESTERDAY.
  LIGHT RAIN
  FOG


RELATIVE HUMIDITY (PERCENT)
 HIGHEST    92           700 AM
 LOWEST     82           200 PM
 AVERAGE    87

..........................................................


THE CLEVELAND OH CLIMATE NORMALS FOR TODAY
                         NORMAL    RECORD    YEAR
 MAXIMUM TEMPERATURE (F)   34        65      1909
 MINIMUM TEMPERATURE (F)   22       -19      1963


SUNRISE AND SUNSET
JANUARY 24 2017.......SUNRISE   746 AM EST   SUNSET   534 PM EST
JANUARY 25 2017.......SUNRISE   745 AM EST   SUNSET   535 PM EST


-  INDICATES NEGATIVE NUMBERS.
R  INDICATES RECORD WAS SET OR TIED.
MM INDICATES DATA IS MISSING.
T  INDICATES TRACE AMOUNT.




$$
