000
CDUS44 KHGX 272235
CLICLL


CLIMATE REPORT
NATIONAL WEATHER SERVICE HOUSTON/GALVESTON TX
432 PM CST FRI FEB 27 2015


...................................

...THE COLLEGE STATION CLIMATE SUMMARY FOR FEBRUARY 27 2015...
VALID TODAY AS OF 400 PM LOCAL TIME.

CLIMATE NORMAL PERIOD 1981 TO 2010
CLIMATE RECORD PERIOD 1902 TO 2015


WEATHER ITEM   OBSERVED TIME   RECORD YEAR NORMAL DEPARTURE LAST
                VALUE   (LST)  VALUE       VALUE  FROM      YEAR
                                                  NORMAL
..................................................................
TEMPERATURE (F)
 TODAY
  MAXIMUM         42    258 PM  87    1917  67    -25       53
  MINIMUM         35    859 AM  17    2002  47    -12       29
  AVERAGE         39                        57    -18       41

PRECIPITATION (IN)
  TODAY            0.00          3.81 1927   0.10  -0.10     0.00
  MONTH TO DATE    0.74                      2.75  -2.01     0.89
  SINCE DEC 1      9.97                      9.22   0.75     2.94
  SINCE JAN 1      7.40                      5.99   1.41     2.18

SNOWFALL (IN)
  TODAY            0.0
  MONTH TO DATE    T
  SINCE JUL 1      T

DEGREE DAYS
 HEATING
  TODAY           26                         9     17       24
  MONTH TO DATE  375                       300     75      367
  SINCE DEC 1   1224                      1153     71     1414
  SINCE JUL 1   1519                      1378    141     1716

 COOLING
  TODAY            0                         1     -1        0
  MONTH TO DATE    1                        24    -23       21
  SINCE DEC 1     11                        51    -40       35
  SINCE JAN 1      1                        35    -34       21
..................................................................


WIND (MPH)
  HIGHEST WIND SPEED    17   HIGHEST WIND DIRECTION    NE (40)
  HIGHEST GUST SPEED    24   HIGHEST GUST DIRECTION    NE (30)
  AVERAGE WIND SPEED    11.3


SKY COVER
  AVERAGE SKY COVER 1.0


WEATHER CONDITIONS
 THE FOLLOWING WEATHER WAS RECORDED TODAY.
  NO SIGNIFICANT WEATHER WAS OBSERVED.


RELATIVE HUMIDITY (PERCENT)
 HIGHEST    70           700 AM
 LOWEST     53           300 PM
 AVERAGE    62

..........................................................


THE COLLEGE STATION CLIMATE NORMALS FOR TOMORROW
                         NORMAL    RECORD    YEAR
 MAXIMUM TEMPERATURE (F)   68        88      1932
 MINIMUM TEMPERATURE (F)   47        28      1962


SUNRISE AND SUNSET
FEBRUARY 27 2015......SUNRISE   654 AM CST   SUNSET   623 PM CST
FEBRUARY 28 2015......SUNRISE   653 AM CST   SUNSET   623 PM CST


-  INDICATES NEGATIVE NUMBERS.
R  INDICATES RECORD WAS SET OR TIED.
MM INDICATES DATA IS MISSING.
T  INDICATES TRACE AMOUNT.


$$
