000
CDUS44 KHGX 292125
CLICLL


CLIMATE REPORT
NATIONAL WEATHER SERVICE HOUSTON/GALVESTON TX
422 PM CDT THU SEP 29 2016


...................................

...THE COLLEGE STATION CLIMATE SUMMARY FOR SEPTEMBER 29 2016...
VALID TODAY AS OF 400 PM LOCAL TIME.

CLIMATE NORMAL PERIOD 1981 TO 2010
CLIMATE RECORD PERIOD 1902 TO 2016


WEATHER ITEM   OBSERVED TIME   RECORD YEAR NORMAL DEPARTURE LAST
                VALUE   (LST)  VALUE       VALUE  FROM      YEAR
                                                  NORMAL
..................................................................
TEMPERATURE (F)
 TODAY
  MAXIMUM         83    253 PM 100    2011  87     -4       92
  MINIMUM         63    531 AM  46    1967  65     -2       69
  AVERAGE         73                        76     -3       81

PRECIPITATION (IN)
  TODAY            0.00          2.63 2012   0.10  -0.10     0.00
  MONTH TO DATE    2.00                      3.07  -1.07     1.74
  SINCE SEP 1      2.00                      3.07  -1.07     1.74
  SINCE JAN 1     39.14                     28.59  10.55    36.39

SNOWFALL (IN)
  TODAY            0.0
  MONTH TO DATE    0.0
  SINCE JUL 1      0.0

DEGREE DAYS
 HEATING
  TODAY            0                         0      0        0
  MONTH TO DATE    0                         0      0        0
  SINCE SEP 1      0                         0      0        0
  SINCE JUL 1      0                         0      0        0

 COOLING
  TODAY            8                        11     -3       16
  MONTH TO DATE  513                       439     74      486
  SINCE SEP 1    513                       439     74      486
  SINCE JAN 1   2887                      2785    102     2846
..................................................................


WIND (MPH)
  HIGHEST WIND SPEED    18   HIGHEST WIND DIRECTION     N (10)
  HIGHEST GUST SPEED    23   HIGHEST GUST DIRECTION    NE (50)
  AVERAGE WIND SPEED     8.2


SKY COVER
  AVERAGE SKY COVER 0.0


WEATHER CONDITIONS
 THE FOLLOWING WEATHER WAS RECORDED TODAY.
  NO SIGNIFICANT WEATHER WAS OBSERVED.


RELATIVE HUMIDITY (PERCENT)
 HIGHEST    87           200 AM
 LOWEST     37           200 PM
 AVERAGE    62

..........................................................


THE COLLEGE STATION CLIMATE NORMALS FOR TOMORROW
                         NORMAL    RECORD    YEAR
 MAXIMUM TEMPERATURE (F)   86        98      1938
 MINIMUM TEMPERATURE (F)   65        44      1916


SUNRISE AND SUNSET
SEPTEMBER 29 2016.....SUNRISE   718 AM CDT   SUNSET   713 PM CDT
SEPTEMBER 30 2016.....SUNRISE   719 AM CDT   SUNSET   711 PM CDT


-  INDICATES NEGATIVE NUMBERS.
R  INDICATES RECORD WAS SET OR TIED.
MM INDICATES DATA IS MISSING.
T  INDICATES TRACE AMOUNT.




$$
