000
CDUS44 KHGX 300720
CLICLL


CLIMATE REPORT
NATIONAL WEATHER SERVICE HOUSTON/GALVESTON TX
219 AM CDT TUE JUN 30 2015


...................................

...THE COLLEGE STATION CLIMATE SUMMARY FOR JUNE 29 2015...

CLIMATE NORMAL PERIOD 1981 TO 2010
CLIMATE RECORD PERIOD 1902 TO 2015


WEATHER ITEM   OBSERVED TIME   RECORD YEAR NORMAL DEPARTURE LAST
                VALUE   (LST)  VALUE       VALUE  FROM      YEAR
                                                  NORMAL
..................................................................
TEMPERATURE (F)
 YESTERDAY
  MAXIMUM         92    350 PM 106    2013  93     -1       94
  MINIMUM         76    632 AM  62    1985  74      2       78
  AVERAGE         84                        84      0       86

PRECIPITATION (IN)
  YESTERDAY        0.00          2.91 1953   0.12  -0.12     0.00
  MONTH TO DATE    4.97                      4.34   0.63     1.61
  SINCE JUN 1      4.97                      4.34   0.63     1.61
  SINCE JAN 1     32.74                     20.59  12.15    15.64

SNOWFALL (IN)
  YESTERDAY        0.0
  MONTH TO DATE    0.0
  SINCE JUL 1      T

DEGREE DAYS
 HEATING
  YESTERDAY        0                         0      0        0
  MONTH TO DATE    0                         0      0        0
  SINCE JUN 1      0                         0      0        0
  SINCE JUL 1   1768                      1608    160     2064

 COOLING
  YESTERDAY       19                        19      0       21
  MONTH TO DATE  488                       498    -10      506
  SINCE JUN 1    488                       498    -10      506
  SINCE JAN 1   1059                      1086    -27      993
..................................................................


WIND (MPH)
  HIGHEST WIND SPEED    18   HIGHEST WIND DIRECTION     S (170)
  HIGHEST GUST SPEED    22   HIGHEST GUST DIRECTION     S (180)
  AVERAGE WIND SPEED     7.7


SKY COVER
  AVERAGE SKY COVER 0.3


WEATHER CONDITIONS
 THE FOLLOWING WEATHER WAS RECORDED YESTERDAY.
  FOG


RELATIVE HUMIDITY (PERCENT)
 HIGHEST    94           100 AM
 LOWEST     52           300 PM
 AVERAGE    73

..........................................................


THE COLLEGE STATION CLIMATE NORMALS FOR TODAY
                         NORMAL    RECORD    YEAR
 MAXIMUM TEMPERATURE (F)   93       103      1917
 MINIMUM TEMPERATURE (F)   74        60      1985


SUNRISE AND SUNSET
JUNE 30 2015..........SUNRISE   626 AM CDT   SUNSET   832 PM CDT
JULY  1 2015..........SUNRISE   626 AM CDT   SUNSET   832 PM CDT


-  INDICATES NEGATIVE NUMBERS.
R  INDICATES RECORD WAS SET OR TIED.
MM INDICATES DATA IS MISSING.
T  INDICATES TRACE AMOUNT.




$$
