000
CDUS44 KHGX 010738
CLICLL


CLIMATE REPORT
NATIONAL WEATHER SERVICE HOUSTON/GALVESTON TX
237 AM CDT TUE SEP 1 2015


...................................

...THE COLLEGE STATION CLIMATE SUMMARY FOR AUGUST 31 2015...

CLIMATE NORMAL PERIOD 1981 TO 2010
CLIMATE RECORD PERIOD 1902 TO 2015


WEATHER ITEM   OBSERVED TIME   RECORD YEAR NORMAL DEPARTURE LAST
                VALUE   (LST)  VALUE       VALUE  FROM      YEAR
                                                  NORMAL
..................................................................
TEMPERATURE (F)
 YESTERDAY
  MAXIMUM         91   1224 PM 109    2000  95     -4       90
  MINIMUM         72    609 AM  60    1915  73     -1       73
  AVERAGE         82                        84     -2       82

PRECIPITATION (IN)
  YESTERDAY        0.00          1.48 2003   0.11  -0.11     0.06
  MONTH TO DATE    1.36                      2.68  -1.32     0.41
  SINCE JUN 1      6.88                      9.27  -2.39     8.74
  SINCE JAN 1     34.65                     25.52   9.13    22.77

SNOWFALL (IN)
  YESTERDAY        0.0
  MONTH TO DATE    0.0
  SINCE JUL 1      0.0

DEGREE DAYS
 HEATING
  YESTERDAY        0                         0      0        0
  MONTH TO DATE    0                         0      0        0
  SINCE JUN 1      0                         0      0        0
  SINCE JUL 1      0                         0      0        0

 COOLING
  YESTERDAY       17                        19     -2       17
  MONTH TO DATE  654                       631     23      620
  SINCE JUN 1   1789                      1758     31     1720
  SINCE JAN 1   2360                      2346     14     2207
..................................................................


WIND (MPH)
  HIGHEST WIND SPEED    20   HIGHEST WIND DIRECTION    SE (150)
  HIGHEST GUST SPEED    24   HIGHEST GUST DIRECTION    SE (150)
  AVERAGE WIND SPEED     7.3


SKY COVER
  AVERAGE SKY COVER 0.1


WEATHER CONDITIONS
 THE FOLLOWING WEATHER WAS RECORDED YESTERDAY.
  NO SIGNIFICANT WEATHER WAS OBSERVED.


RELATIVE HUMIDITY (PERCENT)
 HIGHEST    93           600 AM
 LOWEST     50          1200 PM
 AVERAGE    72

..........................................................


THE COLLEGE STATION CLIMATE NORMALS FOR TODAY
                         NORMAL    RECORD    YEAR
 MAXIMUM TEMPERATURE (F)   95       108      2000
 MINIMUM TEMPERATURE (F)   73        58      1915


SUNRISE AND SUNSET
SEPTEMBER  1 2015.....SUNRISE   702 AM CDT   SUNSET   749 PM CDT
SEPTEMBER  2 2015.....SUNRISE   702 AM CDT   SUNSET   747 PM CDT


-  INDICATES NEGATIVE NUMBERS.
R  INDICATES RECORD WAS SET OR TIED.
MM INDICATES DATA IS MISSING.
T  INDICATES TRACE AMOUNT.




$$
