000
CDUS42 KGSP 160628
CLICLT

CLIMATE REPORT
NATIONAL WEATHER SERVICE GREENVILLE-SPARTANBURG SC
127 AM EST SAT DEC 16 2017


...................................

...THE CHARLOTTE NC CLIMATE SUMMARY FOR DECEMBER 15 2017...

CLIMATE NORMAL PERIOD 1981 TO 2010
CLIMATE RECORD PERIOD 1878 TO 2017


WEATHER ITEM   OBSERVED TIME   RECORD YEAR NORMAL DEPARTURE LAST
                VALUE   (LST)  VALUE       VALUE  FROM      YEAR
                                                  NORMAL
..................................................................
TEMPERATURE (F)
 YESTERDAY
  MAXIMUM         48    146 PM  76    2015  53     -5       47
  MINIMUM         30   1157 PM  10    2010  32     -2       27
  AVERAGE         39                        42     -3       37

PRECIPITATION (IN)
  YESTERDAY        0.00          2.46 1972   0.10  -0.10     0.00
  MONTH TO DATE    1.21                      1.59  -0.38     1.64
  SINCE DEC 1      1.21                      1.59  -0.38     1.64
  SINCE JAN 1     43.78                     39.97   3.81    32.28

SNOWFALL (IN)
  YESTERDAY        0.0           2.2  1945   0.0    0.0      0.0
  MONTH TO DATE    0.1                       0.0    0.1      0.0
  SINCE DEC 1      0.1                       0.0    0.1      0.0
  SINCE JUL 1      0.1                       0.1    0.0      0.0
  SNOW DEPTH       0

DEGREE DAYS
 HEATING
  YESTERDAY       26                        23      3       28
  MONTH TO DATE  286                       316    -30      330
  SINCE DEC 1    286                       316    -30      330
  SINCE JUL 1    812                       952   -140      748

 COOLING
  YESTERDAY        0                         0      0        0
  MONTH TO DATE    0                         0      0        0
  SINCE DEC 1      0                         0      0        0
  SINCE JAN 1   1905                      1517    388     2193
..................................................................


WIND (MPH)
  HIGHEST WIND SPEED    14   HIGHEST WIND DIRECTION     E (70)
  HIGHEST GUST SPEED    18   HIGHEST GUST DIRECTION     E (70)
  AVERAGE WIND SPEED     5.5


SKY COVER
  POSSIBLE SUNSHINE  MM
  AVERAGE SKY COVER 0.7


WEATHER CONDITIONS
 THE FOLLOWING WEATHER WAS RECORDED YESTERDAY.
  NO SIGNIFICANT WEATHER WAS OBSERVED.


RELATIVE HUMIDITY (PERCENT)
 HIGHEST    69           700 AM
 LOWEST     49          1200 AM
 AVERAGE    59

..........................................................


THE CHARLOTTE NC CLIMATE NORMALS FOR TODAY
                         NORMAL    RECORD    YEAR
 MAXIMUM TEMPERATURE (F)   53        75      1971
 MINIMUM TEMPERATURE (F)   32        12      1958


SUNRISE AND SUNSET
DECEMBER 16 2017......SUNRISE   726 AM EST   SUNSET   513 PM EST
DECEMBER 17 2017......SUNRISE   726 AM EST   SUNSET   514 PM EST


-  INDICATES NEGATIVE NUMBERS.
R  INDICATES RECORD WAS SET OR TIED.
MM INDICATES DATA IS MISSING.
T  INDICATES TRACE AMOUNT.




$$
