000
CDUS42 KGSP 282138 RRA
CLICLT

CLIMATE REPORT
NATIONAL WEATHER SERVICE GREENVILLE-SPARTANBURG SC
438 PM EST FRI NOV 28 2014


...................................

...THE CHARLOTTE NC CLIMATE SUMMARY FOR NOVEMBER 28 2014...
VALID TODAY AS OF 0435 PM LOCAL TIME.

CLIMATE NORMAL PERIOD 1981 TO 2010
CLIMATE RECORD PERIOD 1878 TO 2014


WEATHER ITEM   OBSERVED TIME   RECORD YEAR NORMAL DEPARTURE LAST
                VALUE   (LST)  VALUE       VALUE  FROM      YEAR
                                                  NORMAL
..................................................................
TEMPERATURE (F)
 TODAY
  MAXIMUM         47    331 PM  77    1990  58    -11       47
  MINIMUM         25    635 AM  19    2013  36    -11       19
  AVERAGE         36                        47    -11       33

PRECIPITATION (IN)
  TODAY            0.00          2.93 1948   0.11  -0.11     0.00
  MONTH TO DATE    3.79                      2.91   0.88     3.63
  SINCE SEP 1      9.13                      9.55  -0.42     7.17
  SINCE JAN 1     42.89                     38.15   4.74    42.49

SNOWFALL (IN)
  TODAY            0.0           1.3  1912   0.0    0.0      0.0
  MONTH TO DATE    0.0                       0.1   -0.1       T
  SINCE SEP 1      T                         0.1   -0.1       T
  SINCE JUL 1      T                         0.1   -0.1       T
  SNOW DEPTH       0

DEGREE DAYS
 HEATING
  TODAY           29                        18     11       32
  MONTH TO DATE  494                       393    101      463
  SINCE SEP 1    626                       599     27      595
  SINCE JUL 1    626                       599     27      596

 COOLING
  TODAY            0                         0      0        0
  MONTH TO DATE    2                         0      2        1
  SINCE SEP 1    300                       236     64      289
  SINCE JAN 1   1655                      1513    142     1577
..................................................................


WIND (MPH)
  HIGHEST WIND SPEED    13   HIGHEST WIND DIRECTION     N (20)
  HIGHEST GUST SPEED    17   HIGHEST GUST DIRECTION    NW (330)
  AVERAGE WIND SPEED     5.4


SKY COVER
  POSSIBLE SUNSHINE  MM
  AVERAGE SKY COVER 0.1


WEATHER CONDITIONS
 THE FOLLOWING WEATHER WAS RECORDED TODAY.
  NO SIGNIFICANT WEATHER WAS OBSERVED.


RELATIVE HUMIDITY (PERCENT)
 HIGHEST    69           400 AM
 LOWEST     28           300 PM
 AVERAGE    49

..........................................................


THE CHARLOTTE NC CLIMATE NORMALS FOR TOMORROW
                         NORMAL    RECORD    YEAR
 MAXIMUM TEMPERATURE (F)   58        76      2001
 MINIMUM TEMPERATURE (F)   35        20      2002
                                             1955


SUNRISE AND SUNSET
NOVEMBER 28 2014......SUNRISE   711 AM EST   SUNSET   512 PM EST
NOVEMBER 29 2014......SUNRISE   712 AM EST   SUNSET   512 PM EST


-  INDICATES NEGATIVE NUMBERS.
R  INDICATES RECORD WAS SET OR TIED.
MM INDICATES DATA IS MISSING.
T  INDICATES TRACE AMOUNT.

$$

OUTLAW
