000
CDUS42 KGSP 110637
CLICLT

CLIMATE REPORT
NATIONAL WEATHER SERVICE GREENVILLE-SPARTANBURG SC
133 AM EST SUN DEC 11 2016


...................................

...THE CHARLOTTE NC CLIMATE SUMMARY FOR DECEMBER 10 2016...

CLIMATE NORMAL PERIOD 1981 TO 2010
CLIMATE RECORD PERIOD 1878 TO 2016


WEATHER ITEM   OBSERVED TIME   RECORD YEAR NORMAL DEPARTURE LAST
                VALUE   (LST)  VALUE       VALUE  FROM      YEAR
                                                  NORMAL
..................................................................
TEMPERATURE (F)
 YESTERDAY
  MAXIMUM         45    402 PM  80    2007  54     -9       68
  MINIMUM         18    718 AM  13    1917  33    -15       42
  AVERAGE         32                        43    -11       55

PRECIPITATION (IN)
  YESTERDAY        0.00          1.91 1969   0.10  -0.10     0.00
  MONTH TO DATE    1.59                      1.07   0.52     0.14
  SINCE DEC 1      1.59                      1.07   0.52     0.14
  SINCE JAN 1     32.23                     39.45  -7.22    40.92

SNOWFALL (IN)
  YESTERDAY        0.0           T    1973   0.0    0.0      0.0
  MONTH TO DATE    0.0                       0.0    0.0      0.0
  SINCE DEC 1      0.0                       0.0    0.0      0.0
  SINCE JUL 1      0.0                       0.1   -0.1      0.0
  SNOW DEPTH       0

DEGREE DAYS
 HEATING
  YESTERDAY       33                        22     11       10
  MONTH TO DATE  209                       204      5      163
  SINCE DEC 1    209                       204      5      163
  SINCE JUL 1    627                       840   -213      629

 COOLING
  YESTERDAY        0                         0      0        0
  MONTH TO DATE    0                         0      0        0
  SINCE DEC 1      0                         0      0        0
  SINCE JAN 1   2193                      1517    676     2016
..................................................................


WIND (MPH)
  HIGHEST WIND SPEED     8   HIGHEST WIND DIRECTION    NW (300)
  HIGHEST GUST SPEED    11   HIGHEST GUST DIRECTION     E (90)
  AVERAGE WIND SPEED     3.1


SKY COVER
  POSSIBLE SUNSHINE  MM
  AVERAGE SKY COVER 0.1


WEATHER CONDITIONS
 THE FOLLOWING WEATHER WAS RECORDED YESTERDAY.
  NO SIGNIFICANT WEATHER WAS OBSERVED.


RELATIVE HUMIDITY (PERCENT)
 HIGHEST    60           500 AM
 LOWEST     27           400 PM
 AVERAGE    44

..........................................................


THE CHARLOTTE NC CLIMATE NORMALS FOR TODAY
                         NORMAL    RECORD    YEAR
 MAXIMUM TEMPERATURE (F)   54        79      2007
 MINIMUM TEMPERATURE (F)   33        13      1957


SUNRISE AND SUNSET
DECEMBER 11 2016......SUNRISE   722 AM EST   SUNSET   512 PM EST
DECEMBER 12 2016......SUNRISE   723 AM EST   SUNSET   512 PM EST


-  INDICATES NEGATIVE NUMBERS.
R  INDICATES RECORD WAS SET OR TIED.
MM INDICATES DATA IS MISSING.
T  INDICATES TRACE AMOUNT.




$$

LEV
