000
CDUS42 KGSP 300632
CLICLT

CLIMATE REPORT
NATIONAL WEATHER SERVICE GREENVILLE-SPARTANBURG SC
231 AM EDT THU MAR 30 2017


...................................

...THE CHARLOTTE NC CLIMATE SUMMARY FOR MARCH 29 2017...

CLIMATE NORMAL PERIOD 1981 TO 2010
CLIMATE RECORD PERIOD 1878 TO 2017


WEATHER ITEM   OBSERVED TIME   RECORD YEAR NORMAL DEPARTURE LAST
                VALUE   (LST)  VALUE       VALUE  FROM      YEAR
                                                  NORMAL
..................................................................
TEMPERATURE (F)
 YESTERDAY
  MAXIMUM         79    519 PM  89    1907  67     12       68
  MINIMUM         50    545 AM  26    2013  42      8       42
  AVERAGE         65                        55     10       55

PRECIPITATION (IN)
  YESTERDAY        0.00          2.20 1991   0.12  -0.12     0.00
  MONTH TO DATE    2.52                      3.76  -1.24     0.83
  SINCE MAR 1      2.52                      3.76  -1.24     0.83
  SINCE JAN 1      9.43                     10.49  -1.06     7.61

SNOWFALL (IN)
  YESTERDAY        0.0           T    1894   0.0    0.0      0.0
  MONTH TO DATE    1.1                       0.6    0.5      0.0
  SINCE MAR 1      1.1                       0.6    0.5      0.0
  SINCE JUL 1      2.2                       4.3   -2.1      3.3
  SNOW DEPTH       0

DEGREE DAYS
 HEATING
  YESTERDAY        0                        11    -11       10
  MONTH TO DATE  383                       414    -31      219
  SINCE MAR 1    383                       414    -31      219
  SINCE JUL 1   2281                      3113   -832     2361

 COOLING
  YESTERDAY        0                         0      0        0
  MONTH TO DATE   15                         0     15       34
  SINCE MAR 1     15                         0     15       34
  SINCE JAN 1     20                         0     20       34
..................................................................


WIND (MPH)
  HIGHEST WIND SPEED    16   HIGHEST WIND DIRECTION    SE (120)
  HIGHEST GUST SPEED    28   HIGHEST GUST DIRECTION    NE (50)
  AVERAGE WIND SPEED     6.7


SKY COVER
  POSSIBLE SUNSHINE  MM
  AVERAGE SKY COVER 0.3


WEATHER CONDITIONS
 THE FOLLOWING WEATHER WAS RECORDED YESTERDAY.
  NO SIGNIFICANT WEATHER WAS OBSERVED.


RELATIVE HUMIDITY (PERCENT)
 HIGHEST    83           600 AM
 LOWEST     32           500 PM
 AVERAGE    58

..........................................................


THE CHARLOTTE NC CLIMATE NORMALS FOR TODAY
                         NORMAL    RECORD    YEAR
 MAXIMUM TEMPERATURE (F)   67        86      1998
                                             1907
 MINIMUM TEMPERATURE (F)   43        24      1964


SUNRISE AND SUNSET
MARCH 30 2017.........SUNRISE   713 AM EDT   SUNSET   744 PM EDT
MARCH 31 2017.........SUNRISE   712 AM EDT   SUNSET   745 PM EDT


-  INDICATES NEGATIVE NUMBERS.
R  INDICATES RECORD WAS SET OR TIED.
MM INDICATES DATA IS MISSING.
T  INDICATES TRACE AMOUNT.




$$
