000
CDUS42 KGSP 260635 RRA
CLICLT

CLIMATE REPORT
NATIONAL WEATHER SERVICE GREENVILLE-SPARTANBURG SC
134 AM EST MON JAN 26 2015


...................................

...THE CHARLOTTE NC CLIMATE SUMMARY FOR JANUARY 25 2015...

CLIMATE NORMAL PERIOD 1981 TO 2010
CLIMATE RECORD PERIOD 1878 TO 2015


WEATHER ITEM   OBSERVED TIME   RECORD YEAR NORMAL DEPARTURE LAST
                VALUE   (LST)  VALUE       VALUE  FROM      YEAR
                                                  NORMAL
..................................................................
TEMPERATURE (F)
 YESTERDAY
  MAXIMUM         57    409 PM  76    1950  51      6       41
  MINIMUM         28    728 AM  11    1963  30     -2       16
  AVERAGE         43                        40      3       29

PRECIPITATION (IN)
  YESTERDAY        0.00          2.27 1978   0.11  -0.11     0.00
  MONTH TO DATE    2.79                      2.78   0.01     2.80
  SINCE DEC 1      5.36                      6.03  -0.67     9.93
  SINCE JAN 1      2.79                      2.78   0.01     2.80

SNOWFALL (IN)
  YESTERDAY        0.0           1.6  1926   0.1   -0.1      0.0
  MONTH TO DATE    0.0                       1.7   -1.7      0.0
  SINCE DEC 1      0.0                       2.0   -2.0      0.0
  SINCE JUL 1      T                         2.1   -2.1       T
  SNOW DEPTH       0

DEGREE DAYS
 HEATING
  YESTERDAY       22                        24     -2       36
  MONTH TO DATE  600                       624    -24      714
  SINCE DEC 1   1190                      1325   -135     1291
  SINCE JUL 1   1848                      1961   -113     1941

 COOLING
  YESTERDAY        0                         0      0        0
  MONTH TO DATE    0                         0      0        0
  SINCE DEC 1      0                         1     -1        8
  SINCE JAN 1      0                         0      0        0
..................................................................


WIND (MPH)
  HIGHEST WIND SPEED    16   HIGHEST WIND DIRECTION     S (170)
  HIGHEST GUST SPEED    21   HIGHEST GUST DIRECTION     S (170)
  AVERAGE WIND SPEED     6.3


SKY COVER
  POSSIBLE SUNSHINE  MM
  AVERAGE SKY COVER 0.2


WEATHER CONDITIONS
 THE FOLLOWING WEATHER WAS RECORDED YESTERDAY.
  NO SIGNIFICANT WEATHER WAS OBSERVED.


RELATIVE HUMIDITY (PERCENT)
 HIGHEST    78           600 AM
 LOWEST     33           300 PM
 AVERAGE    56

..........................................................


THE CHARLOTTE NC CLIMATE NORMALS FOR TODAY
                         NORMAL    RECORD    YEAR
 MAXIMUM TEMPERATURE (F)   51        75      1950
 MINIMUM TEMPERATURE (F)   30         8      1940


SUNRISE AND SUNSET
JANUARY 26 2015.......SUNRISE   727 AM EST   SUNSET   546 PM EST
JANUARY 27 2015.......SUNRISE   727 AM EST   SUNSET   547 PM EST


-  INDICATES NEGATIVE NUMBERS.
R  INDICATES RECORD WAS SET OR TIED.
MM INDICATES DATA IS MISSING.
T  INDICATES TRACE AMOUNT.

$$
07
