000
CDUS42 KGSP 050629
CLICLT

CLIMATE REPORT
NATIONAL WEATHER SERVICE GREENVILLE-SPARTANBURG SC
227 AM EDT THU MAY 5 2016


...................................

...THE CHARLOTTE NC CLIMATE SUMMARY FOR MAY 4 2016...

CLIMATE NORMAL PERIOD 1981 TO 2010
CLIMATE RECORD PERIOD 1878 TO 2016


WEATHER ITEM   OBSERVED TIME   RECORD YEAR NORMAL DEPARTURE LAST
                VALUE   (LST)  VALUE       VALUE  FROM      YEAR
                                                  NORMAL
..................................................................
TEMPERATURE (F)
 YESTERDAY
  MAXIMUM         74   1204 AM  92    1959  76     -2       83
                                      1938
                                      1928
  MINIMUM         55   1029 PM  34    1971  52      3       55
  AVERAGE         65                        64      1       69

PRECIPITATION (IN)
  YESTERDAY        0.00          1.62 1890   0.10  -0.10     0.00
  MONTH TO DATE    1.89                      0.39   1.50     0.00
  SINCE MAR 1      4.77                      7.44  -2.67     8.33
  SINCE JAN 1     11.55                     14.17  -2.62    14.15

SNOWFALL (IN)
  YESTERDAY        0.0           0.0    MM   0.0    0.0      0.0
  MONTH TO DATE    0.0                       0.0    0.0      0.0
  SINCE MAR 1      0.0                       0.6   -0.6      0.0
  SINCE JUL 1      3.3                       4.3   -1.0      3.1
  SNOW DEPTH       0

DEGREE DAYS
 HEATING
  YESTERDAY        0                         3     -3        0
  MONTH TO DATE    0                        13    -13       14
  SINCE MAR 1    383                       646   -263      482
  SINCE JUL 1   2525                      3345   -820     3253

 COOLING
  YESTERDAY        0                         2     -2        4
  MONTH TO DATE   23                         8     15        4
  SINCE MAR 1    121                        45     76       67
  SINCE JAN 1    121                        45     76       67
..................................................................


WIND (MPH)
  HIGHEST WIND SPEED    13   HIGHEST WIND DIRECTION     W (250)
  HIGHEST GUST SPEED    16   HIGHEST GUST DIRECTION     W (270)
  AVERAGE WIND SPEED     3.0


SKY COVER
  POSSIBLE SUNSHINE  MM
  AVERAGE SKY COVER 0.6


WEATHER CONDITIONS
 THE FOLLOWING WEATHER WAS RECORDED YESTERDAY.
  NO SIGNIFICANT WEATHER WAS OBSERVED.


RELATIVE HUMIDITY (PERCENT)
 HIGHEST    86           600 AM
 LOWEST     33           500 PM
 AVERAGE    60

..........................................................


THE CHARLOTTE NC CLIMATE NORMALS FOR TODAY
                         NORMAL    RECORD    YEAR
 MAXIMUM TEMPERATURE (F)   76        91      1955
                                             1913
 MINIMUM TEMPERATURE (F)   52        36      2011


SUNRISE AND SUNSET
MAY  5 2016...........SUNRISE   628 AM EDT   SUNSET   813 PM EDT
MAY  6 2016...........SUNRISE   627 AM EDT   SUNSET   814 PM EDT


-  INDICATES NEGATIVE NUMBERS.
R  INDICATES RECORD WAS SET OR TIED.
MM INDICATES DATA IS MISSING.
T  INDICATES TRACE AMOUNT.




$$
