000
CDUS42 KGSP 070712
CLICLT

CLIMATE REPORT
NATIONAL WEATHER SERVICE GREENVILLE-SPARTANBURG SC
310 AM EDT TUE JUL 7 2015

...................................

...THE CHARLOTTE NC CLIMATE SUMMARY FOR JULY 6 2015...

CLIMATE NORMAL PERIOD 1981 TO 2010
CLIMATE RECORD PERIOD 1878 TO 2015


WEATHER ITEM   OBSERVED TIME   RECORD YEAR NORMAL DEPARTURE LAST
                VALUE   (LST)  VALUE       VALUE  FROM      YEAR
                                                  NORMAL
..................................................................
TEMPERATURE (F)
 YESTERDAY
  MAXIMUM         91    401 PM  99    1930  89      2       87
                                      1881
  MINIMUM         69    554 AM  57    1964  68      1       61
  AVERAGE         80                        78      2       74

PRECIPITATION (IN)
  YESTERDAY        0.00          1.95 1941   0.10  -0.10     0.00
  MONTH TO DATE    0.07                      0.61  -0.54     0.14
  SINCE JUN 1      2.97                      4.35  -1.38     2.99
  SINCE JAN 1     17.44                     21.31  -3.87    25.78

SNOWFALL (IN)
  YESTERDAY        0.0           0.0    MM   0.0    0.0      0.0
  MONTH TO DATE    0.0                       0.0    0.0      0.0
  SINCE JUN 1      0.0                       0.0    0.0      0.0
  SINCE JUL 1      0.0                       0.0    0.0      0.0
  SNOW DEPTH       0

DEGREE DAYS
 HEATING
  YESTERDAY        0                         0      0        0
  MONTH TO DATE    0                         0      0        0
  SINCE JUN 1      0                         3     -3        0
  SINCE JUL 1      0                         0      0        0

 COOLING
  YESTERDAY       15                        13      2        9
  MONTH TO DATE   87                        78      9       79
  SINCE JUN 1    546                       389    157      452
  SINCE JAN 1    839                       552    287      680
..................................................................


WIND (MPH)
  HIGHEST WIND SPEED    13   HIGHEST WIND DIRECTION    SW (240)
  HIGHEST GUST SPEED    17   HIGHEST GUST DIRECTION    SW (230)
  AVERAGE WIND SPEED     6.4


SKY COVER
  POSSIBLE SUNSHINE  MM
  AVERAGE SKY COVER 0.4


WEATHER CONDITIONS
 THE FOLLOWING WEATHER WAS RECORDED YESTERDAY.
  FOG


RELATIVE HUMIDITY (PERCENT)
 HIGHEST    90          1200 AM
 LOWEST     38           200 PM
 AVERAGE    64

..........................................................


THE CHARLOTTE NC CLIMATE NORMALS FOR TODAY
                         NORMAL    RECORD    YEAR
 MAXIMUM TEMPERATURE (F)   89       100      1993
                                             1954
                                             1930
 MINIMUM TEMPERATURE (F)   68        55      1972


SUNRISE AND SUNSET
JULY  7 2015..........SUNRISE   616 AM EDT   SUNSET   841 PM EDT
JULY  8 2015..........SUNRISE   616 AM EDT   SUNSET   841 PM EDT


-  INDICATES NEGATIVE NUMBERS.
R  INDICATES RECORD WAS SET OR TIED.
MM INDICATES DATA IS MISSING.
T  INDICATES TRACE AMOUNT.

$$
