000
CDUS42 KGSP 170632
CLICLT

CLIMATE REPORT
NATIONAL WEATHER SERVICE GREENVILLE-SPARTANBURG SC
230 AM EDT THU APR 17 2014


...................................

...THE CHARLOTTE NC CLIMATE SUMMARY FOR APRIL 16 2014...

CLIMATE NORMAL PERIOD 1981 TO 2010
CLIMATE RECORD PERIOD 1878 TO 2014


WEATHER ITEM   OBSERVED TIME   RECORD YEAR NORMAL DEPARTURE LAST
                VALUE   (LST)  VALUE       VALUE  FROM      YEAR
                                                  NORMAL
..................................................................
TEMPERATURE (F)
 YESTERDAY
  MAXIMUM         57    459 PM  89    2006  72    -15       79
                                      1896
  MINIMUM         32    621 AM  29    2008  47    -15       58
                                      1962
  AVERAGE         45                        60    -15       69

PRECIPITATION (IN)
  YESTERDAY        0.00          1.60 1883   0.10  -0.10      T
  MONTH TO DATE    3.61                      1.63   1.98     1.55
  SINCE MAR 1      8.09                      5.64   2.45     4.99
  SINCE JAN 1     15.01                     12.37   2.64    12.74

SNOWFALL (IN)
  YESTERDAY        0.0           0.0    MM   0.0    0.0      0.0
  MONTH TO DATE    0.0                       0.0    0.0      0.0
  SINCE MAR 1      T                         0.6   -0.6       T
  SINCE JUL 1      9.3                       4.3    5.0      2.7
  SNOW DEPTH       0

DEGREE DAYS
 HEATING
  YESTERDAY       20                         6     14        0
  MONTH TO DATE   84                       130    -46       89
  SINCE MAR 1    625                       563     62      670
  SINCE JUL 1   3301                      3262     39     3075

 COOLING
  YESTERDAY        0                         1     -1        4
  MONTH TO DATE   22                        15      7       25
  SINCE MAR 1     22                        20      2       28
  SINCE JAN 1     23                        20      3       28
..................................................................


WIND (MPH)
  HIGHEST WIND SPEED    20   HIGHEST WIND DIRECTION     N (20)
  HIGHEST GUST SPEED    26   HIGHEST GUST DIRECTION     E (70)
  AVERAGE WIND SPEED     8.9


SKY COVER
  POSSIBLE SUNSHINE  MM
  AVERAGE SKY COVER 0.0


WEATHER CONDITIONS
 THE FOLLOWING WEATHER WAS RECORDED YESTERDAY.
  NO SIGNIFICANT WEATHER WAS OBSERVED.


RELATIVE HUMIDITY (PERCENT)
 HIGHEST    69           100 AM
 LOWEST     30           300 PM
 AVERAGE    50

..........................................................


THE CHARLOTTE NC CLIMATE NORMALS FOR TODAY
                         NORMAL    RECORD    YEAR
 MAXIMUM TEMPERATURE (F)   72        94      1896
 MINIMUM TEMPERATURE (F)   47        30      1949


SUNRISE AND SUNSET
APRIL 17 2014.........SUNRISE   649 AM EDT   SUNSET   758 PM EDT
APRIL 18 2014.........SUNRISE   648 AM EDT   SUNSET   759 PM EDT


-  INDICATES NEGATIVE NUMBERS.
R  INDICATES RECORD WAS SET OR TIED.
MM INDICATES DATA IS MISSING.
T  INDICATES TRACE AMOUNT.




$$
