000
CDUS42 KGSP 212034
CLICLT

CLIMATE REPORT
NATIONAL WEATHER SERVICE GREENVILLE-SPARTANBURG SC
434 PM EDT THU AUG 21 2014


...................................

...THE CHARLOTTE NC CLIMATE SUMMARY FOR AUGUST 21 2014...
VALID TODAY AS OF 0430 PM LOCAL TIME.

CLIMATE NORMAL PERIOD 1981 TO 2010
CLIMATE RECORD PERIOD 1878 TO 2014


WEATHER ITEM   OBSERVED TIME   RECORD YEAR NORMAL DEPARTURE LAST
                VALUE   (LST)  VALUE       VALUE  FROM      YEAR
                                                  NORMAL
..................................................................
TEMPERATURE (F)
 TODAY
  MAXIMUM         93    318 PM 103    1983  87      6       85
  MINIMUM         67    517 AM  56    1998  67      0       69
                                      1886
  AVERAGE         80                        77      3       77

PRECIPITATION (IN)
  TODAY            0.00          2.22 1898   0.13  -0.13      T
  MONTH TO DATE    3.46                      2.89   0.57     1.60
  SINCE JUN 1     10.69                     10.31   0.38    16.37
  SINCE JAN 1     33.48                     27.27   6.21    35.12

SNOWFALL (IN)
  TODAY            0.0           0.0    MM   0.0    0.0      0.0
  MONTH TO DATE    0.0                       0.0    0.0      0.0
  SINCE JUN 1      0.0                       0.0    0.0      0.0
  SINCE JUL 1      0.0                       0.0    0.0      0.0
  SNOW DEPTH       0

DEGREE DAYS
 HEATING
  TODAY            0                         0      0        0
  MONTH TO DATE    0                         0      0        1
  SINCE JUN 1      0                         3     -3        1
  SINCE JUL 1      0                         0      0        1

 COOLING
  TODAY           15                        12      3       12
  MONTH TO DATE  236                       269    -33      239
  SINCE JUN 1   1004                      1000      4     1002
  SINCE JAN 1   1232                      1163     69     1171
..................................................................


WIND (MPH)
  HIGHEST WIND SPEED    12   HIGHEST WIND DIRECTION    NW (330)
  HIGHEST GUST SPEED    15   HIGHEST GUST DIRECTION    NW (320)
  AVERAGE WIND SPEED     4.6


SKY COVER
  POSSIBLE SUNSHINE  MM
  AVERAGE SKY COVER 0.5


WEATHER CONDITIONS
 THE FOLLOWING WEATHER WAS RECORDED TODAY.
  NO SIGNIFICANT WEATHER WAS OBSERVED.


RELATIVE HUMIDITY (PERCENT)
 HIGHEST    90           400 AM
 LOWEST     34           300 PM
 AVERAGE    62

..........................................................


THE CHARLOTTE NC CLIMATE NORMALS FOR TOMORROW
                         NORMAL    RECORD    YEAR
 MAXIMUM TEMPERATURE (F)   87       101      2007
                                             1983
 MINIMUM TEMPERATURE (F)   67        57      1886


SUNRISE AND SUNSET
AUGUST 21 2014........SUNRISE   648 AM EDT   SUNSET   805 PM EDT
AUGUST 22 2014........SUNRISE   649 AM EDT   SUNSET   804 PM EDT


-  INDICATES NEGATIVE NUMBERS.
R  INDICATES RECORD WAS SET OR TIED.
MM INDICATES DATA IS MISSING.
T  INDICATES TRACE AMOUNT.

$$

OUTLAW
