000
CDUS42 KGSP 242040 RRA
CLICLT

CLIMATE REPORT
NATIONAL WEATHER SERVICE GREENVILLE-SPARTANBURG SC
440 PM EDT SUN MAY 24 2015


...................................

...THE CHARLOTTE NC CLIMATE SUMMARY FOR MAY 24 2015...
VALID TODAY AS OF 0440 PM LOCAL TIME.

CLIMATE NORMAL PERIOD 1981 TO 2010
CLIMATE RECORD PERIOD 1878 TO 2015


WEATHER ITEM   OBSERVED TIME   RECORD YEAR NORMAL DEPARTURE LAST
                VALUE   (LST)  VALUE       VALUE  FROM      YEAR
                                                  NORMAL
..................................................................
TEMPERATURE (F)
 TODAY
  MAXIMUM         82    331 PM  95    1939  81      1       81
                                      1903
  MINIMUM         54    540 AM  43    1931  58     -4       62
  AVERAGE         68                        70     -2       72

PRECIPITATION (IN)
  TODAY            0.00          1.03 2009   0.11  -0.11     0.00
  MONTH TO DATE    T                         2.38  -2.38     2.70
  SINCE MAR 1      8.33                      9.43  -1.10    14.52
  SINCE JAN 1     14.15                     16.16  -2.01    21.44

SNOWFALL (IN)
  TODAY            0.0           0.0    MM   0.0    0.0      0.0
  MONTH TO DATE    0.0                       0.0    0.0       T
  SINCE MAR 1      0.0                       0.6   -0.6       T
  SINCE JUL 1      3.1                       4.3   -1.2      9.3
  SNOW DEPTH       0

DEGREE DAYS
 HEATING
  TODAY            0                         1     -1        0
  MONTH TO DATE   15                        48    -33       35
  SINCE MAR 1    483                       681   -198      721
  SINCE JUL 1   3254                      3380   -126     3397

 COOLING
  TODAY            3                         5     -2        7
  MONTH TO DATE  149                        81     68      124
  SINCE MAR 1    212                       118     94      162
  SINCE JAN 1    212                       118     94      163
..................................................................


WIND (MPH)
  HIGHEST WIND SPEED    15   HIGHEST WIND DIRECTION    SE (130)
  HIGHEST GUST SPEED    18   HIGHEST GUST DIRECTION     S (190)
  AVERAGE WIND SPEED     5.0


SKY COVER
  POSSIBLE SUNSHINE  MM
  AVERAGE SKY COVER 0.4


WEATHER CONDITIONS
 THE FOLLOWING WEATHER WAS RECORDED TODAY.
  NO SIGNIFICANT WEATHER WAS OBSERVED.


RELATIVE HUMIDITY (PERCENT)
 HIGHEST    80           600 AM
 LOWEST     33           200 PM
 AVERAGE    57

..........................................................


THE CHARLOTTE NC CLIMATE NORMALS FOR TOMORROW
                         NORMAL    RECORD    YEAR
 MAXIMUM TEMPERATURE (F)   81        95      1953
                                             1926
 MINIMUM TEMPERATURE (F)   59        41      2013


SUNRISE AND SUNSET
MAY 24 2015...........SUNRISE   614 AM EDT   SUNSET   828 PM EDT
MAY 25 2015...........SUNRISE   614 AM EDT   SUNSET   828 PM EDT


-  INDICATES NEGATIVE NUMBERS.
R  INDICATES RECORD WAS SET OR TIED.
MM INDICATES DATA IS MISSING.
T  INDICATES TRACE AMOUNT.

$$

OUTLAW
