000
CDUS42 KGSP 240647
CLICLT

CLIMATE REPORT
NATIONAL WEATHER SERVICE GREENVILLE-SPARTANBURG SC
147 AM EST TUE JAN 24 2017


...................................

...THE CHARLOTTE NC CLIMATE SUMMARY FOR JANUARY 23 2017...

CLIMATE NORMAL PERIOD 1981 TO 2010
CLIMATE RECORD PERIOD 1878 TO 2017


WEATHER ITEM   OBSERVED TIME   RECORD YEAR NORMAL DEPARTURE LAST
                VALUE   (LST)  VALUE       VALUE  FROM      YEAR
                                                  NORMAL
..................................................................
TEMPERATURE (F)
 YESTERDAY
  MAXIMUM         56    144 AM  75    1927  51      5       38
  MINIMUM         46    751 AM   9    2003  30     16       25
  AVERAGE         51                        40     11       32

PRECIPITATION (IN)
  YESTERDAY        1.18          1.48 1940   0.11   1.07     0.01
  MONTH TO DATE    5.71                      2.57   3.14     2.23
  SINCE DEC 1      8.62                      5.82   2.80    10.93
  SINCE JAN 1      5.71                      2.57   3.14     2.23

SNOWFALL (IN)
  YESTERDAY        0.0           8.5  2003   0.1   -0.1      0.3
  MONTH TO DATE    1.1                       1.6   -0.5      3.3
  SINCE DEC 1      1.1                       1.9   -0.8      3.3
  SINCE JUL 1      1.1                       2.0   -0.9      3.3
  SNOW DEPTH       0

DEGREE DAYS
 HEATING
  YESTERDAY       14                        25    -11       33
  MONTH TO DATE  390                       575   -185      611
  SINCE DEC 1   1015                      1276   -261      912
  SINCE JUL 1   1433                      1912   -479     1378

 COOLING
  YESTERDAY        0                         0      0        0
  MONTH TO DATE    0                         0      0        0
  SINCE DEC 1      0                         1     -1       12
  SINCE JAN 1      0                         0      0        0
..................................................................


WIND (MPH)
  HIGHEST WIND SPEED    26   HIGHEST WIND DIRECTION    SW (220)
  HIGHEST GUST SPEED    33   HIGHEST GUST DIRECTION    SW (220)
  AVERAGE WIND SPEED     7.1


SKY COVER
  POSSIBLE SUNSHINE  MM
  AVERAGE SKY COVER 0.8


WEATHER CONDITIONS
 THE FOLLOWING WEATHER WAS RECORDED YESTERDAY.
  THUNDERSTORM
  HEAVY RAIN
  RAIN
  LIGHT RAIN
  FOG


RELATIVE HUMIDITY (PERCENT)
 HIGHEST    93           300 AM
 LOWEST     71           100 PM
 AVERAGE    82

..........................................................


THE CHARLOTTE NC CLIMATE NORMALS FOR TODAY
                         NORMAL    RECORD    YEAR
 MAXIMUM TEMPERATURE (F)   51        74      1967
 MINIMUM TEMPERATURE (F)   30         7      1963


SUNRISE AND SUNSET
JANUARY 24 2017.......SUNRISE   728 AM EST   SUNSET   544 PM EST
JANUARY 25 2017.......SUNRISE   727 AM EST   SUNSET   545 PM EST


-  INDICATES NEGATIVE NUMBERS.
R  INDICATES RECORD WAS SET OR TIED.
MM INDICATES DATA IS MISSING.
T  INDICATES TRACE AMOUNT.

$$

OUTLAW
