000
CDUS46 KLOX 240123
CLICMA


CLIMATE REPORT
NATIONAL WEATHER SERVICE LOS ANGELES/OXNARD CA
623 PM PDT TUE MAY 23 2017


...................................

...THE CAMARILLO CLIMATE SUMMARY FOR MAY 23 2017...
VALID TODAY AS OF 0600 PM LOCAL TIME.

CLIMATE NORMAL PERIOD 1981 TO 2010
CLIMATE RECORD PERIOD 1948 TO 2017


WEATHER ITEM   OBSERVED TIME   RECORD YEAR NORMAL DEPARTURE LAST
                VALUE   (LST)  VALUE       VALUE  FROM      YEAR
                                                  NORMAL
..................................................................
TEMPERATURE (F)
 TODAY
  MAXIMUM         76    226 PM  85    1930  71      5       69
  MINIMUM         57    633 AM  38    1960  53      4       51
                                      1927
  AVERAGE         67                        62      5       60

PRECIPITATION (IN)
  TODAY            0.00          0.53 1931   0.00   0.00     0.00
  MONTH TO DATE    0.08                      0.30  -0.22      T
  SINCE OCT 1     19.44                     14.92   4.52     5.98
  SINCE JAN 1     14.78                     10.92   3.86     5.42

SNOWFALL (IN)
  TODAY            0.0
  MONTH TO DATE    0.0
  SINCE MAR 1      0.0
  SINCE JUL 1      0.0

DEGREE DAYS
 HEATING
  TODAY            0                         3     -3        5
  MONTH TO DATE   67                       100    -33       66
  SINCE MAR 1    326                       584   -258      360
  SINCE JUL 1   1314                      1920   -606     1177

 COOLING
  TODAY            2                         0      2        0
  MONTH TO DATE   21                         0     21        0
  SINCE MAR 1     41                        11     30       13
  SINCE JAN 1     42                        20     22       71
..................................................................


WIND (MPH)
  HIGHEST WIND SPEED    16   HIGHEST WIND DIRECTION     W (270)
  HIGHEST GUST SPEED    21   HIGHEST GUST DIRECTION    SW (220)
  AVERAGE WIND SPEED     5.9


SKY COVER
  POSSIBLE SUNSHINE  MM
  AVERAGE SKY COVER 0.6


WEATHER CONDITIONS
 THE FOLLOWING WEATHER WAS RECORDED TODAY.
  FOG
  HAZE


RELATIVE HUMIDITY (PERCENT)
 HIGHEST    93          1200 AM
 LOWEST     53           200 PM
 AVERAGE    73

..........................................................


THE CAMARILLO CLIMATE NORMALS FOR TOMORROW
                         NORMAL    RECORD    YEAR
 MAXIMUM TEMPERATURE (F)   71        87      1927
 MINIMUM TEMPERATURE (F)   53        40      1939


SUNRISE AND SUNSET
MAY 23 2017...........SUNRISE   549 AM PDT   SUNSET   757 PM PDT
MAY 24 2017...........SUNRISE   549 AM PDT   SUNSET   758 PM PDT


-  INDICATES NEGATIVE NUMBERS.
R  INDICATES RECORD WAS SET OR TIED.
MM INDICATES DATA IS MISSING.
T  INDICATES TRACE AMOUNT.




$$
