000
CDUS46 KLOX 270114
CLICMA


CLIMATE REPORT
NATIONAL WEATHER SERVICE LOS ANGELES/OXNARD CA
514 PM PST MON JAN 26 2015


...................................

...THE CAMARILLO CLIMATE SUMMARY FOR JANUARY 26 2015...
VALID TODAY AS OF 0500 PM LOCAL TIME.

CLIMATE NORMAL PERIOD 1981 TO 2010
CLIMATE RECORD PERIOD 1948 TO 2015


WEATHER ITEM   OBSERVED TIME   RECORD YEAR NORMAL DEPARTURE LAST
                VALUE   (LST)  VALUE       VALUE  FROM      YEAR
                                                  NORMAL
..................................................................
TEMPERATURE (F)
 TODAY
  MAXIMUM         81   1241 PM  86    2003  66     15       65
  MINIMUM         55    306 AM  34    2007  43     12       46
                                      1979
  AVERAGE         68                        54     14       56

PRECIPITATION (IN)
  TODAY            T             4.21 1956   0.04  -0.04      T
  MONTH TO DATE    2.03                      3.14  -1.11      T
  SINCE OCT 1      6.94                      7.14  -0.20     0.78
  SINCE JAN 1      2.03                      3.14  -1.11      T

SNOWFALL (IN)
  TODAY            0.0
  MONTH TO DATE    0.0
  SINCE DEC 1      0.0
  SINCE JUL 1      0.0

DEGREE DAYS
 HEATING
  TODAY            0                        11    -11        9
  MONTH TO DATE  171                       286   -115      160
  SINCE DEC 1    399                       635   -236      447
  SINCE JUL 1    486                       967   -481      671

 COOLING
  TODAY            3                         0      3        0
  MONTH TO DATE   20                         0     20       27
  SINCE DEC 1     24                         2     22       48
  SINCE JAN 1     20                         0     20       27
..................................................................


WIND (MPH)
  HIGHEST WIND SPEED    17   HIGHEST WIND DIRECTION     S (160)
  HIGHEST GUST SPEED    24   HIGHEST GUST DIRECTION    SE (150)
  AVERAGE WIND SPEED     6.6


SKY COVER
  POSSIBLE SUNSHINE  MM
  AVERAGE SKY COVER 0.4


WEATHER CONDITIONS
 THE FOLLOWING WEATHER WAS RECORDED TODAY.
  LIGHT RAIN


RELATIVE HUMIDITY (PERCENT)
 HIGHEST    57           400 AM
 LOWEST     24          1200 PM
 AVERAGE    41

..........................................................


THE CAMARILLO CLIMATE NORMALS FOR TOMORROW
                         NORMAL    RECORD    YEAR
 MAXIMUM TEMPERATURE (F)   66        83      1971
 MINIMUM TEMPERATURE (F)   43        33      1963


SUNRISE AND SUNSET
JANUARY 26 2015.......SUNRISE   658 AM PST   SUNSET   520 PM PST
JANUARY 27 2015.......SUNRISE   657 AM PST   SUNSET   521 PM PST


-  INDICATES NEGATIVE NUMBERS.
R  INDICATES RECORD WAS SET OR TIED.
MM INDICATES DATA IS MISSING.
T  INDICATES TRACE AMOUNT.




$$
