000
CDUS46 KLOX 260902
CLICMA


CLIMATE REPORT
NATIONAL WEATHER SERVICE LOS ANGELES/OXNARD CA
201 AM PDT TUE MAY 26 2015


...................................

...THE CAMARILLO AIRPORT CA CLIMATE SUMMARY FOR MAY 25 2015...

CLIMATE NORMAL PERIOD 1981 TO 2010
CLIMATE RECORD PERIOD 1948 TO 2015


WEATHER ITEM   OBSERVED TIME   RECORD YEAR NORMAL DEPARTURE LAST
                VALUE   (LST)  VALUE       VALUE  FROM      YEAR
                                                  NORMAL
..................................................................
TEMPERATURE (F)
 YESTERDAY
  MAXIMUM         69    236 PM  81    1968  71     -2       72
  MINIMUM         52    417 AM  43    1980  53     -1       59
  AVERAGE         61                        62     -1       66

PRECIPITATION (IN)
  YESTERDAY        0.00          T    1969   0.00   0.00     0.00
  MONTH TO DATE    0.22                      0.30  -0.08     0.01
  SINCE OCT 1      8.35                     14.92  -6.57     4.97
  SINCE JAN 1      3.44                     10.92  -7.48     4.19

SNOWFALL (IN)
  YESTERDAY        0.0
  MONTH TO DATE    0.0
  SINCE MAR 1      0.0
  SINCE JUL 1      0.0

DEGREE DAYS
 HEATING
  YESTERDAY        4                         3      1        0
  MONTH TO DATE   98                       106     -8       53
  SINCE MAR 1    306                       590   -284      349
  SINCE JUL 1    963                      1926   -963     1302

 COOLING
  YESTERDAY        0                         0      0        1
  MONTH TO DATE    1                         0      1       79
  SINCE MAR 1     70                        11     59      113
  SINCE JAN 1    109                        20     89      141
..................................................................


WIND (MPH)
  HIGHEST WIND SPEED    16   HIGHEST WIND DIRECTION    SW (230)
  HIGHEST GUST SPEED    19   HIGHEST GUST DIRECTION    SW (230)
  AVERAGE WIND SPEED     6.1


SKY COVER
  POSSIBLE SUNSHINE  MM
  AVERAGE SKY COVER 0.4


WEATHER CONDITIONS
 THE FOLLOWING WEATHER WAS RECORDED YESTERDAY.
  FOG


RELATIVE HUMIDITY (PERCENT)
 HIGHEST    86           500 AM
 LOWEST     57          1200 PM
 AVERAGE    72

..........................................................


THE CAMARILLO AIRPORT CA CLIMATE NORMALS FOR TODAY
                         NORMAL    RECORD    YEAR
 MAXIMUM TEMPERATURE (F)   71        93      1968
 MINIMUM TEMPERATURE (F)   54        43      1980


SUNRISE AND SUNSET
MAY 26 2015...........SUNRISE   548 AM PDT   SUNSET   759 PM PDT
MAY 27 2015...........SUNRISE   548 AM PDT   SUNSET   800 PM PDT


-  INDICATES NEGATIVE NUMBERS.
R  INDICATES RECORD WAS SET OR TIED.
MM INDICATES DATA IS MISSING.
T  INDICATES TRACE AMOUNT.




$$
