000
CDUS46 KLOX 171152
CLICMA


CLIMATE REPORT
NATIONAL WEATHER SERVICE LOS ANGELES/OXNARD CA
451 AM PDT TUE OCT 17 2017


...................................

...THE CAMARILLO AIRPORT CA CLIMATE SUMMARY FOR OCTOBER 16 2017...

CLIMATE NORMAL PERIOD 1981 TO 2010
CLIMATE RECORD PERIOD 1923 TO 2017


WEATHER ITEM   OBSERVED TIME   RECORD YEAR NORMAL DEPARTURE LAST
                VALUE   (LST)  VALUE       VALUE  FROM      YEAR
                                                  NORMAL
..................................................................
TEMPERATURE (F)
 YESTERDAY
  MAXIMUM         96   1111 AM 100    2009  73     23       73
  MINIMUM         56    603 AM  40    1966  53      3       64
                                      1924
  AVERAGE         76                        63     13       69

PRECIPITATION (IN)
  YESTERDAY        0.00          0.51 1963   0.02  -0.02     0.10
  MONTH TO DATE    0.00                      0.22  -0.22     0.10
  SINCE OCT 1      0.00                      0.22  -0.22     0.10
  SINCE JAN 1     14.80                     11.44   3.36     5.52

SNOWFALL (IN)
  YESTERDAY        0.0
  MONTH TO DATE    0.0
  SINCE SEP 1      0.0
  SINCE JUL 1      0.0

DEGREE DAYS
 HEATING
  YESTERDAY        0                         3     -3        0
  MONTH TO DATE   10                        37    -27       18
  SINCE SEP 1     14                        54    -40       22
  SINCE JUL 1     15                        69    -54       22

 COOLING
  YESTERDAY       11                         1     10        4
  MONTH TO DATE   49                        16     33       27
  SINCE SEP 1    242                        87    155      176
  SINCE JAN 1    738                       299    439      641
..................................................................


WIND (MPH)
  HIGHEST WIND SPEED    12   HIGHEST WIND DIRECTION    SW (230)
  HIGHEST GUST SPEED    15   HIGHEST GUST DIRECTION     W (260)
  AVERAGE WIND SPEED     3.2


SKY COVER
  POSSIBLE SUNSHINE  MM
  AVERAGE SKY COVER 0.0


WEATHER CONDITIONS
 THE FOLLOWING WEATHER WAS RECORDED YESTERDAY.
  NO SIGNIFICANT WEATHER WAS OBSERVED.


RELATIVE HUMIDITY (PERCENT)
 HIGHEST    55           100 AM
 LOWEST      9          1100 AM
 AVERAGE    32

..........................................................


THE CAMARILLO AIRPORT CA CLIMATE NORMALS FOR TODAY
                         NORMAL    RECORD    YEAR
 MAXIMUM TEMPERATURE (F)   73       100      1933
 MINIMUM TEMPERATURE (F)   53        38      1965
                                             1924


SUNRISE AND SUNSET
OCTOBER 17 2017.......SUNRISE   704 AM PDT   SUNSET   619 PM PDT
OCTOBER 18 2017.......SUNRISE   704 AM PDT   SUNSET   618 PM PDT


-  INDICATES NEGATIVE NUMBERS.
R  INDICATES RECORD WAS SET OR TIED.
MM INDICATES DATA IS MISSING.
T  INDICATES TRACE AMOUNT.




$$
