934
CDUS46 KLOX 110906
CLICMA


CLIMATE REPORT
NATIONAL WEATHER SERVICE LOS ANGELES/OXNARD CA
106 AM PST THU FEB 11 2016


...................................

...THE CAMARILLO AIRPORT CA CLIMATE SUMMARY FOR FEBRUARY 10 2016...

CLIMATE NORMAL PERIOD 1981 TO 2010
CLIMATE RECORD PERIOD 1948 TO 2016


WEATHER ITEM   OBSERVED TIME   RECORD YEAR NORMAL DEPARTURE LAST
                VALUE   (LST)  VALUE       VALUE  FROM      YEAR
                                                  NORMAL
..................................................................
TEMPERATURE (F)
 YESTERDAY
  MAXIMUM         89R  1143 AM  83    2015  65     24       83
                                      1988
  MINIMUM         49    636 AM  32    1965  42      7       47
  AVERAGE         69                        54     15       65

PRECIPITATION (IN)
  YESTERDAY        0.00          3.35 1962   0.13  -0.13     0.00
  MONTH TO DATE    0.00                      1.06  -1.06     0.16
  SINCE OCT 1      3.19                      8.53  -5.34     7.16
  SINCE JAN 1      2.63                      4.53  -1.90     2.25

SNOWFALL (IN)
  YESTERDAY        0.0
  MONTH TO DATE    0.0
  SINCE DEC 1      0.0
  SINCE JUL 1      0.0

DEGREE DAYS
 HEATING
  YESTERDAY        0                        12    -12        0
  MONTH TO DATE   54                       114    -60       59
  SINCE DEC 1    602                       801   -199      474
  SINCE JUL 1    747                      1133   -386      561

 COOLING
  YESTERDAY        4                         0      4        0
  MONTH TO DATE   35                         0     35        0
  SINCE DEC 1     39                         9     30       28
  SINCE JAN 1     35                         7     28       24
..................................................................


WIND (MPH)
  HIGHEST WIND SPEED    15   HIGHEST WIND DIRECTION    NE (60)
  HIGHEST GUST SPEED    19   HIGHEST GUST DIRECTION    NE (60)
  AVERAGE WIND SPEED     4.6


SKY COVER
  POSSIBLE SUNSHINE  MM
  AVERAGE SKY COVER 0.0


WEATHER CONDITIONS
 THE FOLLOWING WEATHER WAS RECORDED YESTERDAY.
  NO SIGNIFICANT WEATHER WAS OBSERVED.


RELATIVE HUMIDITY (PERCENT)
 HIGHEST    59          1200 AM
 LOWEST     10          1200 PM
 AVERAGE    35

..........................................................


THE CAMARILLO AIRPORT CA CLIMATE NORMALS FOR TODAY
                         NORMAL    RECORD    YEAR
 MAXIMUM TEMPERATURE (F)   65        83      2015
                                             1971
 MINIMUM TEMPERATURE (F)   42        33      2009


SUNRISE AND SUNSET
FEBRUARY 11 2016......SUNRISE   646 AM PST   SUNSET   536 PM PST
FEBRUARY 12 2016......SUNRISE   645 AM PST   SUNSET   537 PM PST


-  INDICATES NEGATIVE NUMBERS.
R  INDICATES RECORD WAS SET OR TIED.
MM INDICATES DATA IS MISSING.
T  INDICATES TRACE AMOUNT.




$$
