000
CDUS46 KLOX 230919
CLICMA


CLIMATE REPORT
NATIONAL WEATHER SERVICE LOS ANGELES/OXNARD CA
219 AM PDT THU OCT 23 2014


...................................

...THE CAMARILLO AIRPORT CA CLIMATE SUMMARY FOR OCTOBER 22 2014...

CLIMATE NORMAL PERIOD 1981 TO 2010
CLIMATE RECORD PERIOD 1948 TO 2014


WEATHER ITEM   OBSERVED TIME   RECORD YEAR NORMAL DEPARTURE LAST
                VALUE   (LST)  VALUE       VALUE  FROM      YEAR
                                                  NORMAL
..................................................................
TEMPERATURE (F)
 YESTERDAY
  MAXIMUM         78    217 PM  99    1965  73      5       68
  MINIMUM         53    639 AM  39    1961  52      1       51
  AVERAGE         66                        62      4       60

PRECIPITATION (IN)
  YESTERDAY        0.00          1.05 1987   0.03  -0.03     0.00
  MONTH TO DATE    0.00                      0.35  -0.35      T
  SINCE JUL 1      0.03                      0.59  -0.56     0.04
  SINCE JAN 1      4.22                     11.57  -7.35     2.19

SNOWFALL (IN)
  YESTERDAY        0.0
  MONTH TO DATE    0.0
  SINCE SEP 1      0.0
  SINCE JUL 1      0.0

DEGREE DAYS
 HEATING
  YESTERDAY        0                         3     -3        5
  MONTH TO DATE    0                        55    -55       61
  SINCE SEP 1      0                        72    -72       63
  SINCE JUL 1      0                        87    -87       66

 COOLING
  YESTERDAY        1                         1      0        0
  MONTH TO DATE   80                        22     58       41
  SINCE SEP 1    333                        93    240      154
  SINCE JAN 1    970                       305    665      623
..................................................................


WIND (MPH)
  HIGHEST WIND SPEED    13   HIGHEST WIND DIRECTION    SW (210)
  HIGHEST GUST SPEED    19   HIGHEST GUST DIRECTION     S (180)
  AVERAGE WIND SPEED     3.5


SKY COVER
  POSSIBLE SUNSHINE  MM
  AVERAGE SKY COVER 0.0


WEATHER CONDITIONS
 THE FOLLOWING WEATHER WAS RECORDED YESTERDAY.
  NO SIGNIFICANT WEATHER WAS OBSERVED.


RELATIVE HUMIDITY (PERCENT)
 HIGHEST    80           100 AM
 LOWEST     35          1000 AM
 AVERAGE    58

..........................................................


THE CAMARILLO AIRPORT CA CLIMATE NORMALS FOR TODAY
                         NORMAL    RECORD    YEAR
 MAXIMUM TEMPERATURE (F)   73        97      2007
 MINIMUM TEMPERATURE (F)   52        35      1961


SUNRISE AND SUNSET
OCTOBER 23 2014.......SUNRISE   708 AM PDT   SUNSET   613 PM PDT
OCTOBER 24 2014.......SUNRISE   709 AM PDT   SUNSET   611 PM PDT


-  INDICATES NEGATIVE NUMBERS.
R  INDICATES RECORD WAS SET OR TIED.
MM INDICATES DATA IS MISSING.
T  INDICATES TRACE AMOUNT.




$$
