000
CDUS41 KILN 232201
CLICMH


CLIMATE REPORT
NATIONAL WEATHER SERVICE WILMINGTON OH
501 PM EST TUE JAN 23 2018


...................................

...THE COLUMBUS OH CLIMATE SUMMARY FOR JANUARY 23 2018...
VALID TODAY AS OF 0400 PM LOCAL TIME.

CLIMATE NORMAL PERIOD 1981 TO 2010
CLIMATE RECORD PERIOD 1869 TO 2018


WEATHER ITEM   OBSERVED TIME   RECORD YEAR NORMAL DEPARTURE LAST
                VALUE   (LST)  VALUE       VALUE  FROM      YEAR
                                                  NORMAL
..................................................................
TEMPERATURE (F)
 TODAY
  MAXIMUM         50   1235 AM  68    1967  37     13       56
  MINIMUM         38   1046 AM -15    1936  22     16       42
  AVERAGE         44                        29     15       49

PRECIPITATION (IN)
  TODAY            0.01          1.00 1996   0.09  -0.08     0.15
  MONTH TO DATE    1.86                      2.07  -0.21     2.65
  SINCE DEC 1      3.62                      5.04  -1.42     5.74
  SINCE JAN 1      1.86                      2.07  -0.21     2.65

SNOWFALL (IN)
  TODAY            0.0           3.2  1963   0.3   -0.3      0.0
  MONTH TO DATE   10.0                       6.9    3.1      0.9
  SINCE DEC 1     18.1                      11.9    6.2      6.3
  SINCE JUL 1     18.1                      13.0    5.1      6.3
  SNOW DEPTH       0

DEGREE DAYS
 HEATING
  TODAY           21                        36    -15       16
  MONTH TO DATE  928                       821    107      613
  SINCE DEC 1   1970                      1798    172     1614
  SINCE JUL 1   2889                      2812     77     2380

 COOLING
  TODAY            0                         0      0        0
  MONTH TO DATE    0                         0      0        0
  SINCE DEC 1      0                         0      0        0
  SINCE JAN 1      0                         0      0        0
..................................................................


WIND (MPH)
  HIGHEST WIND SPEED    28   HIGHEST WIND DIRECTION    SW (240)
  HIGHEST GUST SPEED    35   HIGHEST GUST DIRECTION    SW (240)
  AVERAGE WIND SPEED    12.6


SKY COVER
  POSSIBLE SUNSHINE  MM
  AVERAGE SKY COVER 1.0


WEATHER CONDITIONS
 THE FOLLOWING WEATHER WAS RECORDED TODAY.
  THUNDERSTORM
  LIGHT RAIN
  FOG


RELATIVE HUMIDITY (PERCENT)
 HIGHEST    86          1200 AM
 LOWEST     70           700 AM
 AVERAGE    78

..........................................................


THE COLUMBUS OH CLIMATE NORMALS FOR TOMORROW
                         NORMAL    RECORD    YEAR
 MAXIMUM TEMPERATURE (F)   37        66      1950
                                             1909
 MINIMUM TEMPERATURE (F)   22       -15      1963


SUNRISE AND SUNSET
JANUARY 23 2018.......SUNRISE   747 AM EST   SUNSET   540 PM EST
JANUARY 24 2018.......SUNRISE   747 AM EST   SUNSET   541 PM EST


-  INDICATES NEGATIVE NUMBERS.
R  INDICATES RECORD WAS SET OR TIED.
MM INDICATES DATA IS MISSING.
T  INDICATES TRACE AMOUNT.




$$
