833
CDUS41 KILN 232054
CLICMH


CLIMATE REPORT
NATIONAL WEATHER SERVICE WILMINGTON OH
453 PM EDT TUE AUG 23 2016


...................................

...THE COLUMBUS OH CLIMATE SUMMARY FOR AUGUST 23 2016...
VALID TODAY AS OF 0400 PM LOCAL TIME.

CLIMATE NORMAL PERIOD 1981 TO 2010
CLIMATE RECORD PERIOD 1869 TO 2016


WEATHER ITEM   OBSERVED TIME   RECORD YEAR NORMAL DEPARTURE LAST
                VALUE   (LST)  VALUE       VALUE  FROM      YEAR
                                                  NORMAL
..................................................................
TEMPERATURE (F)
 TODAY
  MAXIMUM         80    241 PM  95    2007  83     -3       84
                                      1959
                                      1936
  MINIMUM         56    553 AM  46    1952  64     -8       59
  AVERAGE         68                        74     -6       72

PRECIPITATION (IN)
  TODAY            0.00          1.86 1979   0.10  -0.10     0.23
  MONTH TO DATE    3.37                      2.46   0.91     3.07
  SINCE JUN 1     11.08                     11.26  -0.18    15.20
  SINCE JAN 1     24.81                     26.83  -2.02    31.34

SNOWFALL (IN)
  TODAY            0.0           0.0    MM   0.0    0.0      0.0
  MONTH TO DATE    0.0                       0.0    0.0      0.0
  SINCE JUN 1      0.0                       0.0    0.0      0.0
  SINCE JUL 1      0.0                       0.0    0.0      0.0
  SNOW DEPTH       0

DEGREE DAYS
 HEATING
  TODAY            0                         0      0        0
  MONTH TO DATE    0                         0      0        0
  SINCE JUN 1      4                        19    -15       20
  SINCE JUL 1      0                         0      0        0

 COOLING
  TODAY            3                         9     -6        7
  MONTH TO DATE  294                       218     76      184
  SINCE JUN 1    922                       744    178      664
  SINCE JAN 1    987                       826    161      817
..................................................................


WIND (MPH)
  HIGHEST WIND SPEED     9   HIGHEST WIND DIRECTION    SE (130)
  HIGHEST GUST SPEED    13   HIGHEST GUST DIRECTION     S (160)
  AVERAGE WIND SPEED     3.7


SKY COVER
  POSSIBLE SUNSHINE  MM
  AVERAGE SKY COVER 0.2


WEATHER CONDITIONS
 THE FOLLOWING WEATHER WAS RECORDED TODAY.
  NO SIGNIFICANT WEATHER WAS OBSERVED.


RELATIVE HUMIDITY (PERCENT)
 HIGHEST   100           600 AM
 LOWEST     45           100 PM
 AVERAGE    73

..........................................................


THE COLUMBUS OH CLIMATE NORMALS FOR TOMORROW
                         NORMAL    RECORD    YEAR
 MAXIMUM TEMPERATURE (F)   83        96      2007
 MINIMUM TEMPERATURE (F)   63        47      1971
                                             1951


SUNRISE AND SUNSET
AUGUST 23 2016........SUNRISE   651 AM EDT   SUNSET   816 PM EDT
AUGUST 24 2016........SUNRISE   652 AM EDT   SUNSET   815 PM EDT


-  INDICATES NEGATIVE NUMBERS.
R  INDICATES RECORD WAS SET OR TIED.
MM INDICATES DATA IS MISSING.
T  INDICATES TRACE AMOUNT.




$$
