000
CDUS41 KILN 242150
CLICMH


CLIMATE REPORT
NATIONAL WEATHER SERVICE WILMINGTON OH
449 PM EST TUE JAN 24 2017


...................................

...THE COLUMBUS OH CLIMATE SUMMARY FOR JANUARY 24 2017...
VALID TODAY AS OF 0400 PM LOCAL TIME.

CLIMATE NORMAL PERIOD 1981 TO 2010
CLIMATE RECORD PERIOD 1869 TO 2017


WEATHER ITEM   OBSERVED TIME   RECORD YEAR NORMAL DEPARTURE LAST
                VALUE   (LST)  VALUE       VALUE  FROM      YEAR
                                                  NORMAL
..................................................................
TEMPERATURE (F)
 TODAY
  MAXIMUM         44    256 PM  66    1950  37      7       32
                                      1909
  MINIMUM         40    901 AM -15    1963  22     18       12
  AVERAGE         42                        30     12       22

PRECIPITATION (IN)
  TODAY            0.04          1.65 1937   0.08  -0.04     0.00
  MONTH TO DATE    2.69                      2.15   0.54     1.07
  SINCE DEC 1      5.78                      5.12   0.66     5.95
  SINCE JAN 1      2.69                      2.15   0.54     1.07

SNOWFALL (IN)
  TODAY            0.0           5.7  1948   0.3   -0.3      0.0
  MONTH TO DATE    0.9                       7.2   -6.3      5.1
  SINCE DEC 1      6.3                      12.2   -5.9      5.1
  SINCE JUL 1      6.3                      13.3   -7.0      5.1
  SNOW DEPTH       0

DEGREE DAYS
 HEATING
  TODAY           23                        35    -12       43
  MONTH TO DATE  636                       856   -220      933
  SINCE DEC 1   1637                      1833   -196     1557
  SINCE JUL 1   2403                      2847   -444     2362

 COOLING
  TODAY            0                         0      0        0
  MONTH TO DATE    0                         0      0        0
  SINCE DEC 1      0                         0      0        0
  SINCE JAN 1      0                         0      0        0
..................................................................


WIND (MPH)
  HIGHEST WIND SPEED    18   HIGHEST WIND DIRECTION     W (290)
  HIGHEST GUST SPEED    21   HIGHEST GUST DIRECTION     W (290)
  AVERAGE WIND SPEED    11.9


SKY COVER
  POSSIBLE SUNSHINE  MM
  AVERAGE SKY COVER 0.7


WEATHER CONDITIONS
 THE FOLLOWING WEATHER WAS RECORDED TODAY.
  LIGHT RAIN
  FOG


RELATIVE HUMIDITY (PERCENT)
 HIGHEST   100           600 AM
 LOWEST     83           300 PM
 AVERAGE    92

..........................................................


THE COLUMBUS OH CLIMATE NORMALS FOR TOMORROW
                         NORMAL    RECORD    YEAR
 MAXIMUM TEMPERATURE (F)   37        74      1950
 MINIMUM TEMPERATURE (F)   22       -15      1884


SUNRISE AND SUNSET
JANUARY 24 2017.......SUNRISE   746 AM EST   SUNSET   541 PM EST
JANUARY 25 2017.......SUNRISE   746 AM EST   SUNSET   543 PM EST


-  INDICATES NEGATIVE NUMBERS.
R  INDICATES RECORD WAS SET OR TIED.
MM INDICATES DATA IS MISSING.
T  INDICATES TRACE AMOUNT.




$$
