000
CDUS41 KILN 280555
CLICMH


CLIMATE REPORT
NATIONAL WEATHER SERVICE WILMINGTON OH
154 AM EDT SAT MAR 28 2015


...................................

...THE COLUMBUS OH CLIMATE SUMMARY FOR MARCH 27 2015...

CLIMATE NORMAL PERIOD 1981 TO 2010
CLIMATE RECORD PERIOD 1869 TO 2015


WEATHER ITEM   OBSERVED TIME   RECORD YEAR NORMAL DEPARTURE LAST
                VALUE   (LST)  VALUE       VALUE  FROM      YEAR
                                                  NORMAL
..................................................................
TEMPERATURE (F)
 YESTERDAY
  MAXIMUM         36   1201 AM  81    2007  56    -20       59
                                      1950
                                      1910
  MINIMUM         22   1159 PM  15    1955  36    -14       30
                                      1894
  AVERAGE         29                        46    -17       45

PRECIPITATION (IN)
  YESTERDAY        T             1.58 1916   0.11  -0.11      T
  MONTH TO DATE    3.85                      2.57   1.28     1.33
  SINCE MAR 1      3.85                      2.57   1.28     1.33
  SINCE JAN 1      8.42                      7.55   0.87     6.12

SNOWFALL (IN)
  YESTERDAY        T             1.3  1926   0.1   -0.1      0.0
  MONTH TO DATE    5.4                       3.9    1.5      3.3
  SINCE MAR 1      5.4                       3.9    1.5      3.3
  SINCE JUL 1     33.4                      25.3    8.1     54.3
  SNOW DEPTH       0

DEGREE DAYS
 HEATING
  YESTERDAY       36                        19     17       20
  MONTH TO DATE  728                       643     85      755
  SINCE MAR 1    728                       643     85      755
  SINCE JUL 1   5282                      4638    644     5139

 COOLING
  YESTERDAY        0                         0      0        0
  MONTH TO DATE    0                         0      0        0
  SINCE MAR 1      0                         0      0        0
  SINCE JAN 1      0                         0      0        0
..................................................................


WIND (MPH)
  RESULTANT WIND SPEED  10   RESULTANT WIND DIRECTION  NW (330)
  HIGHEST WIND SPEED    22   HIGHEST WIND DIRECTION    NW (320)
  HIGHEST GUST SPEED    25   HIGHEST GUST DIRECTION    NW (320)
  AVERAGE WIND SPEED    11.2


SKY COVER
  POSSIBLE SUNSHINE  MM
  AVERAGE SKY COVER 0.7


WEATHER CONDITIONS
 THE FOLLOWING WEATHER WAS RECORDED YESTERDAY.
  LIGHT SNOW


RELATIVE HUMIDITY (PERCENT)
 HIGHEST    78           600 AM
 LOWEST     50           600 PM
 AVERAGE    64

..........................................................


THE COLUMBUS OH CLIMATE NORMALS FOR TODAY
                         NORMAL    RECORD    YEAR
 MAXIMUM TEMPERATURE (F)   56        83      1910
 MINIMUM TEMPERATURE (F)   37        15      1955


SUNRISE AND SUNSET
MARCH 28 2015.........SUNRISE   722 AM EDT   SUNSET   752 PM EDT
MARCH 29 2015.........SUNRISE   721 AM EDT   SUNSET   753 PM EDT


-  INDICATES NEGATIVE NUMBERS.
R  INDICATES RECORD WAS SET OR TIED.
MM INDICATES DATA IS MISSING.
T  INDICATES TRACE AMOUNT.




$$
