000
CDUS41 KILN 182059
CLICMH


CLIMATE REPORT
NATIONAL WEATHER SERVICE WILMINGTON OH
458 PM EDT FRI AUG 18 2017


...................................

...THE COLUMBUS OH CLIMATE SUMMARY FOR AUGUST 18 2017...
VALID TODAY AS OF 0400 PM LOCAL TIME.

CLIMATE NORMAL PERIOD 1981 TO 2010
CLIMATE RECORD PERIOD 1869 TO 2017


WEATHER ITEM   OBSERVED TIME   RECORD YEAR NORMAL DEPARTURE LAST
                VALUE   (LST)  VALUE       VALUE  FROM      YEAR
                                                  NORMAL
..................................................................
TEMPERATURE (F)
 TODAY
  MAXIMUM         85    247 PM  94    1940  84      1       84
                                      1922
                                      1916
  MINIMUM         74    659 AM  48    1962  64     10       67
                                      1953
  AVERAGE         80                        74      6       76

PRECIPITATION (IN)
  TODAY            T             1.81 1941   0.11  -0.11     0.00
  MONTH TO DATE    1.85                      1.94  -0.09     3.09
  SINCE JUN 1     15.06                     10.74   4.32    10.80
  SINCE JAN 1     33.74                     26.31   7.43    24.53

SNOWFALL (IN)
  TODAY            0.0           0.0    MM   0.0    0.0      0.0
  MONTH TO DATE    0.0                       0.0    0.0      0.0
  SINCE JUN 1      0.0                       0.0    0.0      0.0
  SINCE JUL 1      0.0                       0.0    0.0      0.0
  SNOW DEPTH       0

DEGREE DAYS
 HEATING
  TODAY            0                         0      0        0
  MONTH TO DATE    0                         0      0        0
  SINCE JUN 1      7                        19    -12        4
  SINCE JUL 1      0                         0      0        0

 COOLING
  TODAY           15                         9      6       11
  MONTH TO DATE  148                       173    -25      259
  SINCE JUN 1    696                       699     -3      887
  SINCE JAN 1    821                       781     40      952
..................................................................


WIND (MPH)
  HIGHEST WIND SPEED    21   HIGHEST WIND DIRECTION     W (280)
  HIGHEST GUST SPEED    26   HIGHEST GUST DIRECTION     W (290)
  AVERAGE WIND SPEED    10.3


SKY COVER
  POSSIBLE SUNSHINE  MM
  AVERAGE SKY COVER 0.6


WEATHER CONDITIONS
 THE FOLLOWING WEATHER WAS RECORDED TODAY.
  LIGHT RAIN


RELATIVE HUMIDITY (PERCENT)
 HIGHEST   100           200 AM
 LOWEST     51           100 PM
 AVERAGE    76

..........................................................


THE COLUMBUS OH CLIMATE NORMALS FOR TOMORROW
                         NORMAL    RECORD    YEAR
 MAXIMUM TEMPERATURE (F)   84       101      1936
 MINIMUM TEMPERATURE (F)   64        49      1977
                                             1964
                                             1953


SUNRISE AND SUNSET
AUGUST 18 2017........SUNRISE   646 AM EDT   SUNSET   824 PM EDT
AUGUST 19 2017........SUNRISE   647 AM EDT   SUNSET   822 PM EDT


-  INDICATES NEGATIVE NUMBERS.
R  INDICATES RECORD WAS SET OR TIED.
MM INDICATES DATA IS MISSING.
T  INDICATES TRACE AMOUNT.




$$
