000
CDUS41 KILN 300544
CLICMH


CLIMATE REPORT
NATIONAL WEATHER SERVICE WILMINGTON OH
144 AM EDT SAT APR 30 2016


...................................

...THE COLUMBUS OH CLIMATE SUMMARY FOR APRIL 29 2016...

CLIMATE NORMAL PERIOD 1981 TO 2010
CLIMATE RECORD PERIOD 1869 TO 2016


WEATHER ITEM   OBSERVED TIME   RECORD YEAR NORMAL DEPARTURE LAST
                VALUE   (LST)  VALUE       VALUE  FROM      YEAR
                                                  NORMAL
..................................................................
TEMPERATURE (F)
 YESTERDAY
  MAXIMUM         59    301 PM  86    1899  68     -9       68
  MINIMUM         48   1159 PM  28    1977  47      1       37
  AVERAGE         54                        58     -4       53

PRECIPITATION (IN)
  YESTERDAY        0.00          1.82 1996   0.11  -0.11     0.00
  MONTH TO DATE    2.05                      3.29  -1.24     4.04
  SINCE MAR 1      6.32                      6.31   0.01     7.96
  SINCE JAN 1     10.73                     11.29  -0.56    12.53

SNOWFALL (IN)
  YESTERDAY        0.0           0.0    MM   0.0    0.0      0.0
  MONTH TO DATE    0.3                       1.1   -0.8      0.0
  SINCE MAR 1      2.6                       5.3   -2.7      5.4
  SINCE JUL 1     17.1                      26.7   -9.6     33.4
  SNOW DEPTH       0

DEGREE DAYS
 HEATING
  YESTERDAY       11                         8      3       12
  MONTH TO DATE  384                       363     21      331
  SINCE MAR 1    888                      1079   -191     1165
  SINCE JUL 1   4329                      5074   -745     5719

 COOLING
  YESTERDAY        0                         1     -1        0
  MONTH TO DATE    1                        11    -10        0
  SINCE MAR 1      1                        11    -10        0
  SINCE JAN 1      1                        11    -10        0
..................................................................


WIND (MPH)
  RESULTANT WIND SPEED   6   RESULTANT WIND DIRECTION   N (350)
  HIGHEST WIND SPEED    15   HIGHEST WIND DIRECTION     N (10)
  HIGHEST GUST SPEED    20   HIGHEST GUST DIRECTION     N (360)
  AVERAGE WIND SPEED     6.8


SKY COVER
  POSSIBLE SUNSHINE  MM
  AVERAGE SKY COVER 1.0


WEATHER CONDITIONS
 THE FOLLOWING WEATHER WAS RECORDED YESTERDAY.
  FOG


RELATIVE HUMIDITY (PERCENT)
 HIGHEST   100           700 AM
 LOWEST     67           300 PM
 AVERAGE    84

..........................................................


THE COLUMBUS OH CLIMATE NORMALS FOR TODAY
                         NORMAL    RECORD    YEAR
 MAXIMUM TEMPERATURE (F)   68        89      1942
 MINIMUM TEMPERATURE (F)   47        30      1971


SUNRISE AND SUNSET
APRIL 30 2016.........SUNRISE   632 AM EDT   SUNSET   826 PM EDT
MAY  1 2016...........SUNRISE   631 AM EDT   SUNSET   827 PM EDT


-  INDICATES NEGATIVE NUMBERS.
R  INDICATES RECORD WAS SET OR TIED.
MM INDICATES DATA IS MISSING.
T  INDICATES TRACE AMOUNT.




$$
