000
CDUS41 KILN 260610
CLICMH


CLIMATE REPORT
NATIONAL WEATHER SERVICE WILMINGTON OH
210 AM EDT MON JUN 26 2017


...................................

...THE COLUMBUS OH CLIMATE SUMMARY FOR JUNE 25 2017...

CLIMATE NORMAL PERIOD 1981 TO 2010
CLIMATE RECORD PERIOD 1869 TO 2017


WEATHER ITEM   OBSERVED TIME   RECORD YEAR NORMAL DEPARTURE LAST
                VALUE   (LST)  VALUE       VALUE  FROM      YEAR
                                                  NORMAL
..................................................................
TEMPERATURE (F)
 YESTERDAY
  MAXIMUM         78    217 PM 101    1988  84     -6       89
  MINIMUM         58    556 AM  43    1979  64     -6       58
  AVERAGE         68                        74     -6       74

PRECIPITATION (IN)
  YESTERDAY        0.00          2.26 1882   0.13  -0.13     0.00
  MONTH TO DATE    3.25                      3.38  -0.13     3.82
  SINCE JUN 1      3.25                      3.38  -0.13     3.82
  SINCE JAN 1     21.93                     18.95   2.98    17.55

SNOWFALL (IN)
  YESTERDAY        0.0                       0.0    0.0      0.0
  MONTH TO DATE    0.0                       0.0    0.0      0.0
  SINCE JUN 1      0.0                       0.0    0.0      0.0
  SINCE JUL 1      9.3                      26.7  -17.4     17.1
  SNOW DEPTH       0

DEGREE DAYS
 HEATING
  YESTERDAY        0                         0      0        0
  MONTH TO DATE    6                        18    -12        4
  SINCE JUN 1      6                        18    -12        4
  SINCE JUL 1   4277                      5245   -968     4551

 COOLING
  YESTERDAY        3                         9     -6        9
  MONTH TO DATE  207                       168     39      220
  SINCE JUN 1    207                       168     39      220
  SINCE JAN 1    332                       250     82      285
..................................................................


WIND (MPH)
  RESULTANT WIND SPEED  11   RESULTANT WIND DIRECTION   W (270)
  HIGHEST WIND SPEED    28   HIGHEST WIND DIRECTION     W (290)
  HIGHEST GUST SPEED    34   HIGHEST GUST DIRECTION     W (290)
  AVERAGE WIND SPEED    11.5


SKY COVER
  POSSIBLE SUNSHINE  MM
  AVERAGE SKY COVER 0.2


WEATHER CONDITIONS
 THE FOLLOWING WEATHER WAS RECORDED YESTERDAY.
  NO SIGNIFICANT WEATHER WAS OBSERVED.


RELATIVE HUMIDITY (PERCENT)
 HIGHEST    75           600 AM
 LOWEST     36           200 PM
 AVERAGE    56

..........................................................


THE COLUMBUS OH CLIMATE NORMALS FOR TODAY
                         NORMAL    RECORD    YEAR
 MAXIMUM TEMPERATURE (F)   84       100      1952
 MINIMUM TEMPERATURE (F)   64        48      1961
                                             1960


SUNRISE AND SUNSET
JUNE 26 2017..........SUNRISE   604 AM EDT   SUNSET   904 PM EDT
JUNE 27 2017..........SUNRISE   605 AM EDT   SUNSET   904 PM EDT


-  INDICATES NEGATIVE NUMBERS.
R  INDICATES RECORD WAS SET OR TIED.
MM INDICATES DATA IS MISSING.
T  INDICATES TRACE AMOUNT.




$$
