000
CDUS41 KILN 020558
CLICMH


CLIMATE REPORT
NATIONAL WEATHER SERVICE WILMINGTON OH
146 AM EDT THU OCT 2 2014


...................................

...THE COLUMBUS OH CLIMATE SUMMARY FOR OCTOBER 1 2014...

CLIMATE NORMAL PERIOD 1981 TO 2010
CLIMATE RECORD PERIOD 1869 TO 2014


WEATHER ITEM   OBSERVED TIME   RECORD YEAR NORMAL DEPARTURE LAST
                VALUE   (LST)  VALUE       VALUE  FROM      YEAR
                                                  NORMAL
..................................................................
TEMPERATURE (F)
 YESTERDAY
  MAXIMUM         71    338 PM  89    1952  71      0       81
  MINIMUM         49    317 AM  30    1899  50     -1       58
  AVERAGE         60                        60      0       70

PRECIPITATION (IN)
  YESTERDAY        0.00          2.23 1881   0.08  -0.08     0.00
  MONTH TO DATE    0.00                      0.08  -0.08     0.00
  SINCE SEP 1      0.65                      2.92  -2.27     2.52
  SINCE JAN 1     31.16                     30.61   0.55    29.16

SNOWFALL (IN)
  YESTERDAY        0.0                       0.0    0.0      0.0
  MONTH TO DATE    0.0                       0.0    0.0      0.0
  SINCE SEP 1      0.0                       0.0    0.0      0.0
  SINCE JUL 1      0.0                       0.0    0.0      0.0
  SNOW DEPTH       0

DEGREE DAYS
 HEATING
  YESTERDAY        5                         6     -1        0
  MONTH TO DATE    5                         6     -1        0
  SINCE SEP 1     53                        75    -22       49
  SINCE JUL 1     53                        75    -22       53

 COOLING
  YESTERDAY        0                         2     -2        5
  MONTH TO DATE    0                         2     -2        5
  SINCE SEP 1    133                       124      9      141
  SINCE JAN 1   1155                      1013    142     1142
..................................................................


WIND (MPH)
  RESULTANT WIND SPEED   2   RESULTANT WIND DIRECTION  NE (50)
  HIGHEST WIND SPEED    10   HIGHEST WIND DIRECTION     E (70)
  HIGHEST GUST SPEED    14   HIGHEST GUST DIRECTION    NE (50)
  AVERAGE WIND SPEED     2.3


SKY COVER
  POSSIBLE SUNSHINE  MM
  AVERAGE SKY COVER 0.5


WEATHER CONDITIONS
 THE FOLLOWING WEATHER WAS RECORDED YESTERDAY.
  FOG
  HAZE


RELATIVE HUMIDITY (PERCENT)
 HIGHEST   100           200 AM
 LOWEST     47           200 PM
 AVERAGE    74

..........................................................


THE COLUMBUS OH CLIMATE NORMALS FOR TODAY
                         NORMAL    RECORD    YEAR
 MAXIMUM TEMPERATURE (F)   70        88      1919
 MINIMUM TEMPERATURE (F)   50        32      1974
                                             1908
                                             1886


SUNRISE AND SUNSET
OCTOBER  2 2014.......SUNRISE   729 AM EDT   SUNSET   712 PM EDT
OCTOBER  3 2014.......SUNRISE   730 AM EDT   SUNSET   711 PM EDT


-  INDICATES NEGATIVE NUMBERS.
R  INDICATES RECORD WAS SET OR TIED.
MM INDICATES DATA IS MISSING.
T  INDICATES TRACE AMOUNT.




$$
