000
CDUS43 KILX 220640
CLICMI


CLIMATE REPORT
NATIONAL WEATHER SERVICE LINCOLN IL
139 AM CDT TUE JUL 22 2014


...................................

...THE CHAMPAIGN IL AIRPORT CLIMATE SUMMARY FOR JULY 21 2014...

CLIMATE NORMAL PERIOD 1981 TO 2010
CLIMATE RECORD PERIOD 9999 TO 9999


WEATHER ITEM   OBSERVED TIME   RECORD YEAR NORMAL DEPARTURE LAST
                VALUE   (LST)  VALUE       VALUE  FROM      YEAR
                                                  NORMAL
..................................................................
TEMPERATURE (F)
 YESTERDAY
  MAXIMUM         84    138 PM  MM      MM  84      0       79
  MINIMUM         59    458 AM  MM      MM  64     -5       67
  AVERAGE         72                        74     -2       73

PRECIPITATION (IN)
  YESTERDAY        0.00         MM      MM   0.16  -0.16     2.93
  MONTH TO DATE    5.04                      3.04   2.00     4.13
  SINCE JUN 1     11.38                      7.21   4.17     7.38
  SINCE JAN 1     25.92                     22.37   3.55    23.06

DEGREE DAYS
 HEATING
  YESTERDAY        0                         0      0        0
  MONTH TO DATE    5                         0      5        0
  SINCE JUN 1      5                        17    -12       13
  SINCE JUL 1      5                         0      5        0

 COOLING
  YESTERDAY        7                         9     -2        8
  MONTH TO DATE  116                       198    -82      217
  SINCE JUN 1    397                       421    -24      436
  SINCE JAN 1    549                       513     36      568
..................................................................


WIND (MPH)
  HIGHEST WIND SPEED     9   HIGHEST WIND DIRECTION     S (200)
  HIGHEST GUST SPEED    22   HIGHEST GUST DIRECTION    SE (120)
  AVERAGE WIND SPEED     4.5


SKY COVER
  POSSIBLE SUNSHINE  MM
  AVERAGE SKY COVER 0.1


WEATHER CONDITIONS
 THE FOLLOWING WEATHER WAS RECORDED YESTERDAY.
  FOG


RELATIVE HUMIDITY (PERCENT)
 HIGHEST   100           300 AM
 LOWEST     54          1100 AM
 AVERAGE    77

..........................................................


THE CHAMPAIGN IL AIRPORT CLIMATE NORMALS FOR TODAY
                         NORMAL    RECORD    YEAR
 MAXIMUM TEMPERATURE (F)   84        MM        MM
 MINIMUM TEMPERATURE (F)   64        MM        MM


SUNRISE AND SUNSET
JULY 22 2014..........SUNRISE   542 AM CDT   SUNSET   816 PM CDT
JULY 23 2014..........SUNRISE   543 AM CDT   SUNSET   815 PM CDT


-  INDICATES NEGATIVE NUMBERS.
R  INDICATES RECORD WAS SET OR TIED.
MM INDICATES DATA IS MISSING.
T  INDICATES TRACE AMOUNT.




$$
