000
CDUS43 KILX 170647
CLICMI


CLIMATE REPORT
NATIONAL WEATHER SERVICE LINCOLN IL
1247 AM CST SUN DEC 17 2017


...................................

...THE CHAMPAIGN IL AIRPORT CLIMATE SUMMARY FOR DECEMBER 16 2017...

CLIMATE NORMAL PERIOD 1981 TO 2010
CLIMATE RECORD PERIOD 9999 TO 9999


WEATHER ITEM   OBSERVED TIME   RECORD YEAR NORMAL DEPARTURE LAST
                VALUE   (LST)  VALUE       VALUE  FROM      YEAR
                                                  NORMAL
..................................................................
TEMPERATURE (F)
 YESTERDAY
  MAXIMUM         54    315 PM  MM      MM  36     18       28
  MINIMUM         30    551 AM  MM      MM  21      9       15
  AVERAGE         42                        28     14       22

PRECIPITATION (IN)
  YESTERDAY        0.00         MM      MM   0.07  -0.07     0.02
  MONTH TO DATE    0.08                      1.23  -1.15     0.61
  SINCE DEC 1      0.08                      1.23  -1.15     0.61
  SINCE JAN 1     31.73                     38.43  -6.70    36.22

DEGREE DAYS
 HEATING
  YESTERDAY       23                        37    -14       43
  MONTH TO DATE  486                       544    -58      596
  SINCE DEC 1    486                       544    -58      596
  SINCE JUL 1   1437                      1708   -271     1329

 COOLING
  YESTERDAY        0                         0      0        0
  MONTH TO DATE    0                         0      0        0
  SINCE DEC 1      0                         0      0        0
  SINCE JAN 1   1126                       945    181     1284
..................................................................


WIND (MPH)
  HIGHEST WIND SPEED    26   HIGHEST WIND DIRECTION    SW (220)
  HIGHEST GUST SPEED    32   HIGHEST GUST DIRECTION    SW (220)
  AVERAGE WIND SPEED    14.6


SKY COVER
  POSSIBLE SUNSHINE  MM
  AVERAGE SKY COVER 0.1


WEATHER CONDITIONS
 THE FOLLOWING WEATHER WAS RECORDED YESTERDAY.
  NO SIGNIFICANT WEATHER WAS OBSERVED.


RELATIVE HUMIDITY (PERCENT)
 HIGHEST    78           400 AM
 LOWEST     38           200 PM
 AVERAGE    58

..........................................................


THE CHAMPAIGN IL AIRPORT CLIMATE NORMALS FOR TODAY
                         NORMAL    RECORD    YEAR
 MAXIMUM TEMPERATURE (F)   36        MM        MM
 MINIMUM TEMPERATURE (F)   21        MM        MM


SUNRISE AND SUNSET
DECEMBER 17 2017......SUNRISE   709 AM CST   SUNSET   429 PM CST
DECEMBER 18 2017......SUNRISE   710 AM CST   SUNSET   430 PM CST


-  INDICATES NEGATIVE NUMBERS.
R  INDICATES RECORD WAS SET OR TIED.
MM INDICATES DATA IS MISSING.
T  INDICATES TRACE AMOUNT.




$$
