000
CDUS43 KILX 300651
CLICMI


CLIMATE REPORT
NATIONAL WEATHER SERVICE LINCOLN IL
139 AM CDT SUN APR 30 2017


...................................

...THE CHAMPAIGN IL AIRPORT CLIMATE SUMMARY FOR APRIL 29 2017...

CLIMATE NORMAL PERIOD 1981 TO 2010
CLIMATE RECORD PERIOD 9999 TO 9999


WEATHER ITEM   OBSERVED TIME   RECORD YEAR NORMAL DEPARTURE LAST
                VALUE   (LST)  VALUE       VALUE  FROM      YEAR
                                                  NORMAL
..................................................................
TEMPERATURE (F)
 YESTERDAY
  MAXIMUM         60    859 PM  MM      MM  69     -9       60
  MINIMUM         48    535 AM  MM      MM  45      3       44
  AVERAGE         54                        57     -3       52

PRECIPITATION (IN)
  YESTERDAY        1.39         MM      MM   0.16   1.23     0.00
  MONTH TO DATE    4.71                      3.62   1.09     2.57
  SINCE MAR 1      6.86                      6.37   0.49     5.62
  SINCE JAN 1      9.60                     10.44  -0.84     7.28

DEGREE DAYS
 HEATING
  YESTERDAY       11                         9      2       13
  MONTH TO DATE  234                       400   -166      374
  SINCE MAR 1    902                      1156   -254      909
  SINCE JUL 1   4421                      5658  -1237     4596

 COOLING
  YESTERDAY        0                         1     -1        0
  MONTH TO DATE   24                         3     21       14
  SINCE MAR 1     24                         4     20       14
  SINCE JAN 1     24                         4     20       14
..................................................................


WIND (MPH)
  HIGHEST WIND SPEED    38   HIGHEST WIND DIRECTION     E (70)
  HIGHEST GUST SPEED    47   HIGHEST GUST DIRECTION     E (70)
  AVERAGE WIND SPEED    15.8


SKY COVER
  POSSIBLE SUNSHINE  MM
  AVERAGE SKY COVER 1.0


WEATHER CONDITIONS
 THE FOLLOWING WEATHER WAS RECORDED YESTERDAY.
  THUNDERSTORM
  HEAVY RAIN
  RAIN
  LIGHT RAIN
  FOG
  FOG W/VISIBILITY <= 1/4 MILE


RELATIVE HUMIDITY (PERCENT)
 HIGHEST    93          1200 AM
 LOWEST     86          1000 AM
 AVERAGE    90

..........................................................


THE CHAMPAIGN IL AIRPORT CLIMATE NORMALS FOR TODAY
                         NORMAL    RECORD    YEAR
 MAXIMUM TEMPERATURE (F)   69        MM        MM
 MINIMUM TEMPERATURE (F)   45        MM        MM


SUNRISE AND SUNSET
APRIL 30 2017.........SUNRISE   554 AM CDT   SUNSET   747 PM CDT
MAY  1 2017...........SUNRISE   553 AM CDT   SUNSET   748 PM CDT


-  INDICATES NEGATIVE NUMBERS.
R  INDICATES RECORD WAS SET OR TIED.
MM INDICATES DATA IS MISSING.
T  INDICATES TRACE AMOUNT.




$$
