000
CDUS43 KILX 180717
CLICMI


CLIMATE REPORT
NATIONAL WEATHER SERVICE LINCOLN IL
114 AM CST WED JAN 18 2017


...................................

...THE CHAMPAIGN IL AIRPORT CLIMATE SUMMARY FOR JANUARY 17 2017...

CLIMATE NORMAL PERIOD 1981 TO 2010
CLIMATE RECORD PERIOD 9999 TO 9999


WEATHER ITEM   OBSERVED TIME   RECORD YEAR NORMAL DEPARTURE LAST
                VALUE   (LST)  VALUE       VALUE  FROM      YEAR
                                                  NORMAL
..................................................................
TEMPERATURE (F)
 YESTERDAY
  MAXIMUM         56    209 AM  MM      MM  33     23       23
  MINIMUM         36   1159 PM  MM      MM  17     19        2
  AVERAGE         46                        25     21       13

PRECIPITATION (IN)
  YESTERDAY        0.02         MM      MM   0.08  -0.06      T
  MONTH TO DATE    1.23                      1.30  -0.07     0.65
  SINCE DEC 1      2.38                      3.82  -1.44     7.32
  SINCE JAN 1      1.23                      1.30  -0.07     0.65

DEGREE DAYS
 HEATING
  YESTERDAY       19                        40    -21       52
  MONTH TO DATE  622                       676    -54      624
  SINCE DEC 1   1728                      1793    -65     1362
  SINCE JUL 1   2461                      2957   -496     2229

 COOLING
  YESTERDAY        0                         0      0        0
  MONTH TO DATE    0                         0      0        0
  SINCE DEC 1      0                         0      0        0
  SINCE JAN 1      0                         0      0        0
..................................................................


WIND (MPH)
  HIGHEST WIND SPEED    25   HIGHEST WIND DIRECTION     W (270)
  HIGHEST GUST SPEED    31   HIGHEST GUST DIRECTION    SW (210)
  AVERAGE WIND SPEED    17.4


SKY COVER
  POSSIBLE SUNSHINE  MM
  AVERAGE SKY COVER 1.0


WEATHER CONDITIONS
 THE FOLLOWING WEATHER WAS RECORDED YESTERDAY.
  LIGHT RAIN
  FOG


RELATIVE HUMIDITY (PERCENT)
 HIGHEST    96           800 AM
 LOWEST     83          1100 AM
 AVERAGE    90

..........................................................


THE CHAMPAIGN IL AIRPORT CLIMATE NORMALS FOR TODAY
                         NORMAL    RECORD    YEAR
 MAXIMUM TEMPERATURE (F)   33        MM        MM
 MINIMUM TEMPERATURE (F)   17        MM        MM


SUNRISE AND SUNSET
JANUARY 18 2017.......SUNRISE   712 AM CST   SUNSET   456 PM CST
JANUARY 19 2017.......SUNRISE   711 AM CST   SUNSET   457 PM CST


-  INDICATES NEGATIVE NUMBERS.
R  INDICATES RECORD WAS SET OR TIED.
MM INDICATES DATA IS MISSING.
T  INDICATES TRACE AMOUNT.




$$
