000
CDUS43 KILX 240642
CLICMI


CLIMATE REPORT
NATIONAL WEATHER SERVICE LINCOLN IL
142 AM CDT SAT JUN 24 2017


...................................

...THE CHAMPAIGN IL AIRPORT CLIMATE SUMMARY FOR JUNE 23 2017...

CLIMATE NORMAL PERIOD 1981 TO 2010
CLIMATE RECORD PERIOD 9999 TO 9999


WEATHER ITEM   OBSERVED TIME   RECORD YEAR NORMAL DEPARTURE LAST
                VALUE   (LST)  VALUE       VALUE  FROM      YEAR
                                                  NORMAL
..................................................................
TEMPERATURE (F)
 YESTERDAY
  MAXIMUM         82    314 PM  MM      MM  85     -3       89
  MINIMUM         61   1159 PM  MM      MM  63     -2       68
  AVERAGE         72                        74     -2       79

PRECIPITATION (IN)
  YESTERDAY        T            MM      MM   0.13  -0.13     0.00
  MONTH TO DATE    1.10                      3.38  -2.28     5.03
  SINCE JUN 1      1.10                      3.38  -2.28     5.03
  SINCE JAN 1     17.22                     18.54  -1.32    15.54

DEGREE DAYS
 HEATING
  YESTERDAY        0                         0      0        0
  MONTH TO DATE    0                        14    -14        1
  SINCE JUN 1      0                        14    -14        1
  SINCE JUL 1   4572                      5820  -1248     4760

 COOLING
  YESTERDAY        7                         9     -2       14
  MONTH TO DATE  241                       159     82      232
  SINCE JUN 1    241                       159     82      232
  SINCE JAN 1    340                       251     89      332
..................................................................


WIND (MPH)
  HIGHEST WIND SPEED    20   HIGHEST WIND DIRECTION    NW (330)
  HIGHEST GUST SPEED    27   HIGHEST GUST DIRECTION     N (20)
  AVERAGE WIND SPEED    10.3


SKY COVER
  POSSIBLE SUNSHINE  MM
  AVERAGE SKY COVER 0.6


WEATHER CONDITIONS
 THE FOLLOWING WEATHER WAS RECORDED YESTERDAY.
  LIGHT RAIN


RELATIVE HUMIDITY (PERCENT)
 HIGHEST    94           300 AM
 LOWEST     36           400 PM
 AVERAGE    65

..........................................................


THE CHAMPAIGN IL AIRPORT CLIMATE NORMALS FOR TODAY
                         NORMAL    RECORD    YEAR
 MAXIMUM TEMPERATURE (F)   85        MM        MM
 MINIMUM TEMPERATURE (F)   63        MM        MM


SUNRISE AND SUNSET
JUNE 24 2017..........SUNRISE   525 AM CDT   SUNSET   826 PM CDT
JUNE 25 2017..........SUNRISE   526 AM CDT   SUNSET   826 PM CDT


-  INDICATES NEGATIVE NUMBERS.
R  INDICATES RECORD WAS SET OR TIED.
MM INDICATES DATA IS MISSING.
T  INDICATES TRACE AMOUNT.




$$
