000
CDUS43 KILX 210642
CLICMI


CLIMATE REPORT
NATIONAL WEATHER SERVICE LINCOLN IL
138 AM CDT MON AUG 21 2017


...................................

...THE CHAMPAIGN IL AIRPORT CLIMATE SUMMARY FOR AUGUST 20 2017...

CLIMATE NORMAL PERIOD 1981 TO 2010
CLIMATE RECORD PERIOD 9999 TO 9999


WEATHER ITEM   OBSERVED TIME   RECORD YEAR NORMAL DEPARTURE LAST
                VALUE   (LST)  VALUE       VALUE  FROM      YEAR
                                                  NORMAL
..................................................................
TEMPERATURE (F)
 YESTERDAY
  MAXIMUM         91    311 PM  MM      MM  83      8       80
  MINIMUM         63    501 AM  MM      MM  61      2       63
  AVERAGE         77                        72      5       72

PRECIPITATION (IN)
  YESTERDAY        0.00         MM      MM   0.13  -0.13     0.25
  MONTH TO DATE    0.15                      2.07  -1.92     3.24
  SINCE JUN 1      4.95                     10.58  -5.63    13.24
  SINCE JAN 1     21.07                     25.74  -4.67    23.75

DEGREE DAYS
 HEATING
  YESTERDAY        0                         0      0        0
  MONTH TO DATE    4                         0      4        0
  SINCE JUN 1      7                        19    -12       10
  SINCE JUL 1      4                         2      2        8

 COOLING
  YESTERDAY       12                         7      5        7
  MONTH TO DATE  126                       157    -31      221
  SINCE JUN 1    736                       662     74      819
  SINCE JAN 1    835                       754     81      919
..................................................................


WIND (MPH)
  HIGHEST WIND SPEED    10   HIGHEST WIND DIRECTION     S (190)
  HIGHEST GUST SPEED    15   HIGHEST GUST DIRECTION     S (190)
  AVERAGE WIND SPEED     5.6


SKY COVER
  POSSIBLE SUNSHINE  MM
  AVERAGE SKY COVER 0.1


WEATHER CONDITIONS
 THE FOLLOWING WEATHER WAS RECORDED YESTERDAY.
  FOG


RELATIVE HUMIDITY (PERCENT)
 HIGHEST    93           100 AM
 LOWEST     52           200 PM
 AVERAGE    73

..........................................................


THE CHAMPAIGN IL AIRPORT CLIMATE NORMALS FOR TODAY
                         NORMAL    RECORD    YEAR
 MAXIMUM TEMPERATURE (F)   83        MM        MM
 MINIMUM TEMPERATURE (F)   61        MM        MM


SUNRISE AND SUNSET
AUGUST 21 2017........SUNRISE   611 AM CDT   SUNSET   741 PM CDT
AUGUST 22 2017........SUNRISE   612 AM CDT   SUNSET   740 PM CDT


-  INDICATES NEGATIVE NUMBERS.
R  INDICATES RECORD WAS SET OR TIED.
MM INDICATES DATA IS MISSING.
T  INDICATES TRACE AMOUNT.




$$
