000
CDUS43 KILX 260640
CLICMI


CLIMATE REPORT
NATIONAL WEATHER SERVICE LINCOLN IL
1239 AM CST WED NOV 26 2014


...................................

...THE CHAMPAIGN IL AIRPORT CLIMATE SUMMARY FOR NOVEMBER 25 2014...

CLIMATE NORMAL PERIOD 1981 TO 2010
CLIMATE RECORD PERIOD 9999 TO 9999


WEATHER ITEM   OBSERVED TIME   RECORD YEAR NORMAL DEPARTURE LAST
                VALUE   (LST)  VALUE       VALUE  FROM      YEAR
                                                  NORMAL
..................................................................
TEMPERATURE (F)
 YESTERDAY
  MAXIMUM         32    306 AM  MM      MM  46    -14       34
  MINIMUM         20   1146 PM  MM      MM  28     -8       22
  AVERAGE         26                        37    -11       28

PRECIPITATION (IN)
  YESTERDAY        0.00         MM      MM   0.12  -0.12      T
  MONTH TO DATE    2.22                      2.91  -0.69     1.13
  SINCE SEP 1      8.82                      9.33  -0.51     5.68
  SINCE JAN 1     37.39                     36.61   0.78    29.89

DEGREE DAYS
 HEATING
  YESTERDAY       39                        28     11       37
  MONTH TO DATE  746                       555    191      623
  SINCE SEP 1   1179                      1007    172     1000
  SINCE JUL 1   1188                      1016    172     1015

 COOLING
  YESTERDAY        0                         0      0        0
  MONTH TO DATE    0                         0      0        0
  SINCE SEP 1     92                       117    -25      214
  SINCE JAN 1    948                       944      4     1067
..................................................................


WIND (MPH)
  HIGHEST WIND SPEED    22   HIGHEST WIND DIRECTION     W (290)
  HIGHEST GUST SPEED    26   HIGHEST GUST DIRECTION     W (290)
  AVERAGE WIND SPEED    10.3


SKY COVER
  POSSIBLE SUNSHINE  MM
  AVERAGE SKY COVER 0.9


WEATHER CONDITIONS
 THE FOLLOWING WEATHER WAS RECORDED YESTERDAY.
  NO SIGNIFICANT WEATHER WAS OBSERVED.


RELATIVE HUMIDITY (PERCENT)
 HIGHEST    92          1100 PM
 LOWEST     75           600 AM
 AVERAGE    84

..........................................................


THE CHAMPAIGN IL AIRPORT CLIMATE NORMALS FOR TODAY
                         NORMAL    RECORD    YEAR
 MAXIMUM TEMPERATURE (F)   45        MM        MM
 MINIMUM TEMPERATURE (F)   28        MM        MM


SUNRISE AND SUNSET
NOVEMBER 26 2014......SUNRISE   651 AM CST   SUNSET   430 PM CST
NOVEMBER 27 2014......SUNRISE   652 AM CST   SUNSET   430 PM CST


-  INDICATES NEGATIVE NUMBERS.
R  INDICATES RECORD WAS SET OR TIED.
MM INDICATES DATA IS MISSING.
T  INDICATES TRACE AMOUNT.




$$
