000
CDUS43 KTOP 210632
CLICNK


CLIMATE REPORT
NATIONAL WEATHER SERVICE TOPEKA KS
132 AM CDT MON APR 21 2014


...................................

...THE CONCORDIA KS CLIMATE SUMMARY FOR APRIL 20 2014...

CLIMATE NORMAL PERIOD 1981 TO 2010
CLIMATE RECORD PERIOD 1885 TO 2014


WEATHER ITEM   OBSERVED TIME   RECORD YEAR NORMAL DEPARTURE LAST
                VALUE   (LST)  VALUE       VALUE  FROM      YEAR
                                                  NORMAL
..................................................................
TEMPERATURE (F)
 YESTERDAY
  MAXIMUM         80   1233 PM 100    1902  66     14       58
  MINIMUM         59    523 AM  25    1953  43     16       29
  AVERAGE         70                        55     15       44

PRECIPITATION (IN)
  YESTERDAY        0.01          1.30 1933   0.08  -0.07     0.00
  MONTH TO DATE    0.57                      1.52  -0.95     2.80
  SINCE MAR 1      0.80                      3.53  -2.73     3.69
  SINCE JAN 1      1.99                      4.90  -2.91     5.17

SNOWFALL (IN)
  YESTERDAY        0.0           T    1992   0.0    0.0      0.0
  MONTH TO DATE    T                         0.5   -0.5      0.2
  SINCE JAN 1     16.9                      13.7    3.2     18.1
  SINCE JUL 1     23.2                      20.2    3.0     26.6
  SNOW DEPTH       0

DEGREE DAYS
 HEATING
  YESTERDAY        0                        11    -11       21
  MONTH TO DATE  278                       278      0      394
  SINCE MAR 1   1074                       962    112     1211
  SINCE JUL 1   5556                      5169    387     5230

 COOLING
  YESTERDAY        5                         1      4        0
  MONTH TO DATE   15                         5     10        0
  SINCE MAR 1     15                         6      9        0
  SINCE JAN 1     15                         6      9        0
..................................................................


WIND (MPH)
  HIGHEST WIND SPEED    25   HIGHEST WIND DIRECTION     S (180)
  HIGHEST GUST SPEED    31   HIGHEST GUST DIRECTION     S (180)
  AVERAGE WIND SPEED    16.5


SKY COVER
  AVERAGE SKY COVER 0.3


WEATHER CONDITIONS
 THE FOLLOWING WEATHER WAS RECORDED YESTERDAY.
  LIGHT RAIN


RELATIVE HUMIDITY (PERCENT)
 HIGHEST    90          1100 PM
 LOWEST     39          1200 PM
 AVERAGE    65

..........................................................


THE CONCORDIA KS CLIMATE NORMALS FOR TODAY
                         NORMAL    RECORD    YEAR
 MAXIMUM TEMPERATURE (F)   67        93      1989
                                             1888
 MINIMUM TEMPERATURE (F)   43        24      1966


SUNRISE AND SUNSET
APRIL 21 2014.........SUNRISE   645 AM CDT   SUNSET   815 PM CDT
APRIL 22 2014.........SUNRISE   643 AM CDT   SUNSET   816 PM CDT


-  INDICATES NEGATIVE NUMBERS.
R  INDICATES RECORD WAS SET OR TIED.
MM INDICATES DATA IS MISSING.
T  INDICATES TRACE AMOUNT.




$$
