230
CDUS43 KTOP 300643
CLICNK


CLIMATE REPORT
NATIONAL WEATHER SERVICE TOPEKA KS
142 AM CDT THU MAR 30 2017


...................................

...THE CONCORDIA KS CLIMATE SUMMARY FOR MARCH 29 2017...

CLIMATE NORMAL PERIOD 1981 TO 2010
CLIMATE RECORD PERIOD 1885 TO 2017


WEATHER ITEM   OBSERVED TIME   RECORD YEAR NORMAL DEPARTURE LAST
                VALUE   (LST)  VALUE       VALUE  FROM      YEAR
                                                  NORMAL
..................................................................
TEMPERATURE (F)
 YESTERDAY
  MAXIMUM         47    622 AM  88    1986  60    -13       65
  MINIMUM         41   1159 PM  11    1886  35      6       40
  AVERAGE         44                        47     -3       53

PRECIPITATION (IN)
  YESTERDAY        1.53R         1.08 1976   0.08   1.45     0.00
  MONTH TO DATE    2.80                      1.84   0.96     0.45
  SINCE MAR 1      2.80                      1.84   0.96     0.45
  SINCE JAN 1      4.65                      3.21   1.44     2.01

SNOWFALL (IN)
  YESTERDAY        0.0           1.2  1976   0.1   -0.1      0.0
  MONTH TO DATE    0.8                       2.6   -1.8       T
  SINCE JAN 1      2.1                      13.0  -10.9     12.3
  SINCE JUL 1      4.3                      19.5  -15.2     13.6
  SNOW DEPTH       0

DEGREE DAYS
 HEATING
  YESTERDAY       21                        18      3       12
  MONTH TO DATE  527                       650   -123      468
  SINCE MAR 1    527                       650   -123      468
  SINCE JUL 1   4028                      4857   -829     3939

 COOLING
  YESTERDAY        0                         0      0        0
  MONTH TO DATE    4                         0      4        3
  SINCE MAR 1      4                         0      4        3
  SINCE JAN 1      4                         0      4        3
..................................................................


WIND (MPH)
  HIGHEST WIND SPEED    28   HIGHEST WIND DIRECTION    NE (30)
  HIGHEST GUST SPEED    38   HIGHEST GUST DIRECTION    NE (30)
  AVERAGE WIND SPEED    17.8


SKY COVER
  AVERAGE SKY COVER 1.0


WEATHER CONDITIONS
 THE FOLLOWING WEATHER WAS RECORDED YESTERDAY.
  HEAVY RAIN
  RAIN
  LIGHT RAIN
  FOG


RELATIVE HUMIDITY (PERCENT)
 HIGHEST   100          1200 AM
 LOWEST     92           200 PM
 AVERAGE    96

..........................................................


THE CONCORDIA KS CLIMATE NORMALS FOR TODAY
                         NORMAL    RECORD    YEAR
 MAXIMUM TEMPERATURE (F)   60        89      1917
 MINIMUM TEMPERATURE (F)   36         8      1886


SUNRISE AND SUNSET
MARCH 30 2017.........SUNRISE   718 AM CDT   SUNSET   753 PM CDT
MARCH 31 2017.........SUNRISE   716 AM CDT   SUNSET   754 PM CDT


-  INDICATES NEGATIVE NUMBERS.
R  INDICATES RECORD WAS SET OR TIED.
MM INDICATES DATA IS MISSING.
T  INDICATES TRACE AMOUNT.




$$
