000
CDUS43 KTOP 012241
CLICNK


CLIMATE REPORT
NATIONAL WEATHER SERVICE TOPEKA KS
440 PM CST SUN FEB 1 2015


...................................

...THE CONCORDIA KS CLIMATE SUMMARY FOR FEBRUARY 1 2015...
VALID TODAY AS OF 0400 PM LOCAL TIME.

CLIMATE NORMAL PERIOD 1981 TO 2010
CLIMATE RECORD PERIOD 1885 TO 2015


WEATHER ITEM   OBSERVED TIME   RECORD YEAR NORMAL DEPARTURE LAST
                VALUE   (LST)  VALUE       VALUE  FROM      YEAR
                                                  NORMAL
..................................................................
TEMPERATURE (F)
 TODAY
  MAXIMUM         34    123 AM  72    1992  40     -6       27
  MINIMUM         12    359 PM -15    1979  19     -7       15
                                      1917
  AVERAGE         23                        30     -7       21

PRECIPITATION (IN)
  TODAY            0.15          0.51 1919   0.03   0.12      T
  MONTH TO DATE    0.15                      0.03   0.12      T
  SINCE DEC 1      2.06                      1.46   0.60     0.97
  SINCE JAN 1      1.32                      0.61   0.71     0.43

SNOWFALL (IN)
  TODAY            0.6           6.4  1983   0.2    0.4      0.2
  MONTH TO DATE    0.6                       0.2    0.4      0.2
  SINCE JAN 1      2.9                       5.9   -3.0      5.8
  SINCE JUL 1      9.0                      12.4   -3.4     12.1
  SNOW DEPTH       1

DEGREE DAYS
 HEATING
  TODAY           42                        35      7       44
  MONTH TO DATE   42                        35      7       44
  SINCE DEC 1   2044                      2247   -203     2393
  SINCE JUL 1   3207                      3339   -132     3449

 COOLING
  TODAY            0                         0      0        0
  MONTH TO DATE    0                         0      0        0
  SINCE DEC 1      0                         0      0        0
  SINCE JAN 1      0                         0      0        0
..................................................................


WIND (MPH)
  HIGHEST WIND SPEED    35   HIGHEST WIND DIRECTION     N (340)
  HIGHEST GUST SPEED    45   HIGHEST GUST DIRECTION     N (350)
  AVERAGE WIND SPEED    20.7



WEATHER CONDITIONS
 THE FOLLOWING WEATHER WAS RECORDED TODAY.
  LIGHT RAIN
  SNOW
  LIGHT SNOW
  FOG
  BLOWING SNOW


RELATIVE HUMIDITY (PERCENT)
 HIGHEST   100          1200 AM
 LOWEST     76           300 PM
 AVERAGE    88

..........................................................


THE CONCORDIA KS CLIMATE NORMALS FOR TOMORROW
                         NORMAL    RECORD    YEAR
 MAXIMUM TEMPERATURE (F)   40        70      1992
                                             1935
 MINIMUM TEMPERATURE (F)   19       -14      1996
                                             1917


SUNRISE AND SUNSET
FEBRUARY  1 2015......SUNRISE   738 AM CST   SUNSET   550 PM CST
FEBRUARY  2 2015......SUNRISE   737 AM CST   SUNSET   552 PM CST


-  INDICATES NEGATIVE NUMBERS.
R  INDICATES RECORD WAS SET OR TIED.
MM INDICATES DATA IS MISSING.
T  INDICATES TRACE AMOUNT.




$$
