000
CDUS45 KGJT 222347
CLICNY


CLIMATE REPORT
NATIONAL WEATHER SERVICE GRAND JUNCTION CO
446 PM MST WED FEB 22 2017


...................................

...THE CANYONLANDS AIRPORT UT CLIMATE SUMMARY FOR FEBRUARY 22 2017...
VALID TODAY AS OF 0400 PM LOCAL TIME.

CLIMATE NORMAL PERIOD 1981 TO 2010
CLIMATE RECORD PERIOD 9999 TO 9999


WEATHER ITEM   OBSERVED TIME   RECORD YEAR NORMAL DEPARTURE LAST
                VALUE   (LST)  VALUE       VALUE  FROM      YEAR
                                                  NORMAL
..................................................................
TEMPERATURE (F)
 TODAY
  MAXIMUM         64    341 PM  MM      MM  50     14       55
  MINIMUM         40    653 AM  MM      MM  26     14       30
  AVERAGE         52                        38     14       43

PRECIPITATION (IN)
  TODAY            0.00         MM      MM   0.01  -0.01     0.00
  MONTH TO DATE    0.11                      0.42  -0.31     0.64
  SINCE DEC 1      0.90                      1.66  -0.76     1.19
  SINCE JAN 1      0.63                      1.06  -0.43     1.00

SNOWFALL (IN)
  TODAY           MM            MM      MM  MM     MM       MM
  MONTH TO DATE   MM                        MM     MM       MM
  SINCE DEC 1     MM                        MM     MM       MM
  SINCE JUL 1     MM                        MM     MM       MM
  SNOW DEPTH      MM

DEGREE DAYS
 HEATING
  TODAY           13                        27    -14       22
  MONTH TO DATE  429                       678   -249      743
  SINCE DEC 1   2516                      3044   -528     3096
  SINCE JUL 1   3285                      4253   -968     4025

 COOLING
  TODAY            0                         0      0        0
  MONTH TO DATE    0                         0      0        0
  SINCE DEC 1      0                         0      0        0
  SINCE JAN 1      0                         0      0        0
..................................................................


WIND (MPH)
  HIGHEST WIND SPEED    25   HIGHEST WIND DIRECTION    SW (210)
  HIGHEST GUST SPEED    32   HIGHEST GUST DIRECTION    SW (230)
  AVERAGE WIND SPEED    11.6


SKY COVER
  POSSIBLE SUNSHINE  MM
  AVERAGE SKY COVER 0.1


WEATHER CONDITIONS
 THE FOLLOWING WEATHER WAS RECORDED TODAY.
  NO SIGNIFICANT WEATHER WAS OBSERVED.


RELATIVE HUMIDITY (PERCENT)
 HIGHEST    79           700 AM
 LOWEST     20           400 PM
 AVERAGE    50

..........................................................


THE CANYONLANDS AIRPORT UT CLIMATE NORMALS FOR TOMORROW
                         NORMAL    RECORD    YEAR
 MAXIMUM TEMPERATURE (F)   50        MM        MM
 MINIMUM TEMPERATURE (F)   26        MM        MM


SUNRISE AND SUNSET
FEBRUARY 22 2017......SUNRISE   701 AM MST   SUNSET   605 PM MST
FEBRUARY 23 2017......SUNRISE   659 AM MST   SUNSET   606 PM MST


-  INDICATES NEGATIVE NUMBERS.
R  INDICATES RECORD WAS SET OR TIED.
MM INDICATES DATA IS MISSING.
T  INDICATES TRACE AMOUNT.




$$
