000
CDUS45 KGJT 270748
CLICNY


CLIMATE REPORT
NATIONAL WEATHER SERVICE GRAND JUNCTION CO
146 AM MDT WED MAY 27 2015


...................................

...THE CANYONLANDS AIRPORT UT CLIMATE SUMMARY FOR MAY 26 2015...

CLIMATE NORMAL PERIOD 1981 TO 2010
CLIMATE RECORD PERIOD 9999 TO 9999


WEATHER ITEM   OBSERVED TIME   RECORD YEAR NORMAL DEPARTURE LAST
                VALUE   (LST)  VALUE       VALUE  FROM      YEAR
                                                  NORMAL
..................................................................
TEMPERATURE (F)
 YESTERDAY
  MAXIMUM         76    423 PM  MM      MM  83     -7       78
  MINIMUM         47    401 AM  MM      MM  50     -3       49
  AVERAGE         62                        66     -4       64

PRECIPITATION (IN)
  YESTERDAY        0.03         MM      MM   0.01   0.02     0.00
  MONTH TO DATE    1.36                      0.50   0.86     1.44
  SINCE MAR 1      1.98                      1.96   0.02     2.05
  SINCE JAN 1      2.55                      3.12  -0.57     2.38

SNOWFALL (IN)
  YESTERDAY       MM            MM      MM  MM     MM       MM
  MONTH TO DATE   MM                        MM     MM       MM
  SINCE MAR 1     MM                        MM     MM       MM
  SINCE JUL 1     MM                        MM     MM       MM
  SNOW DEPTH      MM

DEGREE DAYS
 HEATING
  YESTERDAY        3                         2      1        1
  MONTH TO DATE  132                       125      7      149
  SINCE MAR 1   1015                      1141   -126     1063
  SINCE JUL 1   4732                      5550   -818     5811

 COOLING
  YESTERDAY        0                         3     -3        0
  MONTH TO DATE   13                        39    -26       38
  SINCE MAR 1     14                        42    -28       41
  SINCE JAN 1     14                        42    -28       41
..................................................................


WIND (MPH)
  HIGHEST WIND SPEED    26   HIGHEST WIND DIRECTION     N (350)
  HIGHEST GUST SPEED    32   HIGHEST GUST DIRECTION     N (350)
  AVERAGE WIND SPEED     9.4


SKY COVER
  POSSIBLE SUNSHINE  MM
  AVERAGE SKY COVER 0.3


WEATHER CONDITIONS
 THE FOLLOWING WEATHER WAS RECORDED YESTERDAY.
  THUNDERSTORM
  LIGHT RAIN


RELATIVE HUMIDITY (PERCENT)
 HIGHEST    82           400 AM
 LOWEST     29           400 PM
 AVERAGE    56

..........................................................


THE CANYONLANDS AIRPORT UT CLIMATE NORMALS FOR TODAY
                         NORMAL    RECORD    YEAR
 MAXIMUM TEMPERATURE (F)   83        MM        MM
 MINIMUM TEMPERATURE (F)   50        MM        MM


SUNRISE AND SUNSET
MAY 27 2015...........SUNRISE   558 AM MDT   SUNSET   834 PM MDT
MAY 28 2015...........SUNRISE   558 AM MDT   SUNSET   835 PM MDT


-  INDICATES NEGATIVE NUMBERS.
R  INDICATES RECORD WAS SET OR TIED.
MM INDICATES DATA IS MISSING.
T  INDICATES TRACE AMOUNT.




$$
