000
CDUS45 KGJT 022324
CLICNY


CLIMATE REPORT
NATIONAL WEATHER SERVICE GRAND JUNCTION CO
522 PM MDT MON MAY 2 2016


...................................

...THE CANYONLANDS AIRPORT UT CLIMATE SUMMARY FOR MAY 2 2016...
VALID TODAY AS OF 0500 PM LOCAL TIME.

CLIMATE NORMAL PERIOD 1981 TO 2010
CLIMATE RECORD PERIOD 9999 TO 9999


WEATHER ITEM   OBSERVED TIME   RECORD YEAR NORMAL DEPARTURE LAST
                VALUE   (LST)  VALUE       VALUE  FROM      YEAR
                                                  NORMAL
..................................................................
TEMPERATURE (F)
 TODAY
  MAXIMUM         68    307 PM  MM      MM  72     -4       86
  MINIMUM         47    137 AM  MM      MM  43      4       49
  AVERAGE         58                        58      0       68

PRECIPITATION (IN)
  TODAY            0.00         MM      MM   0.02  -0.02     0.00
  MONTH TO DATE    0.00                      0.04  -0.04     0.00
  SINCE MAR 1      1.31                      1.50  -0.19     0.62
  SINCE JAN 1      2.31                      2.66  -0.35     1.19

SNOWFALL (IN)
  TODAY           MM            MM      MM  MM     MM       MM
  MONTH TO DATE   MM                        MM     MM       MM
  SINCE MAR 1     MM                        MM     MM       MM
  SINCE JUL 1     MM                        MM     MM       MM
  SNOW DEPTH      MM

DEGREE DAYS
 HEATING
  TODAY            7                         8     -1        0
  MONTH TO DATE   24                        16      8        0
  SINCE MAR 1    883                      1032   -149      883
  SINCE JUL 1   5058                      5441   -383     4600

 COOLING
  TODAY            0                         0      0        3
  MONTH TO DATE    0                         0      0        6
  SINCE MAR 1      3                         3      0        7
  SINCE JAN 1      3                         3      0        7
..................................................................


WIND (MPH)
  HIGHEST WIND SPEED    14   HIGHEST WIND DIRECTION    SE (130)
  HIGHEST GUST SPEED    16   HIGHEST GUST DIRECTION    SE (120)
  AVERAGE WIND SPEED     4.8


SKY COVER
  POSSIBLE SUNSHINE  MM
  AVERAGE SKY COVER 0.8


WEATHER CONDITIONS
 THE FOLLOWING WEATHER WAS RECORDED TODAY.
  NO SIGNIFICANT WEATHER WAS OBSERVED.


RELATIVE HUMIDITY (PERCENT)
 HIGHEST    71           100 AM
 LOWEST     31           300 PM
 AVERAGE    51

..........................................................


THE CANYONLANDS AIRPORT UT CLIMATE NORMALS FOR TOMORROW
                         NORMAL    RECORD    YEAR
 MAXIMUM TEMPERATURE (F)   73        MM        MM
 MINIMUM TEMPERATURE (F)   43        MM        MM


SUNRISE AND SUNSET
MAY  2 2016...........SUNRISE   620 AM MDT   SUNSET   813 PM MDT
MAY  3 2016...........SUNRISE   618 AM MDT   SUNSET   814 PM MDT


-  INDICATES NEGATIVE NUMBERS.
R  INDICATES RECORD WAS SET OR TIED.
MM INDICATES DATA IS MISSING.
T  INDICATES TRACE AMOUNT.




$$
