000
CDUS41 KGYX 240803
CLICON


CLIMATE REPORT
NATIONAL WEATHER SERVICE GRAY ME
402 AM EDT SUN JUL 24 2016


...................................

...THE CONCORD NH CLIMATE SUMMARY FOR JULY 23 2016...

CLIMATE NORMAL PERIOD 1981 TO 2010
CLIMATE RECORD PERIOD 1868 TO 2016


WEATHER ITEM   OBSERVED TIME   RECORD YEAR NORMAL DEPARTURE LAST
                VALUE   (LST)  VALUE       VALUE  FROM      YEAR
                                                  NORMAL
..................................................................
TEMPERATURE (F)
 YESTERDAY
  MAXIMUM         95    252 PM 100    1978  83     12       81
  MINIMUM         64    455 AM  41    1871  58      6       53
  AVERAGE         80                        70     10       67

PRECIPITATION (IN)
  YESTERDAY        0.19          2.40 2013   0.13   0.06     0.00
  MONTH TO DATE    1.71                      2.75  -1.04     1.93
  SINCE JUN 1      3.12                      6.44  -3.32     7.23
  SINCE JAN 1     15.82                     22.10  -6.28    17.68

SNOWFALL (IN)
  YESTERDAY        0.0           0.0  2002   0.0    0.0      0.0
                                      2001
                                      2000
  MONTH TO DATE    0.0                       0.0    0.0      0.0
  SINCE JUN 1      0.0                       0.0    0.0      0.0
  SINCE JUL 1      0.0                       0.0    0.0      0.0
  SNOW DEPTH       0

DEGREE DAYS
 HEATING
  YESTERDAY        0                         0      0        0
  MONTH TO DATE   11                        13     -2        7
  SINCE JUN 1     53                        98    -45      102
  SINCE JUL 1     11                        13     -2        7

 COOLING
  YESTERDAY       15                         6      9        2
  MONTH TO DATE  168                       128     40      128
  SINCE JUN 1    250                       212     38      193
  SINCE JAN 1    290                       230     60      259
..................................................................


WIND (MPH)
  RESULTANT WIND SPEED   5   RESULTANT WIND DIRECTION  NW (300)
  HIGHEST WIND SPEED    24   HIGHEST WIND DIRECTION    NW (330)
  HIGHEST GUST SPEED    36   HIGHEST GUST DIRECTION    NW (320)
  AVERAGE WIND SPEED     7.0


SKY COVER
  AVERAGE SKY COVER 0.2


WEATHER CONDITIONS
 THE FOLLOWING WEATHER WAS RECORDED YESTERDAY.
  THUNDERSTORM
  HEAVY RAIN
  RAIN
  LIGHT RAIN


RELATIVE HUMIDITY (PERCENT)
 HIGHEST    87           400 AM
 LOWEST     30           300 PM
 AVERAGE    59

..........................................................


THE CONCORD NH CLIMATE NORMALS FOR TODAY
                         NORMAL    RECORD    YEAR
 MAXIMUM TEMPERATURE (F)   83       100      1870
 MINIMUM TEMPERATURE (F)   58        42      1985


SUNRISE AND SUNSET
JULY 24 2016..........SUNRISE   529 AM EDT   SUNSET   816 PM EDT
JULY 25 2016..........SUNRISE   530 AM EDT   SUNSET   815 PM EDT


-  INDICATES NEGATIVE NUMBERS.
R  INDICATES RECORD WAS SET OR TIED.
MM INDICATES DATA IS MISSING.
T  INDICATES TRACE AMOUNT.




$$
