000
CDUS41 KGYX 230807
CLICON


CLIMATE REPORT
NATIONAL WEATHER SERVICE GRAY ME
407 AM EDT SAT MAY 23 2015


...................................

...THE CONCORD NH CLIMATE SUMMARY FOR MAY 22 2015...

CLIMATE NORMAL PERIOD 1981 TO 2010
CLIMATE RECORD PERIOD 1868 TO 2015


WEATHER ITEM   OBSERVED TIME   RECORD YEAR NORMAL DEPARTURE LAST
                VALUE   (LST)  VALUE       VALUE  FROM      YEAR
                                                  NORMAL
..................................................................
TEMPERATURE (F)
 YESTERDAY
  MAXIMUM         74   1241 PM  98    1911  71      3       65
  MINIMUM         47   1159 PM  30    2002  45      2       48
                                      1969
                                      1967
  AVERAGE         61                        58      3       57

PRECIPITATION (IN)
  YESTERDAY        T             2.36 1919   0.13  -0.13     0.22
  MONTH TO DATE    0.04                      2.52  -2.48     2.02
  SINCE MAR 1      3.78                      9.20  -5.42     8.87
  SINCE JAN 1      9.84                     14.52  -4.68    16.19

SNOWFALL (IN)
  YESTERDAY       MM             0.0  2002   0.0   MM        0.0
                                      2001
                                      2000
  MONTH TO DATE    0.0                       0.2   -0.2      0.0
  SINCE MAR 1      7.9                      14.1   -6.2     10.6
  SINCE JUL 1     92.1                      61.6   30.5     80.4
  SNOW DEPTH       0

DEGREE DAYS
 HEATING
  YESTERDAY        4                         8     -4        8
  MONTH TO DATE  137                       242   -105      193
  SINCE MAR 1   1894                      1829     65     2026
  SINCE JUL 1   7348                      7089    259     7495

 COOLING
  YESTERDAY        0                         1     -1        0
  MONTH TO DATE   18                         5     13        2
  SINCE MAR 1     18                         7     11        2
  SINCE JAN 1     18                         7     11        2
..................................................................


WIND (MPH)
  RESULTANT WIND SPEED   7   RESULTANT WIND DIRECTION  NW (300)
  HIGHEST WIND SPEED    24   HIGHEST WIND DIRECTION     W (280)
  HIGHEST GUST SPEED    30   HIGHEST GUST DIRECTION    NW (310)
  AVERAGE WIND SPEED     9.7


SKY COVER
  AVERAGE SKY COVER 0.5


WEATHER CONDITIONS
 THE FOLLOWING WEATHER WAS RECORDED YESTERDAY.
  NO SIGNIFICANT WEATHER WAS OBSERVED.


RELATIVE HUMIDITY (PERCENT)
 HIGHEST    83           600 AM
 LOWEST     22           200 PM
 AVERAGE    53

..........................................................


THE CONCORD NH CLIMATE NORMALS FOR TODAY
                         NORMAL    RECORD    YEAR
 MAXIMUM TEMPERATURE (F)   71        95      1975
 MINIMUM TEMPERATURE (F)   45        31      2002
                                             1907


SUNRISE AND SUNSET
MAY 23 2015...........SUNRISE   515 AM EDT   SUNSET   811 PM EDT
MAY 24 2015...........SUNRISE   514 AM EDT   SUNSET   812 PM EDT


-  INDICATES NEGATIVE NUMBERS.
R  INDICATES RECORD WAS SET OR TIED.
MM INDICATES DATA IS MISSING.
T  INDICATES TRACE AMOUNT.




$$
