000
CDUS41 KGYX 230801
CLICON


CLIMATE REPORT
NATIONAL WEATHER SERVICE GRAY ME
401 AM EDT WED APR 23 2014


...................................

...THE CONCORD NH CLIMATE SUMMARY FOR APRIL 22 2014...

CLIMATE NORMAL PERIOD 1981 TO 2010
CLIMATE RECORD PERIOD 1868 TO 2014


WEATHER ITEM   OBSERVED TIME   RECORD YEAR NORMAL DEPARTURE LAST
                VALUE   (LST)  VALUE       VALUE  FROM      YEAR
                                                  NORMAL
..................................................................
TEMPERATURE (F)
 YESTERDAY
  MAXIMUM         77    144 PM  86    1973  61     16       53
  MINIMUM         42    536 AM  16    1947  35      7       24
  AVERAGE         60                        48     12       39

PRECIPITATION (IN)
  YESTERDAY        0.03          1.08 2003   0.11  -0.08     0.00
  MONTH TO DATE    1.87                      2.50  -0.63     1.86
  SINCE MAR 1      5.85                      5.77   0.08     3.58
  SINCE JAN 1     13.17                     11.09   2.08     8.67

SNOWFALL (IN)
  YESTERDAY       MM             3.8  1928   0.0   MM        0.0
  MONTH TO DATE    0.2                       2.6   -2.4      0.2
  SINCE MAR 1     10.6                      13.7   -3.1     16.2
  SINCE JUL 1     80.4                      61.2   19.2     83.4
  SNOW DEPTH       0

DEGREE DAYS
 HEATING
  YESTERDAY        5                        17    -12       26
  MONTH TO DATE  463                       474    -11      462
  SINCE MAR 1   1677                      1461    216     1450
  SINCE JUL 1   7146                      6721    425     6379

 COOLING
  YESTERDAY        0                         0      0        0
  MONTH TO DATE    0                         0      0        0
  SINCE MAR 1      0                         0      0        0
  SINCE JAN 1      0                         0      0        0
..................................................................


WIND (MPH)
  RESULTANT WIND SPEED   3   RESULTANT WIND DIRECTION   S (170)
  HIGHEST WIND SPEED    16   HIGHEST WIND DIRECTION     S (170)
  HIGHEST GUST SPEED    21   HIGHEST GUST DIRECTION     S (180)
  AVERAGE WIND SPEED     5.5


SKY COVER
  AVERAGE SKY COVER 0.4


WEATHER CONDITIONS
 THE FOLLOWING WEATHER WAS RECORDED YESTERDAY.
  LIGHT RAIN
  FOG


RELATIVE HUMIDITY (PERCENT)
 HIGHEST    86          1000 PM
 LOWEST     23           200 PM
 AVERAGE    55

..........................................................


THE CONCORD NH CLIMATE NORMALS FOR TODAY
                         NORMAL    RECORD    YEAR
 MAXIMUM TEMPERATURE (F)   61        88      1885
 MINIMUM TEMPERATURE (F)   35        20      1975


SUNRISE AND SUNSET
APRIL 23 2014.........SUNRISE   551 AM EDT   SUNSET   738 PM EDT
APRIL 24 2014.........SUNRISE   550 AM EDT   SUNSET   739 PM EDT


-  INDICATES NEGATIVE NUMBERS.
R  INDICATES RECORD WAS SET OR TIED.
MM INDICATES DATA IS MISSING.
T  INDICATES TRACE AMOUNT.




$$
