000
CDUS41 KGYX 220833
CLICON


CLIMATE REPORT
NATIONAL WEATHER SERVICE GRAY ME
433 AM EDT FRI SEP 22 2017


...................................

...THE CONCORD NH CLIMATE SUMMARY FOR SEPTEMBER 21 2017...

CLIMATE NORMAL PERIOD 1981 TO 2010
CLIMATE RECORD PERIOD 1868 TO 2017


WEATHER ITEM   OBSERVED TIME   RECORD YEAR NORMAL DEPARTURE LAST
                VALUE   (LST)  VALUE       VALUE  FROM      YEAR
                                                  NORMAL
..................................................................
TEMPERATURE (F)
 YESTERDAY
  MAXIMUM         77   1234 PM  93    1978  71      6       83
  MINIMUM         62   1138 PM  28    1962  45     17       54
  AVERAGE         70                        58     12       69

PRECIPITATION (IN)
  YESTERDAY        0.00          2.79 1938   0.11  -0.11     0.00
  MONTH TO DATE    2.98                      2.26   0.72     2.67
  SINCE SEP 1      2.98                      2.26   0.72     2.67
  SINCE JAN 1     31.50                     28.53   2.97    20.85

SNOWFALL (IN)
  YESTERDAY        0.0           0.0  2002   0.0    0.0      0.0
                                      2001
                                      2000
  MONTH TO DATE    0.0                       0.0    0.0      0.0
  SINCE SEP 1      0.0                       0.0    0.0      0.0
  SINCE JUL 1      0.0                       0.0    0.0      0.0
  SNOW DEPTH       0

DEGREE DAYS
 HEATING
  YESTERDAY        0                         8     -8        0
  MONTH TO DATE   57                        99    -42       20
  SINCE SEP 1     57                        99    -42       20
  SINCE JUL 1    110                       147    -37       32

 COOLING
  YESTERDAY        5                         1      4        4
  MONTH TO DATE   57                        34     23       87
  SINCE SEP 1     57                        34     23       87
  SINCE JAN 1    502                       447     55      711
..................................................................


WIND (MPH)
  RESULTANT WIND SPEED   8   RESULTANT WIND DIRECTION   N (20)
  HIGHEST WIND SPEED    20   HIGHEST WIND DIRECTION     N (20)
  HIGHEST GUST SPEED    26   HIGHEST GUST DIRECTION     N (20)
  AVERAGE WIND SPEED     8.4


SKY COVER
  AVERAGE SKY COVER 0.1


WEATHER CONDITIONS
 THE FOLLOWING WEATHER WAS RECORDED YESTERDAY.
  NO SIGNIFICANT WEATHER WAS OBSERVED.


RELATIVE HUMIDITY (PERCENT)
 HIGHEST    84          1200 AM
 LOWEST     38           200 PM
 AVERAGE    61

..........................................................


THE CONCORD NH CLIMATE NORMALS FOR TODAY
                         NORMAL    RECORD    YEAR
 MAXIMUM TEMPERATURE (F)   70        92      1970
                                             1914
 MINIMUM TEMPERATURE (F)   45        25      1871


SUNRISE AND SUNSET
SEPTEMBER 22 2017.....SUNRISE   633 AM EDT   SUNSET   643 PM EDT
SEPTEMBER 23 2017.....SUNRISE   635 AM EDT   SUNSET   641 PM EDT


-  INDICATES NEGATIVE NUMBERS.
R  INDICATES RECORD WAS SET OR TIED.
MM INDICATES DATA IS MISSING.
T  INDICATES TRACE AMOUNT.




$$
