000
CDUS41 KGYX 062040
CLICON


CLIMATE REPORT
NATIONAL WEATHER SERVICE GRAY ME
440 PM EDT MON JUL 6 2015


...................................

...THE CONCORD NH CLIMATE SUMMARY FOR JULY 6 2015...
VALID TODAY AS OF 0400 PM LOCAL TIME.

CLIMATE NORMAL PERIOD 1981 TO 2010
CLIMATE RECORD PERIOD 1868 TO 2015


WEATHER ITEM   OBSERVED TIME   RECORD YEAR NORMAL DEPARTURE LAST
                VALUE   (LST)  VALUE       VALUE  FROM      YEAR
                                                  NORMAL
..................................................................
TEMPERATURE (F)
 TODAY
  MAXIMUM         86    123 PM  99    2010  82      4       84
                                      1911
  MINIMUM         58    505 AM  40    1962  57      1       56
  AVERAGE         72                        69      3       70

PRECIPITATION (IN)
  TODAY            0.00          1.19 1947   0.11  -0.11     0.00
  MONTH TO DATE    1.31                      0.66   0.65     3.82
  SINCE JUN 1      6.61                      4.35   2.26     7.65
  SINCE JAN 1     17.06                     20.01  -2.95    25.39

SNOWFALL (IN)
  TODAY            0.0           0.0  2002   0.0    0.0      0.0
                                      2001
                                      2000
  MONTH TO DATE    0.0                       0.0    0.0      0.0
  SINCE JUN 1      0.0                       0.0    0.0      0.0
  SINCE JUL 1      0.0                       0.0    0.0      0.0
  SNOW DEPTH       0

DEGREE DAYS
 HEATING
  TODAY            0                         1     -1        0
  MONTH TO DATE    4                         6     -2        0
  SINCE JUN 1     99                        91      8       56
  SINCE JUL 1      4                         6     -2        0

 COOLING
  TODAY            7                         5      2        5
  MONTH TO DATE   18                        30    -12       46
  SINCE JUN 1     83                       114    -31      119
  SINCE JAN 1    149                       132     17      121
..................................................................


WIND (MPH)
  HIGHEST WIND SPEED    12   HIGHEST WIND DIRECTION     S (200)
  HIGHEST GUST SPEED    18   HIGHEST GUST DIRECTION    SW (230)
  AVERAGE WIND SPEED     1.8


SKY COVER
  POSSIBLE SUNSHINE  MM
  AVERAGE SKY COVER 0.3


WEATHER CONDITIONS
 THE FOLLOWING WEATHER WAS RECORDED TODAY.
  FOG


RELATIVE HUMIDITY (PERCENT)
 HIGHEST    93          1200 AM
 LOWEST     32           300 PM
 AVERAGE    63

..........................................................


THE CONCORD NH CLIMATE NORMALS FOR TOMORROW
                         NORMAL    RECORD    YEAR
 MAXIMUM TEMPERATURE (F)   82        97      2010
                                             1993
 MINIMUM TEMPERATURE (F)   57        35      1965


SUNRISE AND SUNSET
JULY  6 2015..........SUNRISE   513 AM EDT   SUNSET   828 PM EDT
JULY  7 2015..........SUNRISE   513 AM EDT   SUNSET   828 PM EDT


-  INDICATES NEGATIVE NUMBERS.
R  INDICATES RECORD WAS SET OR TIED.
MM INDICATES DATA IS MISSING.
T  INDICATES TRACE AMOUNT.




$$
