000
CDUS41 KGYX 282043
CLICON


CLIMATE REPORT
NATIONAL WEATHER SERVICE GRAY ME
443 PM EDT SAT MAY 28 2016


...................................

...THE CONCORD NH CLIMATE SUMMARY FOR MAY 28 2016...
VALID TODAY AS OF 0400 PM LOCAL TIME.

CLIMATE NORMAL PERIOD 1981 TO 2010
CLIMATE RECORD PERIOD 1868 TO 2016


WEATHER ITEM   OBSERVED TIME   RECORD YEAR NORMAL DEPARTURE LAST
                VALUE   (LST)  VALUE       VALUE  FROM      YEAR
                                                  NORMAL
..................................................................
TEMPERATURE (F)
 TODAY
  MAXIMUM         94R   259 PM  94    1978  72     22       89
  MINIMUM         60    440 AM  29    1994  47     13       62
                                      1980
  AVERAGE         77                        60     17       76

PRECIPITATION (IN)
  TODAY            0.00          1.84 1906   0.12  -0.12     0.04
  MONTH TO DATE    2.50                      3.28  -0.78     0.18
  SINCE MAR 1      6.82                      9.96  -3.14     3.92
  SINCE JAN 1     12.57                     15.28  -2.71     9.98

SNOWFALL (IN)
  TODAY            0.0           0.0  2002   0.0    0.0      0.0
                                      2001
                                      2000
  MONTH TO DATE    0.0                       0.2   -0.2      0.0
  SINCE MAR 1      5.0                      14.1   -9.1      7.9
  SINCE JUL 1     29.7                      61.6  -31.9     92.1
  SNOW DEPTH       0

DEGREE DAYS
 HEATING
  TODAY            0                         7     -7        0
  MONTH TO DATE  259                       286    -27      151
  SINCE MAR 1   1667                      1873   -206     1908
  SINCE JUL 1   6016                      7133  -1117     7362

 COOLING
  TODAY           12                         1     11       11
  MONTH TO DATE   32                        11     21       55
  SINCE MAR 1     32                        13     19       55
  SINCE JAN 1     32                        13     19       55
..................................................................


WIND (MPH)
  HIGHEST WIND SPEED     9   HIGHEST WIND DIRECTION     W (290)
  HIGHEST GUST SPEED    14   HIGHEST GUST DIRECTION     W (270)
  AVERAGE WIND SPEED     1.9


SKY COVER
  POSSIBLE SUNSHINE  MM
  AVERAGE SKY COVER 0.2


WEATHER CONDITIONS
 THE FOLLOWING WEATHER WAS RECORDED TODAY.
  FOG
  HAZE


RELATIVE HUMIDITY (PERCENT)
 HIGHEST    97           500 AM
 LOWEST     30           300 PM
 AVERAGE    64

..........................................................


THE CONCORD NH CLIMATE NORMALS FOR TOMORROW
                         NORMAL    RECORD    YEAR
 MAXIMUM TEMPERATURE (F)   73        94      1978
 MINIMUM TEMPERATURE (F)   47        29      1970


SUNRISE AND SUNSET
MAY 28 2016...........SUNRISE   511 AM EDT   SUNSET   816 PM EDT
MAY 29 2016...........SUNRISE   510 AM EDT   SUNSET   817 PM EDT


-  INDICATES NEGATIVE NUMBERS.
R  INDICATES RECORD WAS SET OR TIED.
MM INDICATES DATA IS MISSING.
T  INDICATES TRACE AMOUNT.




$$
