000
CDUS41 KGYX 272043
CLICON


CLIMATE REPORT
NATIONAL WEATHER SERVICE GRAY ME
443 PM EDT THU JUL 27 2017


...................................

...THE CONCORD NH CLIMATE SUMMARY FOR JULY 27 2017...
VALID TODAY AS OF 0400 PM LOCAL TIME.

CLIMATE NORMAL PERIOD 1981 TO 2010
CLIMATE RECORD PERIOD 1868 TO 2017


WEATHER ITEM   OBSERVED TIME   RECORD YEAR NORMAL DEPARTURE LAST
                VALUE   (LST)  VALUE       VALUE  FROM      YEAR
                                                  NORMAL
..................................................................
TEMPERATURE (F)
 TODAY
  MAXIMUM         74    248 PM  97    1963  83     -9       94
  MINIMUM         62    613 AM  37    1977  58      4       58
  AVERAGE         68                        70     -2       76

PRECIPITATION (IN)
  TODAY            T             2.35 1928   0.12  -0.12     0.00
  MONTH TO DATE    1.20                      3.24  -2.04     1.71
  SINCE JUN 1      6.35                      6.93  -0.58     3.12
  SINCE JAN 1     25.42                     22.59   2.83    15.82

SNOWFALL (IN)
  TODAY            0.0           0.0  2002   0.0    0.0      0.0
                                      2001
                                      2000
  MONTH TO DATE    0.0                       0.0    0.0      0.0
  SINCE JUN 1      0.0                       0.0    0.0      0.0
  SINCE JUL 1      0.0                       0.0    0.0      0.0
  SNOW DEPTH       0

DEGREE DAYS
 HEATING
  TODAY            0                         0      0        0
  MONTH TO DATE   13                        13      0       11
  SINCE JUN 1     92                        98     -6       53
  SINCE JUL 1     13                        13      0       11

 COOLING
  TODAY            3                         6     -3       11
  MONTH TO DATE  169                       152     17      211
  SINCE JUN 1    289                       236     53      293
  SINCE JAN 1    321                       254     67      333
..................................................................


WIND (MPH)
  HIGHEST WIND SPEED    12   HIGHEST WIND DIRECTION    SW (220)
  HIGHEST GUST SPEED    15   HIGHEST GUST DIRECTION    SW (210)
  AVERAGE WIND SPEED     5.6


SKY COVER
  POSSIBLE SUNSHINE  MM
  AVERAGE SKY COVER 0.8


WEATHER CONDITIONS
 THE FOLLOWING WEATHER WAS RECORDED TODAY.
  NO SIGNIFICANT WEATHER WAS OBSERVED.


RELATIVE HUMIDITY (PERCENT)
 HIGHEST    90           600 AM
 LOWEST     68           300 PM
 AVERAGE    79

..........................................................


THE CONCORD NH CLIMATE NORMALS FOR TOMORROW
                         NORMAL    RECORD    YEAR
 MAXIMUM TEMPERATURE (F)   83        97      1949
 MINIMUM TEMPERATURE (F)   58        40      1977


SUNRISE AND SUNSET
JULY 27 2017..........SUNRISE   531 AM EDT   SUNSET   813 PM EDT
JULY 28 2017..........SUNRISE   532 AM EDT   SUNSET   812 PM EDT


-  INDICATES NEGATIVE NUMBERS.
R  INDICATES RECORD WAS SET OR TIED.
MM INDICATES DATA IS MISSING.
T  INDICATES TRACE AMOUNT.




$$
