000
CDUS41 KGYX 241223
CLICON


CLIMATE REPORT
NATIONAL WEATHER SERVICE GRAY ME
822 AM EDT FRI OCT 24 2014


...................................

...THE CONCORD NH CLIMATE SUMMARY FOR OCTOBER 23 2014...

CLIMATE NORMAL PERIOD 1981 TO 2010
CLIMATE RECORD PERIOD 1868 TO 2014


WEATHER ITEM   OBSERVED TIME   RECORD YEAR NORMAL DEPARTURE LAST
                VALUE   (LST)  VALUE       VALUE  FROM      YEAR
                                                  NORMAL
..................................................................
TEMPERATURE (F)
 YESTERDAY
  MAXIMUM         51    429 PM  82    1947  58     -7       55
  MINIMUM         46    228 AM  17    1997  34     12       29
  AVERAGE         49                        46      3       42

PRECIPITATION (IN)
  YESTERDAY        1.20          2.40 1981   0.13   1.07     0.00
  MONTH TO DATE    4.16                      3.02   1.14     1.16
  SINCE SEP 1      4.58                      6.40  -1.82     5.97
  SINCE JAN 1     37.46                     32.67   4.79    34.26

SNOWFALL (IN)
  YESTERDAY       MM             1.4  2002   0.0   MM        0.0
  MONTH TO DATE    0.0                       0.0    0.0      0.0
  SINCE SEP 1      0.0                       0.0    0.0      0.0
  SINCE JUL 1      0.0                       0.0    0.0      0.0
  SNOW DEPTH       0

DEGREE DAYS
 HEATING
  YESTERDAY       16                        19     -3       23
  MONTH TO DATE  268                       359    -91      274
  SINCE SEP 1    457                       546    -89      473
  SINCE JUL 1    489                       594   -105      503

 COOLING
  YESTERDAY        0                         0      0        0
  MONTH TO DATE    6                         0      6        0
  SINCE SEP 1     56                        37     19       46
  SINCE JAN 1    387                       450    -63      537
..................................................................


WIND (MPH)
  RESULTANT WIND SPEED  12   RESULTANT WIND DIRECTION   N (20)
  HIGHEST WIND SPEED    23   HIGHEST WIND DIRECTION     N (20)
  HIGHEST GUST SPEED    31   HIGHEST GUST DIRECTION    NE (30)
  AVERAGE WIND SPEED    12.3


SKY COVER
  AVERAGE SKY COVER 1.0


WEATHER CONDITIONS
 THE FOLLOWING WEATHER WAS RECORDED YESTERDAY.
  HEAVY RAIN
  RAIN
  LIGHT RAIN
  FOG


RELATIVE HUMIDITY (PERCENT)
 HIGHEST   100           100 AM
 LOWEST     83           300 PM
 AVERAGE    92

..........................................................


THE CONCORD NH CLIMATE NORMALS FOR TODAY
                         NORMAL    RECORD    YEAR
 MAXIMUM TEMPERATURE (F)   58        81      1963
 MINIMUM TEMPERATURE (F)   33        10      1969


SUNRISE AND SUNSET
OCTOBER 24 2014.......SUNRISE   711 AM EDT   SUNSET   549 PM EDT
OCTOBER 25 2014.......SUNRISE   712 AM EDT   SUNSET   548 PM EDT


-  INDICATES NEGATIVE NUMBERS.
R  INDICATES RECORD WAS SET OR TIED.
MM INDICATES DATA IS MISSING.
T  INDICATES TRACE AMOUNT.




$$
