265
CDUS41 KGYX 210918
CLICON


CLIMATE REPORT
NATIONAL WEATHER SERVICE GRAY ME
418 AM EST TUE NOV 21 2017


...................................

...THE CONCORD NH CLIMATE SUMMARY FOR NOVEMBER 20 2017...

CLIMATE NORMAL PERIOD 1981 TO 2010
CLIMATE RECORD PERIOD 1868 TO 2017


WEATHER ITEM   OBSERVED TIME   RECORD YEAR NORMAL DEPARTURE LAST
                VALUE   (LST)  VALUE       VALUE  FROM      YEAR
                                                  NORMAL
..................................................................
TEMPERATURE (F)
 YESTERDAY
  MAXIMUM         40    236 PM  76    1991  47     -7       50
  MINIMUM         31    709 AM   2    1986  27      4       32
                                      1873
  AVERAGE         36                        37     -1       41

PRECIPITATION (IN)
  YESTERDAY        0.00          1.23 1972   0.12  -0.12     0.17
  MONTH TO DATE    1.01                      2.52  -1.51     1.19
  SINCE SEP 1     11.98                      9.94   2.04    10.39
  SINCE JAN 1     40.50                     36.21   4.29    28.57

SNOWFALL (IN)
  YESTERDAY        0.0           8.3  1961   0.1   -0.1      0.2
  MONTH TO DATE    0.6                       1.0   -0.4      0.2
  SINCE SEP 1      0.6                       1.0   -0.4      0.2
  SINCE JUL 1      0.6                       1.0   -0.4      0.2
  SNOW DEPTH       0

DEGREE DAYS
 HEATING
  YESTERDAY       29                        28      1       24
  MONTH TO DATE  513                       498     15      407
  SINCE SEP 1    860                      1209   -349      943
  SINCE JUL 1    913                      1257   -344      955

 COOLING
  YESTERDAY        0                         0      0        0
  MONTH TO DATE    0                         0      0        0
  SINCE SEP 1    119                        39     80       91
  SINCE JAN 1    564                       452    112      715
..................................................................


WIND (MPH)
  RESULTANT WIND SPEED   9   RESULTANT WIND DIRECTION   W (280)
  HIGHEST WIND SPEED    24   HIGHEST WIND DIRECTION     W (290)
  HIGHEST GUST SPEED    35   HIGHEST GUST DIRECTION     W (290)
  AVERAGE WIND SPEED    10.1


SKY COVER
  AVERAGE SKY COVER 0.5


WEATHER CONDITIONS
 THE FOLLOWING WEATHER WAS RECORDED YESTERDAY.
  NO SIGNIFICANT WEATHER WAS OBSERVED.


RELATIVE HUMIDITY (PERCENT)
 HIGHEST    75          1000 PM
 LOWEST     35          1100 AM
 AVERAGE    55

..........................................................


THE CONCORD NH CLIMATE NORMALS FOR TODAY
                         NORMAL    RECORD    YEAR
 MAXIMUM TEMPERATURE (F)   46        70      1931
 MINIMUM TEMPERATURE (F)   27         4      1873


SUNRISE AND SUNSET
NOVEMBER 21 2017......SUNRISE   647 AM EST   SUNSET   417 PM EST
NOVEMBER 22 2017......SUNRISE   648 AM EST   SUNSET   416 PM EST


-  INDICATES NEGATIVE NUMBERS.
R  INDICATES RECORD WAS SET OR TIED.
MM INDICATES DATA IS MISSING.
T  INDICATES TRACE AMOUNT.




$$
