000
CDUS41 KGYX 212043
CLICON


CLIMATE REPORT
NATIONAL WEATHER SERVICE GRAY ME
443 PM EDT TUE OCT 21 2014


...................................

...THE CONCORD NH CLIMATE SUMMARY FOR OCTOBER 21 2014...
VALID TODAY AS OF 0400 PM LOCAL TIME.

CLIMATE NORMAL PERIOD 1981 TO 2010
CLIMATE RECORD PERIOD 1868 TO 2014


WEATHER ITEM   OBSERVED TIME   RECORD YEAR NORMAL DEPARTURE LAST
                VALUE   (LST)  VALUE       VALUE  FROM      YEAR
                                                  NORMAL
..................................................................
TEMPERATURE (F)
 TODAY
  MAXIMUM         54    259 PM  81    1920  59     -5       66
  MINIMUM         42    613 AM  10    1972  34      8       29
  AVERAGE         48                        46      2       48

PRECIPITATION (IN)
  TODAY            0.04          2.48 1996   0.13  -0.09     0.00
  MONTH TO DATE    2.69                      2.75  -0.06     1.16
  SINCE SEP 1      3.11                      6.13  -3.02     5.97
  SINCE JAN 1     35.99                     32.40   3.59    34.26

SNOWFALL (IN)
  TODAY           MM             0.5  1940   0.0   MM        0.0
  MONTH TO DATE    0.0                       0.0    0.0      0.0
  SINCE SEP 1      0.0                       0.0    0.0      0.0
  SINCE JUL 1      0.0                       0.0    0.0      0.0
  SNOW DEPTH       0

DEGREE DAYS
 HEATING
  TODAY           17                        19     -2       17
  MONTH TO DATE  236                       321    -85      234
  SINCE SEP 1    425                       508    -83      433
  SINCE JUL 1    457                       556    -99      463

 COOLING
  TODAY            0                         0      0        0
  MONTH TO DATE    6                         0      6        0
  SINCE SEP 1     56                        37     19       46
  SINCE JAN 1    387                       450    -63      537
..................................................................


WIND (MPH)
  HIGHEST WIND SPEED     9   HIGHEST WIND DIRECTION     N (20)
  HIGHEST GUST SPEED    12   HIGHEST GUST DIRECTION     N (10)
  AVERAGE WIND SPEED     3.0


SKY COVER
  POSSIBLE SUNSHINE  MM
  AVERAGE SKY COVER 0.9


WEATHER CONDITIONS
 THE FOLLOWING WEATHER WAS RECORDED TODAY.
  LIGHT RAIN
  FOG


RELATIVE HUMIDITY (PERCENT)
 HIGHEST   100           500 AM
 LOWEST     66          1200 AM
 AVERAGE    83

..........................................................


THE CONCORD NH CLIMATE NORMALS FOR TOMORROW
                         NORMAL    RECORD    YEAR
 MAXIMUM TEMPERATURE (F)   58        86      1979
 MINIMUM TEMPERATURE (F)   34        17      1948


SUNRISE AND SUNSET
OCTOBER 21 2014.......SUNRISE   707 AM EDT   SUNSET   554 PM EDT
OCTOBER 22 2014.......SUNRISE   708 AM EDT   SUNSET   552 PM EDT


-  INDICATES NEGATIVE NUMBERS.
R  INDICATES RECORD WAS SET OR TIED.
MM INDICATES DATA IS MISSING.
T  INDICATES TRACE AMOUNT.




$$
