000
CDUS45 KPUB 030051
CLICOS


CLIMATE REPORT
NATIONAL WEATHER SERVICE PUEBLO
650 PM MDT TUE SEP 2 2014


...................................

...THE COLORADO SPRINGS CO CLIMATE SUMMARY FOR SEPTEMBER 2 2014...
VALID TODAY AS OF 0500 PM LOCAL TIME.

CLIMATE NORMAL PERIOD 1981 TO 2010
CLIMATE RECORD PERIOD 1872 TO 2014


WEATHER ITEM   OBSERVED TIME   RECORD YEAR NORMAL DEPARTURE LAST
                VALUE   (LST)  VALUE       VALUE  FROM      YEAR
                                                  NORMAL
..................................................................
TEMPERATURE (F)
 TODAY
  MAXIMUM         81    433 PM  94    1960  79      2       83
  MINIMUM         54    524 AM  36    1961  52      2       57
  AVERAGE         68                        66      2       70

PRECIPITATION (IN)
  TODAY            0.00          1.20 1966   0.06  -0.06     0.00
  MONTH TO DATE    0.00                      0.13  -0.13     0.10
  SINCE SEP 1      0.00                      0.13  -0.13     0.10
  SINCE JAN 1     13.05                     13.92  -0.87    13.76

SNOWFALL (IN)
  TODAY            0.0           T    1961   0.0    0.0      0.0
  MONTH TO DATE    0.0                       0.0    0.0      0.0
  SINCE SEP 1      0.0                       0.0    0.0      0.0
  SINCE JUL 1      T                         0.0    0.0       T
  SNOW DEPTH       0

DEGREE DAYS
 HEATING
  TODAY            0                         2     -2        0
  MONTH TO DATE    0                         4     -4        0
  SINCE SEP 1      0                         4     -4        0
  SINCE JUL 1     30                        35     -5       10

 COOLING
  TODAY            3                         3      0        5
  MONTH TO DATE    3                         6     -3        9
  SINCE SEP 1      3                         6     -3        9
  SINCE JAN 1    430                       424      6      611
..................................................................


WIND (MPH)
  HIGHEST WIND SPEED    20   HIGHEST WIND DIRECTION    SE (120)
  HIGHEST GUST SPEED    26   HIGHEST GUST DIRECTION    SE (120)
  AVERAGE WIND SPEED     8.9


SKY COVER
  POSSIBLE SUNSHINE  MM
  AVERAGE SKY COVER 0.4


WEATHER CONDITIONS
 THE FOLLOWING WEATHER WAS RECORDED TODAY.
  NO SIGNIFICANT WEATHER WAS OBSERVED.


RELATIVE HUMIDITY (PERCENT)
 HIGHEST    80           400 AM
 LOWEST     35           400 PM
 AVERAGE    58

..........................................................


THE COLORADO SPRINGS CO CLIMATE NORMALS FOR TOMORROW
                         NORMAL    RECORD    YEAR
 MAXIMUM TEMPERATURE (F)   79        91      1960
 MINIMUM TEMPERATURE (F)   52        32      1961


SUNRISE AND SUNSET
SEPTEMBER  2 2014.....SUNRISE   629 AM MDT   SUNSET   728 PM MDT
SEPTEMBER  3 2014.....SUNRISE   630 AM MDT   SUNSET   726 PM MDT


-  INDICATES NEGATIVE NUMBERS.
R  INDICATES RECORD WAS SET OR TIED.
MM INDICATES DATA IS MISSING.
T  INDICATES TRACE AMOUNT.




$$
