000
CDUS45 KPUB 291126
CLICOS


CLIMATE REPORT
NATIONAL WEATHER SERVICE PUEBLO
426 AM MST MON DEC 29 2014


...................................

...THE COLORADO SPRINGS CO CLIMATE SUMMARY FOR DECEMBER 28 2014...

CLIMATE NORMAL PERIOD 1981 TO 2010
CLIMATE RECORD PERIOD 1872 TO 2014


WEATHER ITEM   OBSERVED TIME   RECORD YEAR NORMAL DEPARTURE LAST
                VALUE   (LST)  VALUE       VALUE  FROM      YEAR
                                                  NORMAL
..................................................................
TEMPERATURE (F)
 YESTERDAY
  MAXIMUM         45    228 PM  62    2013  42      3       62
                                      1999
                                      1898
  MINIMUM          8   1253 AM -10    1983  17     -9       24
  AVERAGE         27                        30     -3       43

PRECIPITATION (IN)
  YESTERDAY        0.00          0.22 2006   0.00   0.00      T
  MONTH TO DATE    0.10                      0.31  -0.21     0.07
  SINCE DEC 1      0.10                      0.31  -0.21     0.07
  SINCE JAN 1     16.98                     16.51   0.47    19.22

SNOWFALL (IN)
  YESTERDAY        0.0           2.2  2006   0.1   -0.1       T
  MONTH TO DATE    1.9                       5.2   -3.3      2.9
  SINCE DEC 1      1.9                       5.2   -3.3      2.9
  SINCE JUL 1      9.0                      13.0   -4.0      7.1
  SNOW DEPTH       0

DEGREE DAYS
 HEATING
  YESTERDAY       38                        35      3       22
  MONTH TO DATE  858                       988   -130      999
  SINCE DEC 1    858                       988   -130      999
  SINCE JUL 1   2183                      2469   -286     2360

 COOLING
  YESTERDAY        0                         0      0        0
  MONTH TO DATE    0                         0      0        0
  SINCE DEC 1      0                         0      0        0
  SINCE JAN 1    487                       455     32      694
..................................................................


WIND (MPH)
  HIGHEST WIND SPEED    28   HIGHEST WIND DIRECTION    NW (300)
  HIGHEST GUST SPEED    33   HIGHEST GUST DIRECTION     W (290)
  AVERAGE WIND SPEED     8.8


SKY COVER
  POSSIBLE SUNSHINE  MM
  AVERAGE SKY COVER 0.3


WEATHER CONDITIONS
 THE FOLLOWING WEATHER WAS RECORDED YESTERDAY.
  NO SIGNIFICANT WEATHER WAS OBSERVED.


RELATIVE HUMIDITY (PERCENT)
 HIGHEST    80           100 AM
 LOWEST     19           300 PM
 AVERAGE    50

..........................................................


THE COLORADO SPRINGS CO CLIMATE NORMALS FOR TODAY
                         NORMAL    RECORD    YEAR
 MAXIMUM TEMPERATURE (F)   42        64      1999
                                             1956
 MINIMUM TEMPERATURE (F)   17        -8      1983


SUNRISE AND SUNSET
DECEMBER 29 2014......SUNRISE   717 AM MST   SUNSET   445 PM MST
DECEMBER 30 2014......SUNRISE   717 AM MST   SUNSET   446 PM MST


-  INDICATES NEGATIVE NUMBERS.
R  INDICATES RECORD WAS SET OR TIED.
MM INDICATES DATA IS MISSING.
T  INDICATES TRACE AMOUNT.




$$
