000
CDUS45 KPUB 311023
CLICOS


CLIMATE REPORT
NATIONAL WEATHER SERVICE PUEBLO
422 AM MDT WED AUG 31 2016


...................................

...THE COLORADO SPRINGS CO CLIMATE SUMMARY FOR AUGUST 30 2016...

CLIMATE NORMAL PERIOD 1981 TO 2010
CLIMATE RECORD PERIOD 1872 TO 2016


WEATHER ITEM   OBSERVED TIME   RECORD YEAR NORMAL DEPARTURE LAST
                VALUE   (LST)  VALUE       VALUE  FROM      YEAR
                                                  NORMAL
..................................................................
TEMPERATURE (F)
 YESTERDAY
  MAXIMUM         76    114 PM  94    1990  80     -4       90
  MINIMUM         52    535 AM  40    1944  53     -1       53
  AVERAGE         64                        66     -2       72

PRECIPITATION (IN)
  YESTERDAY        0.00          1.03 1921   0.09  -0.09     0.00
  MONTH TO DATE    2.65                      3.25  -0.60     1.68
  SINCE JUN 1      6.73                      8.59  -1.86    10.54
  SINCE JAN 1     13.66                     13.70  -0.04    22.77

SNOWFALL (IN)
  YESTERDAY        0.0           0.0  2001   0.0    0.0      0.0
  MONTH TO DATE    T                         0.0    0.0      0.0
  SINCE JUN 1      T                         0.0    0.0       T
  SINCE JUL 1      T                         0.0    0.0       T
  SNOW DEPTH       0

DEGREE DAYS
 HEATING
  YESTERDAY        1                         1      0        0
  MONTH TO DATE   21                        15      6        9
  SINCE JUN 1     29                       104    -75       29
  SINCE JUL 1     21                        25     -4       19

 COOLING
  YESTERDAY        0                         3     -3        7
  MONTH TO DATE  144                       131     13      203
  SINCE JUN 1    624                       405    219      507
  SINCE JAN 1    626                       415    211      507
..................................................................


WIND (MPH)
  HIGHEST WIND SPEED    20   HIGHEST WIND DIRECTION     E (70)
  HIGHEST GUST SPEED    22   HIGHEST GUST DIRECTION     E (80)
  AVERAGE WIND SPEED     4.4


SKY COVER
  POSSIBLE SUNSHINE  MM
  AVERAGE SKY COVER 0.6


WEATHER CONDITIONS
 THE FOLLOWING WEATHER WAS RECORDED YESTERDAY.
  THUNDERSTORM


RELATIVE HUMIDITY (PERCENT)
 HIGHEST    78          1000 PM
 LOWEST     41          1200 PM
 AVERAGE    60

..........................................................


THE COLORADO SPRINGS CO CLIMATE NORMALS FOR TODAY
                         NORMAL    RECORD    YEAR
 MAXIMUM TEMPERATURE (F)   80        93      1985
 MINIMUM TEMPERATURE (F)   53        38      1910


SUNRISE AND SUNSET
AUGUST 31 2016........SUNRISE   627 AM MDT   SUNSET   730 PM MDT
SEPTEMBER  1 2016.....SUNRISE   628 AM MDT   SUNSET   728 PM MDT


-  INDICATES NEGATIVE NUMBERS.
R  INDICATES RECORD WAS SET OR TIED.
MM INDICATES DATA IS MISSING.
T  INDICATES TRACE AMOUNT.




$$
