000
CDUS45 KPUB 311026
CLICOS


CLIMATE REPORT
NATIONAL WEATHER SERVICE PUEBLO
425 AM MDT TUE MAY 31 2016


...................................

...THE COLORADO SPRINGS CO CLIMATE SUMMARY FOR MAY 30 2016...

CLIMATE NORMAL PERIOD 1981 TO 2010
CLIMATE RECORD PERIOD 1872 TO 2016


WEATHER ITEM   OBSERVED TIME   RECORD YEAR NORMAL DEPARTURE LAST
                VALUE   (LST)  VALUE       VALUE  FROM      YEAR
                                                  NORMAL
..................................................................
TEMPERATURE (F)
 YESTERDAY
  MAXIMUM         77    357 PM  94    2000  73      4       66
  MINIMUM         45    501 AM  33    1924  47     -2       46
  AVERAGE         61                        60      1       56

PRECIPITATION (IN)
  YESTERDAY        T             2.34 1935   0.09  -0.09      T
  MONTH TO DATE    2.10                      1.95   0.15     8.13
  SINCE MAR 1      5.11                      4.37   0.74     9.91
  SINCE JAN 1      6.65                      5.03   1.62    12.23

SNOWFALL (IN)
  YESTERDAY        0.0           T    2001   0.0    0.0      0.0
                                      1979
  MONTH TO DATE    T                         0.7   -0.7       T
  SINCE MAR 1     23.6                      13.7    9.9      5.6
  SINCE JUL 1     50.7                      37.7   13.0     46.5
  SNOW DEPTH       0

DEGREE DAYS
 HEATING
  YESTERDAY        4                         6     -2        9
  MONTH TO DATE  310                       285     25      385
  SINCE MAR 1   1563                      1644    -81     1543
  SINCE JUL 1   5466                      6207   -741     5764

 COOLING
  YESTERDAY        0                         1     -1        0
  MONTH TO DATE    2                         6     -4        0
  SINCE MAR 1      2                         7     -5        0
  SINCE JAN 1      2                         7     -5        0
..................................................................


WIND (MPH)
  HIGHEST WIND SPEED    26   HIGHEST WIND DIRECTION     N (360)
  HIGHEST GUST SPEED    32   HIGHEST GUST DIRECTION     N (10)
  AVERAGE WIND SPEED     9.0


SKY COVER
  POSSIBLE SUNSHINE  MM
  AVERAGE SKY COVER 0.4


WEATHER CONDITIONS
 THE FOLLOWING WEATHER WAS RECORDED YESTERDAY.
  THUNDERSTORM
  LIGHT RAIN


RELATIVE HUMIDITY (PERCENT)
 HIGHEST    77           100 AM
 LOWEST     16           300 PM
 AVERAGE    47

..........................................................


THE COLORADO SPRINGS CO CLIMATE NORMALS FOR TODAY
                         NORMAL    RECORD    YEAR
 MAXIMUM TEMPERATURE (F)   74        93      2002
 MINIMUM TEMPERATURE (F)   47        33      1946
                                             1917


SUNRISE AND SUNSET
MAY 31 2016...........SUNRISE   536 AM MDT   SUNSET   818 PM MDT
JUNE  1 2016..........SUNRISE   535 AM MDT   SUNSET   818 PM MDT


-  INDICATES NEGATIVE NUMBERS.
R  INDICATES RECORD WAS SET OR TIED.
MM INDICATES DATA IS MISSING.
T  INDICATES TRACE AMOUNT.




$$
