000
CDUS43 KLSX 040745
CLICOU


CLIMATE REPORT
NATIONAL WEATHER SERVICE ST LOUIS MO
245 AM CDT FRI SEP 4 2015


...................................

...THE COLUMBIA ASOS CLIMATE SUMMARY FOR SEPTEMBER 3 2015...

CLIMATE NORMAL PERIOD 1981 TO 2010
CLIMATE RECORD PERIOD 1890 TO 2015


WEATHER ITEM   OBSERVED TIME   RECORD YEAR NORMAL DEPARTURE LAST
                VALUE   (LST)  VALUE       VALUE  FROM      YEAR
                                                  NORMAL
..................................................................
TEMPERATURE (F)
 YESTERDAY
  MAXIMUM         91    233 PM 103    1939  84      7       82
  MINIMUM         70    540 AM  43    1974  62      8       64
  AVERAGE         81                        73      8       73

PRECIPITATION (IN)
  YESTERDAY        0.00          2.50 1962   0.14  -0.14      T
  MONTH TO DATE    0.00                      0.41  -0.41     4.55
  SINCE SEP 1      0.00                      0.41  -0.41     4.55
  SINCE JAN 1     31.96                     30.16   1.80    28.84

SNOWFALL (IN)
  YESTERDAY        0.0           0.0  2013   0.0    0.0      0.0
  MONTH TO DATE    0.0                       0.0    0.0      0.0
  SINCE SEP 1      0.0                       0.0    0.0      0.0
  SINCE JUL 1      0.0                       0.0    0.0      0.0
  SNOW DEPTH       0

DEGREE DAYS
 HEATING
  YESTERDAY        0                         0      0        0
  MONTH TO DATE    0                         0      0        0
  SINCE SEP 1      0                         0      0        0
  SINCE JUL 1      2                         2      0        0

 COOLING
  YESTERDAY       16                         8      8        8
  MONTH TO DATE   45                        25     20       27
  SINCE SEP 1     45                        25     20       27
  SINCE JAN 1   1166                      1108     58     1137
..................................................................


WIND (MPH)
  HIGHEST WIND SPEED    14   HIGHEST WIND DIRECTION    SW (220)
  HIGHEST GUST SPEED    17   HIGHEST GUST DIRECTION    SW (210)
  AVERAGE WIND SPEED     5.9


SKY COVER
  AVERAGE SKY COVER 0.0


WEATHER CONDITIONS
 THE FOLLOWING WEATHER WAS RECORDED YESTERDAY.
  NO SIGNIFICANT WEATHER WAS OBSERVED.


RELATIVE HUMIDITY (PERCENT)
 HIGHEST    93
 LOWEST     47
 AVERAGE    70

..........................................................


THE COLUMBIA ASOS CLIMATE NORMALS FOR TODAY
                         NORMAL    RECORD    YEAR
 MAXIMUM TEMPERATURE (F)   83       103      1913
 MINIMUM TEMPERATURE (F)   62        38      1891


SUNRISE AND SUNSET
SEPTEMBER  4 2015.....SUNRISE   640 AM CDT   SUNSET   735 PM CDT
SEPTEMBER  5 2015.....SUNRISE   641 AM CDT   SUNSET   733 PM CDT


-  INDICATES NEGATIVE NUMBERS.
R  INDICATES RECORD WAS SET OR TIED.
MM INDICATES DATA IS MISSING.
T  INDICATES TRACE AMOUNT.




$$
