000
CDUS43 KLSX 270742
CLICOU


CLIMATE REPORT
NATIONAL WEATHER SERVICE ST LOUIS MO
241 AM CDT TUE SEP 27 2016


...................................

...THE COLUMBIA ASOS CLIMATE SUMMARY FOR SEPTEMBER 26 2016...

CLIMATE NORMAL PERIOD 1981 TO 2010
CLIMATE RECORD PERIOD 1890 TO 2016


WEATHER ITEM   OBSERVED TIME   RECORD YEAR NORMAL DEPARTURE LAST
                VALUE   (LST)  VALUE       VALUE  FROM      YEAR
                                                  NORMAL
..................................................................
TEMPERATURE (F)
 YESTERDAY
  MAXIMUM         74    334 PM  96    1897  74      0       81
  MINIMUM         54    623 AM  33    1893  52      2       57
  AVERAGE         64                        63      1       69

PRECIPITATION (IN)
  YESTERDAY        T             2.23 1936   0.14  -0.14     0.00
  MONTH TO DATE    7.33                      3.36   3.97     1.14
  SINCE SEP 1      7.33                      3.36   3.97     1.14
  SINCE JAN 1     35.67                     33.11   2.56    33.10

SNOWFALL (IN)
  YESTERDAY        0.0           0.0  2015   0.0    0.0      0.0
  MONTH TO DATE    0.0                       0.0    0.0      0.0
  SINCE SEP 1      0.0                       0.0    0.0      0.0
  SINCE JUL 1      0.0                       0.0    0.0      0.0
  SNOW DEPTH       0

DEGREE DAYS
 HEATING
  YESTERDAY        1                         4     -3        0
  MONTH TO DATE    1                        44    -43       16
  SINCE SEP 1      1                        44    -43       16
  SINCE JUL 1      1                        46    -45       18

 COOLING
  YESTERDAY        0                         2     -2        4
  MONTH TO DATE  230                       136     94      219
  SINCE SEP 1    230                       136     94      219
  SINCE JAN 1   1541                      1219    322     1340
..................................................................


WIND (MPH)
  HIGHEST WIND SPEED    17   HIGHEST WIND DIRECTION     W (290)
  HIGHEST GUST SPEED    26   HIGHEST GUST DIRECTION    NW (330)
  AVERAGE WIND SPEED     8.0


SKY COVER
  AVERAGE SKY COVER 0.1


WEATHER CONDITIONS
 THE FOLLOWING WEATHER WAS RECORDED YESTERDAY.
  LIGHT RAIN
  HAZE


RELATIVE HUMIDITY (PERCENT)
 HIGHEST    97
 LOWEST     25
 AVERAGE    61

..........................................................


THE COLUMBIA ASOS CLIMATE NORMALS FOR TODAY
                         NORMAL    RECORD    YEAR
 MAXIMUM TEMPERATURE (F)   74        93      1897
 MINIMUM TEMPERATURE (F)   51        32      1889


SUNRISE AND SUNSET
SEPTEMBER 27 2016.....SUNRISE   702 AM CDT   SUNSET   657 PM CDT
SEPTEMBER 28 2016.....SUNRISE   702 AM CDT   SUNSET   655 PM CDT


-  INDICATES NEGATIVE NUMBERS.
R  INDICATES RECORD WAS SET OR TIED.
MM INDICATES DATA IS MISSING.
T  INDICATES TRACE AMOUNT.




$$
