000
CDUS43 KLSX 010734
CLICOU


CLIMATE REPORT
NATIONAL WEATHER SERVICE ST LOUIS MO
234 AM CDT FRI AUG 1 2014


...................................

...THE COLUMBIA ASOS CLIMATE SUMMARY FOR JULY 31 2014...

CLIMATE NORMAL PERIOD 1981 TO 2010
CLIMATE RECORD PERIOD 1890 TO 2014


WEATHER ITEM   OBSERVED TIME   RECORD YEAR NORMAL DEPARTURE LAST
                VALUE   (LST)  VALUE       VALUE  FROM      YEAR
                                                  NORMAL
..................................................................
TEMPERATURE (F)
 YESTERDAY
  MAXIMUM         86    404 PM 108    1980  88     -2       79
  MINIMUM         59    606 AM  50    1971  67     -8       65
  AVERAGE         73                        77     -4       72

PRECIPITATION (IN)
  YESTERDAY        0.00          1.98 1928   0.13  -0.13      T
  MONTH TO DATE    1.46                      4.37  -2.91     2.45
  SINCE JUN 1      6.53                      8.84  -2.31     4.50
  SINCE JAN 1     21.35                     25.39  -4.04    31.21

SNOWFALL (IN)
  YESTERDAY        0.0           0.0  2013   0.0    0.0      0.0
  MONTH TO DATE    0.0                       0.0    0.0      0.0
  SINCE JUN 1      0.0                       0.0    0.0      0.0
  SINCE JUL 1      0.0                       0.0    0.0      0.0
  SNOW DEPTH       0

DEGREE DAYS
 HEATING
  YESTERDAY        0                         0      0        0
  MONTH TO DATE    0                         0      0        0
  SINCE JUN 1      0                        11    -11        6
  SINCE JUL 1      0                         0      0        0

 COOLING
  YESTERDAY        8                        12     -4        7
  MONTH TO DATE  266                       382   -116      322
  SINCE JUN 1    553                       630    -77      589
  SINCE JAN 1    713                       733    -20      723
..................................................................


WIND (MPH)
  HIGHEST WIND SPEED    10   HIGHEST WIND DIRECTION    NW (330)
  HIGHEST GUST SPEED    13   HIGHEST GUST DIRECTION     N (340)
  AVERAGE WIND SPEED     4.9


SKY COVER
  AVERAGE SKY COVER 0.1


WEATHER CONDITIONS
 THE FOLLOWING WEATHER WAS RECORDED YESTERDAY.
  NO SIGNIFICANT WEATHER WAS OBSERVED.


RELATIVE HUMIDITY (PERCENT)
 HIGHEST    90
 LOWEST     34
 AVERAGE    62

..........................................................


THE COLUMBIA ASOS CLIMATE NORMALS FOR TODAY
                         NORMAL    RECORD    YEAR
 MAXIMUM TEMPERATURE (F)   88       108      1980
 MINIMUM TEMPERATURE (F)   67        53      1992
                                             1895


SUNRISE AND SUNSET
AUGUST  1 2014........SUNRISE   610 AM CDT   SUNSET   820 PM CDT
AUGUST  2 2014........SUNRISE   611 AM CDT   SUNSET   819 PM CDT


-  INDICATES NEGATIVE NUMBERS.
R  INDICATES RECORD WAS SET OR TIED.
MM INDICATES DATA IS MISSING.
T  INDICATES TRACE AMOUNT.




$$
