000
CDUS43 KLSX 260730
CLICOU


CLIMATE REPORT
NATIONAL WEATHER SERVICE ST LOUIS MO
130 AM CST FRI DEC 26 2014


...................................

...THE COLUMBIA ASOS CLIMATE SUMMARY FOR DECEMBER 25 2014...

CLIMATE NORMAL PERIOD 1981 TO 2010
CLIMATE RECORD PERIOD 1890 TO 2014


WEATHER ITEM   OBSERVED TIME   RECORD YEAR NORMAL DEPARTURE LAST
                VALUE   (LST)  VALUE       VALUE  FROM      YEAR
                                                  NORMAL
..................................................................
TEMPERATURE (F)
 YESTERDAY
  MAXIMUM         52    343 PM  74    1889  39     13       32
  MINIMUM         30    746 AM -19    1983  22      8       24
  AVERAGE         41                        30     11       28

PRECIPITATION (IN)
  YESTERDAY        0.00          0.56 1957   0.07  -0.07     0.00
  MONTH TO DATE    2.13                      2.03   0.10     1.71
  SINCE DEC 1      2.13                      2.03   0.10     1.71
  SINCE JAN 1     44.07                     42.21   1.86    41.52

SNOWFALL (IN)
  YESTERDAY        0.0           3.4  1987   0.1   -0.1      0.0
  MONTH TO DATE    1.0                       3.3   -2.3      2.4
  SINCE DEC 1      1.0                       3.3   -2.3      2.4
  SINCE JUL 1      1.8                       4.2   -2.4      2.4
  SNOW DEPTH       0

DEGREE DAYS
 HEATING
  YESTERDAY       24                        35    -11       37
  MONTH TO DATE  672                       799   -127      883
  SINCE DEC 1    672                       799   -127      883
  SINCE JUL 1   1753                      1784    -31     1890

 COOLING
  YESTERDAY        0                         0      0        0
  MONTH TO DATE    0                         0      0        0
  SINCE DEC 1      0                         0      0        0
  SINCE JAN 1   1266                      1249     17     1322
..................................................................


WIND (MPH)
  HIGHEST WIND SPEED    25   HIGHEST WIND DIRECTION     S (170)
  HIGHEST GUST SPEED    33   HIGHEST GUST DIRECTION     S (160)
  AVERAGE WIND SPEED    14.1


SKY COVER
  AVERAGE SKY COVER 0.1


WEATHER CONDITIONS
 THE FOLLOWING WEATHER WAS RECORDED YESTERDAY.
  NO SIGNIFICANT WEATHER WAS OBSERVED.


RELATIVE HUMIDITY (PERCENT)
 HIGHEST    92
 LOWEST     42
 AVERAGE    67

..........................................................


THE COLUMBIA ASOS CLIMATE NORMALS FOR TODAY
                         NORMAL    RECORD    YEAR
 MAXIMUM TEMPERATURE (F)   39        69      1942
 MINIMUM TEMPERATURE (F)   22       -10      1948


SUNRISE AND SUNSET
DECEMBER 26 2014......SUNRISE   726 AM CST   SUNSET   453 PM CST
DECEMBER 27 2014......SUNRISE   726 AM CST   SUNSET   454 PM CST


-  INDICATES NEGATIVE NUMBERS.
R  INDICATES RECORD WAS SET OR TIED.
MM INDICATES DATA IS MISSING.
T  INDICATES TRACE AMOUNT.




$$
