000
CDUS43 KLSX 020731
CLICOU


CLIMATE REPORT
NATIONAL WEATHER SERVICE ST LOUIS MO
131 AM CST MON MAR 2 2015


...................................

...THE COLUMBIA ASOS CLIMATE SUMMARY FOR MARCH 1 2015...

CLIMATE NORMAL PERIOD 1981 TO 2010
CLIMATE RECORD PERIOD 1890 TO 2015


WEATHER ITEM   OBSERVED TIME   RECORD YEAR NORMAL DEPARTURE LAST
                VALUE   (LST)  VALUE       VALUE  FROM      YEAR
                                                  NORMAL
..................................................................
TEMPERATURE (F)
 YESTERDAY
  MAXIMUM         30    504 PM  77    2006  49    -19       40
                                      1992
  MINIMUM         17   1152 PM  -6    1890  29    -12       17
  AVERAGE         24                        39    -15       29

PRECIPITATION (IN)
  YESTERDAY        0.07          0.69 1973   0.08  -0.01      T
  MONTH TO DATE    0.07                      0.08  -0.01      T
  SINCE MAR 1      0.07                      0.08  -0.01      T
  SINCE JAN 1      2.42                      4.25  -1.83     2.26

SNOWFALL (IN)
  YESTERDAY        1.0           6.2  1953   0.1    0.9       T
  MONTH TO DATE    1.0                       0.1    0.9       T
  SINCE MAR 1      1.0                       0.1    0.9       T
  SINCE JUL 1     11.4                      16.2   -4.8     17.3
  SNOW DEPTH       4

DEGREE DAYS
 HEATING
  YESTERDAY       41                        26     15       36
  MONTH TO DATE   41                        26     15       36
  SINCE MAR 1     41                        26     15       36
  SINCE JUL 1   4096                      3972    124     4465

 COOLING
  YESTERDAY        0                         0      0        0
  MONTH TO DATE    0                         0      0        0
  SINCE MAR 1      0                         0      0        0
  SINCE JAN 1      0                         0      0        0
..................................................................


WIND (MPH)
  HIGHEST WIND SPEED    12   HIGHEST WIND DIRECTION    NW (320)
  HIGHEST GUST SPEED    14   HIGHEST GUST DIRECTION    NW (320)
  AVERAGE WIND SPEED     4.8


SKY COVER
  AVERAGE SKY COVER 0.7


WEATHER CONDITIONS
 THE FOLLOWING WEATHER WAS RECORDED YESTERDAY.
  SNOW
  LIGHT SNOW
  FOG


RELATIVE HUMIDITY (PERCENT)
 HIGHEST    96
 LOWEST     69
 AVERAGE    83

..........................................................


THE COLUMBIA ASOS CLIMATE NORMALS FOR TODAY
                         NORMAL    RECORD    YEAR
 MAXIMUM TEMPERATURE (F)   50        78      1992
                                             1976
                                             1904
 MINIMUM TEMPERATURE (F)   30        -5      1890


SUNRISE AND SUNSET
MARCH  2 2015.........SUNRISE   640 AM CST   SUNSET   603 PM CST
MARCH  3 2015.........SUNRISE   639 AM CST   SUNSET   604 PM CST


-  INDICATES NEGATIVE NUMBERS.
R  INDICATES RECORD WAS SET OR TIED.
MM INDICATES DATA IS MISSING.
T  INDICATES TRACE AMOUNT.




$$
