000
CDUS43 KLSX 280755
CLICOU


CLIMATE REPORT
NATIONAL WEATHER SERVICE ST LOUIS MO
246 AM CDT SAT MAR 28 2015


...................................

...THE COLUMBIA ASOS CLIMATE SUMMARY FOR MARCH 27 2015...

CLIMATE NORMAL PERIOD 1981 TO 2010
CLIMATE RECORD PERIOD 1890 TO 2015


WEATHER ITEM   OBSERVED TIME   RECORD YEAR NORMAL DEPARTURE LAST
                VALUE   (LST)  VALUE       VALUE  FROM      YEAR
                                                  NORMAL
..................................................................
TEMPERATURE (F)
 YESTERDAY
  MAXIMUM         44    253 PM  86    1945  60    -16       64
                                      1910
  MINIMUM         32    653 AM  11    1894  38     -6       40
  AVERAGE         38                        49    -11       52

PRECIPITATION (IN)
  YESTERDAY        0.02          1.25 1890   0.10  -0.08     0.47
  MONTH TO DATE    1.54                      2.46  -0.92     1.22
  SINCE MAR 1      1.54                      2.46  -0.92     1.22
  SINCE JAN 1      3.89                      6.63  -2.74     3.48

SNOWFALL (IN)
  YESTERDAY        T             4.0  1947   0.0    0.0      0.0
  MONTH TO DATE    1.6                       1.6    0.0      0.5
  SINCE MAR 1      1.6                       1.6    0.0      0.5
  SINCE JUL 1     12.0                      17.7   -5.7     17.8
  SNOW DEPTH       0

DEGREE DAYS
 HEATING
  YESTERDAY       27                        17     10       13
  MONTH TO DATE  530                       572    -42      668
  SINCE MAR 1    530                       572    -42      668
  SINCE JUL 1   4585                      4518     67     5097

 COOLING
  YESTERDAY        0                         0      0        0
  MONTH TO DATE    0                         0      0        0
  SINCE MAR 1      0                         0      0        0
  SINCE JAN 1      0                         0      0        0
..................................................................


WIND (MPH)
  HIGHEST WIND SPEED    20   HIGHEST WIND DIRECTION     N (360)
  HIGHEST GUST SPEED    24   HIGHEST GUST DIRECTION     N (10)
  AVERAGE WIND SPEED     7.8


SKY COVER
  AVERAGE SKY COVER 0.8


WEATHER CONDITIONS
 THE FOLLOWING WEATHER WAS RECORDED YESTERDAY.
  LIGHT SNOW
  FOG


RELATIVE HUMIDITY (PERCENT)
 HIGHEST    96
 LOWEST     39
 AVERAGE    68

..........................................................


THE COLUMBIA ASOS CLIMATE NORMALS FOR TODAY
                         NORMAL    RECORD    YEAR
 MAXIMUM TEMPERATURE (F)   60        86      1910
 MINIMUM TEMPERATURE (F)   38        19      1921


SUNRISE AND SUNSET
MARCH 28 2015.........SUNRISE   700 AM CDT   SUNSET   728 PM CDT
MARCH 29 2015.........SUNRISE   659 AM CDT   SUNSET   729 PM CDT


-  INDICATES NEGATIVE NUMBERS.
R  INDICATES RECORD WAS SET OR TIED.
MM INDICATES DATA IS MISSING.
T  INDICATES TRACE AMOUNT.




$$
