000
CDUS43 KLSX 312226
CLICOU


CLIMATE REPORT
NATIONAL WEATHER SERVICE ST LOUIS MO
526 PM CDT TUE MAY 31 2016


...................................

...THE COLUMBIA ASOS CLIMATE SUMMARY FOR MAY 31 2016...
VALID TODAY AS OF 0500 PM LOCAL TIME.

CLIMATE NORMAL PERIOD 1981 TO 2010
CLIMATE RECORD PERIOD 1890 TO 2016


WEATHER ITEM   OBSERVED TIME   RECORD YEAR NORMAL DEPARTURE LAST
                VALUE   (LST)  VALUE       VALUE  FROM      YEAR
                                                  NORMAL
..................................................................
TEMPERATURE (F)
 TODAY
  MAXIMUM         82    309 PM 101    1934  79      3       62
  MINIMUM         64    540 AM  38    1894  58      6       53
  AVERAGE         73                        68      5       58

PRECIPITATION (IN)
  TODAY            0.02          3.66 2013   0.15  -0.13      T
  MONTH TO DATE    3.96                      4.98  -1.02     5.68
  SINCE MAR 1      8.48                     12.38  -3.90    10.51
  SINCE JAN 1     10.13                     16.55  -6.42    12.86

SNOWFALL (IN)
  TODAY            0.0           0.0  2015   0.0    0.0      0.0
  MONTH TO DATE    0.0                       0.0    0.0      0.0
  SINCE MAR 1      T                         1.9   -1.9      1.6
  SINCE JUL 1      9.0                      18.0   -9.0     12.0
  SNOW DEPTH       0

DEGREE DAYS
 HEATING
  TODAY            0                         1     -1        7
  MONTH TO DATE  128                       109     19       80
  SINCE MAR 1    775                      1066   -291      884
  SINCE JUL 1   3952                      5012  -1060     4939

 COOLING
  TODAY            8                         5      3        0
  MONTH TO DATE   92                        78     14      104
  SINCE MAR 1    124                       103     21      119
  SINCE JAN 1    124                       103     21      119
..................................................................


WIND (MPH)
  HIGHEST WIND SPEED    15   HIGHEST WIND DIRECTION     S (190)
  HIGHEST GUST SPEED    19   HIGHEST GUST DIRECTION     S (190)
  AVERAGE WIND SPEED     8.1


SKY COVER
  AVERAGE SKY COVER 0.5



RELATIVE HUMIDITY (PERCENT)
 HIGHEST    93          1200 AM
 LOWEST     54           300 PM
 AVERAGE    74

..........................................................


THE COLUMBIA ASOS CLIMATE NORMALS FOR TOMORROW
                         NORMAL    RECORD    YEAR
 MAXIMUM TEMPERATURE (F)   79       100      1934
 MINIMUM TEMPERATURE (F)   58        43      1894


SUNRISE AND SUNSET
MAY 31 2016...........SUNRISE   546 AM CDT   SUNSET   828 PM CDT
JUNE  1 2016..........SUNRISE   545 AM CDT   SUNSET   828 PM CDT


-  INDICATES NEGATIVE NUMBERS.
R  INDICATES RECORD WAS SET OR TIED.
MM INDICATES DATA IS MISSING.
T  INDICATES TRACE AMOUNT.




$$
