447
CDUS45 KRIW 220735
CLICPR


CLIMATE REPORT
NATIONAL WEATHER SERVICE RIVERTON WY
135 AM MDT FRI MAY 22 2015


...................................

...THE CASPER WY CLIMATE SUMMARY FOR MAY 21 2015...

CLIMATE NORMAL PERIOD 1981 TO 2010
CLIMATE RECORD PERIOD 1939 TO 2015


WEATHER ITEM   OBSERVED TIME   RECORD YEAR NORMAL DEPARTURE LAST
                VALUE   (LST)  VALUE       VALUE  FROM      YEAR
                                                  NORMAL
..................................................................
TEMPERATURE (F)
 YESTERDAY
  MAXIMUM         61    352 PM  87    2006  69     -8       70
                                      1964
  MINIMUM         37    550 AM  26    2001  39     -2       46
  AVERAGE         49                        54     -5       58

PRECIPITATION (IN)
  YESTERDAY        0.00          1.04 1962   0.07  -0.07     0.00
  MONTH TO DATE    1.98                      1.38   0.60     0.47
  SINCE MAR 1      4.28                      3.49   0.79     3.26
  SINCE JAN 1      5.59                      4.57   1.02     4.74

SNOWFALL (IN)
  YESTERDAY        0.0                       0.1   -0.1      0.0
  MONTH TO DATE    6.1                       2.7    3.4      0.9
  SINCE MAR 1     20.1                      25.2   -5.1     25.4
  SINCE JUL 1     71.5                      74.6   -3.1     91.6
  SNOW DEPTH       0

DEGREE DAYS
 HEATING
  YESTERDAY       16                        11      5        7
  MONTH TO DATE  379                       304     75      334
  SINCE MAR 1   1780                      1898   -118     1906
  SINCE JUL 1   6831                      7346   -515     7670

 COOLING
  YESTERDAY        0                         0      0        0
  MONTH TO DATE    0                         0      0        0
  SINCE MAR 1      0                         0      0        0
  SINCE JAN 1      0                         0      0        0
..................................................................


WIND (MPH)
  HIGHEST WIND SPEED    22   HIGHEST WIND DIRECTION     E (80)
  HIGHEST GUST SPEED    28   HIGHEST GUST DIRECTION     E (90)
  AVERAGE WIND SPEED     9.1


SKY COVER
  POSSIBLE SUNSHINE  MM
  AVERAGE SKY COVER 0.6


WEATHER CONDITIONS
 THE FOLLOWING WEATHER WAS RECORDED YESTERDAY.
  NO SIGNIFICANT WEATHER WAS OBSERVED.


RELATIVE HUMIDITY (PERCENT)
 HIGHEST    86          1100 PM
 LOWEST     51          1200 PM
 AVERAGE    69

..........................................................


THE CASPER WY CLIMATE NORMALS FOR TODAY
                         NORMAL    RECORD    YEAR
 MAXIMUM TEMPERATURE (F)   69        86      2006
                                             1980
 MINIMUM TEMPERATURE (F)   39        30      1986
                                             1974
                                             1973


SUNRISE AND SUNSET
MAY 22 2015...........SUNRISE   537 AM MDT   SUNSET   829 PM MDT
MAY 23 2015...........SUNRISE   536 AM MDT   SUNSET   830 PM MDT


-  INDICATES NEGATIVE NUMBERS.
R  INDICATES RECORD WAS SET OR TIED.
MM INDICATES DATA IS MISSING.
T  INDICATES TRACE AMOUNT.




$$
