000
CDUS45 KRIW 310033
CLICPR


CLIMATE REPORT
NATIONAL WEATHER SERVICE RIVERTON WY
631 PM MDT WED JUL 30 2014


...................................

...THE CASPER WY CLIMATE SUMMARY FOR JULY 30 2014...
VALID TODAY AS OF 0500 PM LOCAL TIME.

CLIMATE NORMAL PERIOD 1981 TO 2010
CLIMATE RECORD PERIOD 1939 TO 2014


WEATHER ITEM   OBSERVED TIME   RECORD YEAR NORMAL DEPARTURE LAST
                VALUE   (LST)  VALUE       VALUE  FROM      YEAR
                                                  NORMAL
..................................................................
TEMPERATURE (F)
 TODAY
  MAXIMUM         80        MM 101    2006  89     -9       86
  MINIMUM         52        MM  38    1971  54     -2       55
  AVERAGE         66                        72     -6       71

PRECIPITATION (IN)
  TODAY            0.00          0.84 1985   0.05  -0.05     0.02
  MONTH TO DATE    1.17                      1.37  -0.20     1.66
  SINCE JUN 1      2.52                      2.98  -0.46     2.53
  SINCE JAN 1      7.28                      8.19  -0.91     8.50

SNOWFALL (IN)
  TODAY            0.0                       0.0    0.0      0.0
  MONTH TO DATE    T                         0.0    0.0      0.0
  SINCE JUN 1      T                         0.1   -0.1      0.0
  SINCE JUL 1      T                         0.0    0.0      0.0
  SNOW DEPTH       0

DEGREE DAYS
 HEATING
  TODAY            0                         0      0        0
  MONTH TO DATE   16                        11      5        0
  SINCE JUN 1    174                       147     27       72
  SINCE JUL 1     16                        11      5        0

 COOLING
  TODAY            1                         7     -6        6
  MONTH TO DATE  187                       183      4      227
  SINCE JUN 1    204                       236    -32      310
  SINCE JAN 1    210                       240    -30      320
..................................................................


WIND (MPH)
  HIGHEST WIND SPEED    10   HIGHEST WIND DIRECTION     E (70)
  HIGHEST GUST SPEED    MM   HIGHEST GUST DIRECTION    MM
  AVERAGE WIND SPEED     4.4


SKY COVER
  POSSIBLE SUNSHINE  MM
  AVERAGE SKY COVER 0.2


WEATHER CONDITIONS
 THE FOLLOWING WEATHER WAS RECORDED TODAY.
  NO SIGNIFICANT WEATHER WAS OBSERVED.


RELATIVE HUMIDITY (PERCENT)
 HIGHEST    93           100 AM
 LOWEST     27           300 PM
 AVERAGE    60

..........................................................


THE CASPER WY CLIMATE NORMALS FOR TOMORROW
                         NORMAL    RECORD    YEAR
 MAXIMUM TEMPERATURE (F)   89        99      1988
 MINIMUM TEMPERATURE (F)   54        42      1968


SUNRISE AND SUNSET
JULY 30 2014..........SUNRISE   555 AM MDT   SUNSET   829 PM MDT
JULY 31 2014..........SUNRISE   556 AM MDT   SUNSET   828 PM MDT


-  INDICATES NEGATIVE NUMBERS.
R  INDICATES RECORD WAS SET OR TIED.
MM INDICATES DATA IS MISSING.
T  INDICATES TRACE AMOUNT.




$$
