000
CDUS45 KRIW 160739
CLICPR


CLIMATE REPORT
NATIONAL WEATHER SERVICE RIVERTON WY
138 AM MDT TUE SEP 16 2014


...................................

...THE CASPER WY CLIMATE SUMMARY FOR SEPTEMBER 15 2014...

CLIMATE NORMAL PERIOD 1981 TO 2010
CLIMATE RECORD PERIOD 1939 TO 2014


WEATHER ITEM   OBSERVED TIME   RECORD YEAR NORMAL DEPARTURE LAST
                VALUE   (LST)  VALUE       VALUE  FROM      YEAR
                                                  NORMAL
..................................................................
TEMPERATURE (F)
 YESTERDAY
  MAXIMUM         85    305 PM  92    2000  75     10       66
  MINIMUM         30    506 AM  28    1965  42    -12       51
                                      1947
  AVERAGE         58                        58      0       59

PRECIPITATION (IN)
  YESTERDAY        T             0.27 1965   0.04  -0.04     0.02
  MONTH TO DATE    0.19                      0.48  -0.29     0.41
  SINCE SEP 1      0.19                      0.48  -0.29     0.41
  SINCE JAN 1      8.57                      9.56  -0.99     9.61

SNOWFALL (IN)
  YESTERDAY        0.0                       0.1   -0.1      0.0
  MONTH TO DATE    1.0                       0.4    0.6      0.0
  SINCE SEP 1      1.0                       0.4    0.6      0.0
  SINCE JUL 1      1.0                       0.4    0.6      0.0
  SNOW DEPTH       0

DEGREE DAYS
 HEATING
  YESTERDAY        7                         7      0        6
  MONTH TO DATE  132                        75     57       29
  SINCE SEP 1    132                        75     57       29
  SINCE JUL 1    179                       121     58       29

 COOLING
  YESTERDAY        0                         1     -1        0
  MONTH TO DATE   11                        22    -11       74
  SINCE SEP 1     11                        22    -11       74
  SINCE JAN 1    339                       419    -80      612
..................................................................


WIND (MPH)
  HIGHEST WIND SPEED    28   HIGHEST WIND DIRECTION    SW (240)
  HIGHEST GUST SPEED    37   HIGHEST GUST DIRECTION    SW (230)
  AVERAGE WIND SPEED     4.9


SKY COVER
  POSSIBLE SUNSHINE  MM
  AVERAGE SKY COVER 0.0


WEATHER CONDITIONS
 THE FOLLOWING WEATHER WAS RECORDED YESTERDAY.
  NO SIGNIFICANT WEATHER WAS OBSERVED.


RELATIVE HUMIDITY (PERCENT)
 HIGHEST    96           300 AM
 LOWEST     15           300 PM
 AVERAGE    56

..........................................................


THE CASPER WY CLIMATE NORMALS FOR TODAY
                         NORMAL    RECORD    YEAR
 MAXIMUM TEMPERATURE (F)   74        94      2000
 MINIMUM TEMPERATURE (F)   41        19      1965


SUNRISE AND SUNSET
SEPTEMBER 16 2014.....SUNRISE   647 AM MDT   SUNSET   714 PM MDT
SEPTEMBER 17 2014.....SUNRISE   648 AM MDT   SUNSET   712 PM MDT


-  INDICATES NEGATIVE NUMBERS.
R  INDICATES RECORD WAS SET OR TIED.
MM INDICATES DATA IS MISSING.
T  INDICATES TRACE AMOUNT.




$$
