000
CDUS45 KRIW 280739
CLICPR


CLIMATE REPORT
NATIONAL WEATHER SERVICE RIVERTON WY
129 AM MDT FRI AUG 28 2015


...................................

...THE CASPER WY CLIMATE SUMMARY FOR AUGUST 27 2015...

CLIMATE NORMAL PERIOD 1981 TO 2010
CLIMATE RECORD PERIOD 1939 TO 2015


WEATHER ITEM   OBSERVED TIME   RECORD YEAR NORMAL DEPARTURE LAST
                VALUE   (LST)  VALUE       VALUE  FROM      YEAR
                                                  NORMAL
..................................................................
TEMPERATURE (F)
 YESTERDAY
  MAXIMUM         79    403 PM  96    2012  84     -5       67
                                      2011
                                      1995
  MINIMUM         62   1159 PM  37    1976  49     13       54
  AVERAGE         71                        66      5       61

PRECIPITATION (IN)
  YESTERDAY        T             0.24 1978   0.03  -0.03     0.13
  MONTH TO DATE    0.83                      0.76   0.07     0.97
  SINCE JUN 1      2.90                      3.78  -0.88     3.49
  SINCE JAN 1     10.40                      8.99   1.41     8.25

SNOWFALL (IN)
  YESTERDAY        0.0                       0.0    0.0      0.0
  MONTH TO DATE    0.0                       0.0    0.0      0.0
  SINCE JUN 1      0.0                       0.1   -0.1       T
  SINCE JUL 1      0.0                       0.0    0.0       T
  SNOW DEPTH       0

DEGREE DAYS
 HEATING
  YESTERDAY        0                         2     -2        4
  MONTH TO DATE   44                        20     24       25
  SINCE JUN 1     86                       172    -86      199
  SINCE JUL 1     60                        36     24       41

 COOLING
  YESTERDAY        6                         3      3        0
  MONTH TO DATE  122                       141    -19      111
  SINCE JUN 1    328                       382    -54      316
  SINCE JAN 1    328                       386    -58      322
..................................................................


WIND (MPH)
  HIGHEST WIND SPEED    25   HIGHEST WIND DIRECTION    NW (330)
  HIGHEST GUST SPEED    32   HIGHEST GUST DIRECTION    NW (330)
  AVERAGE WIND SPEED     8.2


SKY COVER
  POSSIBLE SUNSHINE  MM
  AVERAGE SKY COVER 0.7


WEATHER CONDITIONS
 THE FOLLOWING WEATHER WAS RECORDED YESTERDAY.
  THUNDERSTORM
  LIGHT RAIN
  HAZE


RELATIVE HUMIDITY (PERCENT)
 HIGHEST    67           800 AM
 LOWEST     30           300 PM
 AVERAGE    49

..........................................................


THE CASPER WY CLIMATE NORMALS FOR TODAY
                         NORMAL    RECORD    YEAR
 MAXIMUM TEMPERATURE (F)   83        95      2012
                                             1995
 MINIMUM TEMPERATURE (F)   49        34      2004


SUNRISE AND SUNSET
AUGUST 28 2015........SUNRISE   626 AM MDT   SUNSET   748 PM MDT
AUGUST 29 2015........SUNRISE   627 AM MDT   SUNSET   746 PM MDT


-  INDICATES NEGATIVE NUMBERS.
R  INDICATES RECORD WAS SET OR TIED.
MM INDICATES DATA IS MISSING.
T  INDICATES TRACE AMOUNT.




$$
