000
CDUS45 KRIW 260037
CLICPR


CLIMATE REPORT
NATIONAL WEATHER SERVICE RIVERTON WY
628 PM MDT FRI JUL 25 2014


...................................

...THE CASPER WY CLIMATE SUMMARY FOR JULY 25 2014...
VALID TODAY AS OF 0500 PM LOCAL TIME.

CLIMATE NORMAL PERIOD 1981 TO 2010
CLIMATE RECORD PERIOD 1939 TO 2014


WEATHER ITEM   OBSERVED TIME   RECORD YEAR NORMAL DEPARTURE LAST
                VALUE   (LST)  VALUE       VALUE  FROM      YEAR
                                                  NORMAL
..................................................................
TEMPERATURE (F)
 TODAY
  MAXIMUM         97        MM  98    2011  89      8       85
  MINIMUM         53        MM  46    2004  54     -1       55
  AVERAGE         75                        72      3       70

PRECIPITATION (IN)
  TODAY            T             1.62 2007   0.05  -0.05     0.02
  MONTH TO DATE    1.11                      1.14  -0.03     1.36
  SINCE JUN 1      2.46                      2.75  -0.29     2.23
  SINCE JAN 1      7.22                      7.96  -0.74     8.20

SNOWFALL (IN)
  TODAY            0.0                       0.0    0.0      0.0
  MONTH TO DATE    T                         0.0    0.0      0.0
  SINCE JUN 1      T                         0.1   -0.1      0.0
  SINCE JUL 1      T                         0.0    0.0      0.0
  SNOW DEPTH       0

DEGREE DAYS
 HEATING
  TODAY            0                         0      0        0
  MONTH TO DATE   16                        11      5        0
  SINCE JUN 1    174                       147     27       72
  SINCE JUL 1     16                        11      5        0

 COOLING
  TODAY           10                         7      3        5
  MONTH TO DATE  174                       148     26      203
  SINCE JUN 1    191                       201    -10      286
  SINCE JAN 1    197                       205     -8      296
..................................................................


WIND (MPH)
  HIGHEST WIND SPEED    27   HIGHEST WIND DIRECTION     W (280)
  HIGHEST GUST SPEED    37   HIGHEST GUST DIRECTION     W (260)
  AVERAGE WIND SPEED    11.1


SKY COVER
  POSSIBLE SUNSHINE  MM
  AVERAGE SKY COVER 0.1


WEATHER CONDITIONS
 THE FOLLOWING WEATHER WAS RECORDED TODAY.
  NO SIGNIFICANT WEATHER WAS OBSERVED.


RELATIVE HUMIDITY (PERCENT)
 HIGHEST    83           600 AM
 LOWEST      8           300 PM
 AVERAGE    46

..........................................................


THE CASPER WY CLIMATE NORMALS FOR TOMORROW
                         NORMAL    RECORD    YEAR
 MAXIMUM TEMPERATURE (F)   89        98      2010
                                             2008
 MINIMUM TEMPERATURE (F)   54        40      1971


SUNRISE AND SUNSET
JULY 25 2014..........SUNRISE   550 AM MDT   SUNSET   834 PM MDT
JULY 26 2014..........SUNRISE   551 AM MDT   SUNSET   833 PM MDT


-  INDICATES NEGATIVE NUMBERS.
R  INDICATES RECORD WAS SET OR TIED.
MM INDICATES DATA IS MISSING.
T  INDICATES TRACE AMOUNT.




$$
