000
CDUS45 KRIW 270738
CLICPR


CLIMATE REPORT
NATIONAL WEATHER SERVICE RIVERTON WY
135 AM MDT SAT MAY 27 2017


...................................

...THE CASPER WY CLIMATE SUMMARY FOR MAY 26 2017...

CLIMATE NORMAL PERIOD 1981 TO 2010
CLIMATE RECORD PERIOD 1939 TO 2017


WEATHER ITEM   OBSERVED TIME   RECORD YEAR NORMAL DEPARTURE LAST
                VALUE   (LST)  VALUE       VALUE  FROM      YEAR
                                                  NORMAL
..................................................................
TEMPERATURE (F)
 YESTERDAY
  MAXIMUM         53   1031 AM  91    2006  71    -18       66
  MINIMUM         41    929 PM  29    1989  40      1       35
                                      1950
  AVERAGE         47                        55     -8       51

PRECIPITATION (IN)
  YESTERDAY        0.19          0.96 1997   0.06   0.13     0.00
  MONTH TO DATE    2.12                      1.70   0.42     2.81
  SINCE MAR 1      6.12                      3.81   2.31     7.80
  SINCE JAN 1      7.47                      4.89   2.58     9.26

SNOWFALL (IN)
  YESTERDAY        0.0                       0.0    0.0      0.0
  MONTH TO DATE    2.9                       2.8    0.1      0.0
  SINCE MAR 1     16.5                      25.3   -8.8     27.9
  SINCE JUL 1     70.0                      74.7   -4.7     86.6
  SNOW DEPTH       0

DEGREE DAYS
 HEATING
  YESTERDAY       18                        10      8       14
  MONTH TO DATE  345                       356    -11      405
  SINCE MAR 1   1710                      1950   -240     1911
  SINCE JUL 1   6900                      7398   -498     6846

 COOLING
  YESTERDAY        0                         0      0        0
  MONTH TO DATE    0                         0      0        0
  SINCE MAR 1      0                         0      0        0
  SINCE JAN 1      0                         0      0        0
..................................................................


WIND (MPH)
  HIGHEST WIND SPEED    20   HIGHEST WIND DIRECTION     E (100)
  HIGHEST GUST SPEED    24   HIGHEST GUST DIRECTION     E (90)
  AVERAGE WIND SPEED     8.5


SKY COVER
  POSSIBLE SUNSHINE  MM
  AVERAGE SKY COVER 1.0


WEATHER CONDITIONS
 THE FOLLOWING WEATHER WAS RECORDED YESTERDAY.
  THUNDERSTORM
  RAIN
  LIGHT RAIN
  FOG


RELATIVE HUMIDITY (PERCENT)
 HIGHEST   100           800 PM
 LOWEST     54          1000 AM
 AVERAGE    77

..........................................................


THE CASPER WY CLIMATE NORMALS FOR TODAY
                         NORMAL    RECORD    YEAR
 MAXIMUM TEMPERATURE (F)   71        91      1969
 MINIMUM TEMPERATURE (F)   40        30      1950


SUNRISE AND SUNSET
MAY 27 2017...........SUNRISE   532 AM MDT   SUNSET   834 PM MDT
MAY 28 2017...........SUNRISE   532 AM MDT   SUNSET   835 PM MDT


-  INDICATES NEGATIVE NUMBERS.
R  INDICATES RECORD WAS SET OR TIED.
MM INDICATES DATA IS MISSING.
T  INDICATES TRACE AMOUNT.




$$
