000
CDUS45 KRIW 280740
CLICPR


CLIMATE REPORT
NATIONAL WEATHER SERVICE RIVERTON WY
128 AM MDT SAT MAY 28 2016


...................................

...THE CASPER WY CLIMATE SUMMARY FOR MAY 27 2016...

CLIMATE NORMAL PERIOD 1981 TO 2010
CLIMATE RECORD PERIOD 1939 TO 2016


WEATHER ITEM   OBSERVED TIME   RECORD YEAR NORMAL DEPARTURE LAST
                VALUE   (LST)  VALUE       VALUE  FROM      YEAR
                                                  NORMAL
..................................................................
TEMPERATURE (F)
 YESTERDAY
  MAXIMUM         67    118 PM  91    1969  71     -4       71
  MINIMUM         37    449 AM  30    1950  40     -3       49
  AVERAGE         52                        56     -4       60

PRECIPITATION (IN)
  YESTERDAY        0.01          0.55 1991   0.07  -0.06      T
  MONTH TO DATE    2.82                      1.77   1.05     3.45
  SINCE MAR 1      7.81                      3.88   3.93     5.75
  SINCE JAN 1      9.27                      4.96   4.31     7.06

SNOWFALL (IN)
  YESTERDAY        0.0                       0.1   -0.1      0.0
  MONTH TO DATE    0.0                       2.9   -2.9      6.3
  SINCE MAR 1     27.9                      25.4    2.5     20.3
  SINCE JUL 1     86.6                      74.8   11.8     71.7
  SNOW DEPTH       0

DEGREE DAYS
 HEATING
  YESTERDAY       13                        10      3        5
  MONTH TO DATE  418                       366     52      449
  SINCE MAR 1   1924                      1960    -36     1850
  SINCE JUL 1   6859                      7408   -549     6901

 COOLING
  YESTERDAY        0                         0      0        0
  MONTH TO DATE    0                         0      0        0
  SINCE MAR 1      0                         0      0        0
  SINCE JAN 1      0                         0      0        0
..................................................................


WIND (MPH)
  HIGHEST WIND SPEED    21   HIGHEST WIND DIRECTION     N (10)
  HIGHEST GUST SPEED    25   HIGHEST GUST DIRECTION     N (20)
  AVERAGE WIND SPEED     6.7


SKY COVER
  POSSIBLE SUNSHINE  MM
  AVERAGE SKY COVER 0.4


WEATHER CONDITIONS
 THE FOLLOWING WEATHER WAS RECORDED YESTERDAY.
  THUNDERSTORM
  LIGHT RAIN


RELATIVE HUMIDITY (PERCENT)
 HIGHEST    92           500 AM
 LOWEST     31           500 PM
 AVERAGE    62

..........................................................


THE CASPER WY CLIMATE NORMALS FOR TODAY
                         NORMAL    RECORD    YEAR
 MAXIMUM TEMPERATURE (F)   71        92      2014
 MINIMUM TEMPERATURE (F)   41        28      1947


SUNRISE AND SUNSET
MAY 28 2016...........SUNRISE   532 AM MDT   SUNSET   835 PM MDT
MAY 29 2016...........SUNRISE   531 AM MDT   SUNSET   836 PM MDT


-  INDICATES NEGATIVE NUMBERS.
R  INDICATES RECORD WAS SET OR TIED.
MM INDICATES DATA IS MISSING.
T  INDICATES TRACE AMOUNT.




$$
