000
CDUS45 KRIW 240817
CLICPR


CLIMATE REPORT
NATIONAL WEATHER SERVICE RIVERTON WY
116 AM MST TUE JAN 24 2017


...................................

...THE CASPER WY CLIMATE SUMMARY FOR JANUARY 23 2017...

CLIMATE NORMAL PERIOD 1981 TO 2010
CLIMATE RECORD PERIOD 1939 TO 2017


WEATHER ITEM   OBSERVED TIME   RECORD YEAR NORMAL DEPARTURE LAST
                VALUE   (LST)  VALUE       VALUE  FROM      YEAR
                                                  NORMAL
..................................................................
TEMPERATURE (F)
 YESTERDAY
  MAXIMUM         36    100 PM  59    1981  35      1       39
  MINIMUM         15    739 AM -39    1949  15      0       30
  AVERAGE         26                        25      1       35

PRECIPITATION (IN)
  YESTERDAY        0.17R         0.10 1978   0.02   0.15     0.00
  MONTH TO DATE    0.42                      0.38   0.04     0.42
  SINCE DEC 1      1.73                      0.87   0.86     1.48
  SINCE JAN 1      0.42                      0.38   0.04     0.42

SNOWFALL (IN)
  YESTERDAY        3.4                       0.3    3.1      0.0
  MONTH TO DATE    8.8                       6.8    2.0      5.5
  SINCE DEC 1     31.0                      17.8   13.2     22.3
  SINCE JUL 1     34.2                      37.3   -3.1     35.6
  SNOW DEPTH       4

DEGREE DAYS
 HEATING
  YESTERDAY       39                        40     -1       30
  MONTH TO DATE 1019                       925     94      916
  SINCE DEC 1   2476                      2200    276     2156
  SINCE JUL 1   3902                      4054   -152     3678

 COOLING
  YESTERDAY        0                         0      0        0
  MONTH TO DATE    0                         0      0        0
  SINCE DEC 1      0                         0      0        0
  SINCE JAN 1      0                         0      0        0
..................................................................


WIND (MPH)
  HIGHEST WIND SPEED    28   HIGHEST WIND DIRECTION    SW (210)
  HIGHEST GUST SPEED    31   HIGHEST GUST DIRECTION    SW (210)
  AVERAGE WIND SPEED    12.3


SKY COVER
  POSSIBLE SUNSHINE  MM
  AVERAGE SKY COVER 0.6


WEATHER CONDITIONS
 THE FOLLOWING WEATHER WAS RECORDED YESTERDAY.
  LIGHT SNOW
  FOG


RELATIVE HUMIDITY (PERCENT)
 HIGHEST    92           100 AM
 LOWEST     64           200 PM
 AVERAGE    78

..........................................................


THE CASPER WY CLIMATE NORMALS FOR TODAY
                         NORMAL    RECORD    YEAR
 MAXIMUM TEMPERATURE (F)   35        56      2005
 MINIMUM TEMPERATURE (F)   15       -40      1949


SUNRISE AND SUNSET
JANUARY 24 2017.......SUNRISE   728 AM MST   SUNSET   509 PM MST
JANUARY 25 2017.......SUNRISE   727 AM MST   SUNSET   510 PM MST


-  INDICATES NEGATIVE NUMBERS.
R  INDICATES RECORD WAS SET OR TIED.
MM INDICATES DATA IS MISSING.
T  INDICATES TRACE AMOUNT.




$$
