000
CDUS45 KRIW 040732
CLICPR


CLIMATE REPORT
NATIONAL WEATHER SERVICE RIVERTON WY
1230 AM MST SUN DEC 4 2016


...................................

...THE CASPER WY CLIMATE SUMMARY FOR DECEMBER 3 2016...

CLIMATE NORMAL PERIOD 1981 TO 2010
CLIMATE RECORD PERIOD 1939 TO 2016


WEATHER ITEM   OBSERVED TIME   RECORD YEAR NORMAL DEPARTURE LAST
                VALUE   (LST)  VALUE       VALUE  FROM      YEAR
                                                  NORMAL
..................................................................
TEMPERATURE (F)
 YESTERDAY
  MAXIMUM         38    305 PM  59    1941  36      2       38
  MINIMUM         18    823 PM  -6    1992  15      3       26
                                      1955
  AVERAGE         28                        25      3       32

PRECIPITATION (IN)
  YESTERDAY        0.00          0.30 2013   0.02  -0.02     0.00
  MONTH TO DATE    0.01                      0.05  -0.04     0.00
  SINCE DEC 1      0.01                      0.05  -0.04     0.00
  SINCE JAN 1     14.27                     12.08   2.19    12.23

SNOWFALL (IN)
  YESTERDAY        0.0                       0.4   -0.4      0.0
  MONTH TO DATE    0.3                       1.1   -0.8      0.0
  SINCE DEC 1      0.3                       1.1   -0.8      0.0
  SINCE JUL 1      3.5                      20.6  -17.1     13.3
  SNOW DEPTH       0

DEGREE DAYS
 HEATING
  YESTERDAY       37                        40     -3       33
  MONTH TO DATE  117                       118     -1      114
  SINCE DEC 1    117                       118     -1      114
  SINCE JUL 1   1543                      1972   -429     1636

 COOLING
  YESTERDAY        0                         0      0        0
  MONTH TO DATE    0                         0      0        0
  SINCE DEC 1      0                         0      0        0
  SINCE JAN 1    451                       422     29      427
..................................................................


WIND (MPH)
  HIGHEST WIND SPEED    32   HIGHEST WIND DIRECTION    SW (210)
  HIGHEST GUST SPEED    41   HIGHEST GUST DIRECTION    SW (220)
  AVERAGE WIND SPEED    17.4


SKY COVER
  POSSIBLE SUNSHINE  MM
  AVERAGE SKY COVER 0.5


WEATHER CONDITIONS
 THE FOLLOWING WEATHER WAS RECORDED YESTERDAY.
  NO SIGNIFICANT WEATHER WAS OBSERVED.


RELATIVE HUMIDITY (PERCENT)
 HIGHEST    73           300 AM
 LOWEST     35           300 PM
 AVERAGE    54

..........................................................


THE CASPER WY CLIMATE NORMALS FOR TODAY
                         NORMAL    RECORD    YEAR
 MAXIMUM TEMPERATURE (F)   35        59      1965
 MINIMUM TEMPERATURE (F)   15       -22      2013


SUNRISE AND SUNSET
DECEMBER  4 2016......SUNRISE   721 AM MST   SUNSET   432 PM MST
DECEMBER  5 2016......SUNRISE   722 AM MST   SUNSET   432 PM MST


-  INDICATES NEGATIVE NUMBERS.
R  INDICATES RECORD WAS SET OR TIED.
MM INDICATES DATA IS MISSING.
T  INDICATES TRACE AMOUNT.




$$
