000
CDUS45 KRIW 060743
CLICPR


CLIMATE REPORT
NATIONAL WEATHER SERVICE RIVERTON WY
131 AM MDT MON JUL 6 2015


...................................

...THE CASPER WY CLIMATE SUMMARY FOR JULY 5 2015...

CLIMATE NORMAL PERIOD 1981 TO 2010
CLIMATE RECORD PERIOD 1939 TO 2015


WEATHER ITEM   OBSERVED TIME   RECORD YEAR NORMAL DEPARTURE LAST
                VALUE   (LST)  VALUE       VALUE  FROM      YEAR
                                                  NORMAL
..................................................................
TEMPERATURE (F)
 YESTERDAY
  MAXIMUM         83    910 AM  99    2001  86     -3       98
  MINIMUM         55   1159 PM  38    1972  51      4       57
  AVERAGE         69                        69      0       78

PRECIPITATION (IN)
  YESTERDAY        0.17          0.27 2001   0.04   0.13     0.00
  MONTH TO DATE    0.23                      0.21   0.02     0.00
  SINCE JUN 1      1.73                      1.82  -0.09     1.35
  SINCE JAN 1      9.23                      7.03   2.20     6.11

SNOWFALL (IN)
  YESTERDAY        0.0                       0.0    0.0      0.0
  MONTH TO DATE    0.0                       0.0    0.0      0.0
  SINCE JUN 1      0.0                       0.1   -0.1      0.0
  SINCE JUL 1      0.0                       0.0    0.0      0.0
  SNOW DEPTH       0

DEGREE DAYS
 HEATING
  YESTERDAY        0                         1     -1        0
  MONTH TO DATE    0                         5     -5       11
  SINCE JUN 1     26                       141   -115      169
  SINCE JUL 1      0                         5     -5       11

 COOLING
  YESTERDAY        4                         5     -1       13
  MONTH TO DATE   37                        22     15       28
  SINCE JUN 1    113                        75     38       45
  SINCE JAN 1    113                        79     34       51
..................................................................


WIND (MPH)
  HIGHEST WIND SPEED    25   HIGHEST WIND DIRECTION     N (10)
  HIGHEST GUST SPEED    32   HIGHEST GUST DIRECTION     N (10)
  AVERAGE WIND SPEED    13.8


SKY COVER
  POSSIBLE SUNSHINE  MM
  AVERAGE SKY COVER 0.3


WEATHER CONDITIONS
 THE FOLLOWING WEATHER WAS RECORDED YESTERDAY.
  RAIN
  LIGHT RAIN
  FOG


RELATIVE HUMIDITY (PERCENT)
 HIGHEST    93           700 PM
 LOWEST     33           200 AM
 AVERAGE    63

..........................................................


THE CASPER WY CLIMATE NORMALS FOR TODAY
                         NORMAL    RECORD    YEAR
 MAXIMUM TEMPERATURE (F)   87       101      1981
 MINIMUM TEMPERATURE (F)   52        41      2004


SUNRISE AND SUNSET
JULY  6 2015..........SUNRISE   534 AM MDT   SUNSET   847 PM MDT
JULY  7 2015..........SUNRISE   534 AM MDT   SUNSET   847 PM MDT


-  INDICATES NEGATIVE NUMBERS.
R  INDICATES RECORD WAS SET OR TIED.
MM INDICATES DATA IS MISSING.
T  INDICATES TRACE AMOUNT.




$$
