000
CDUS46 KLOX 220904
CLICQT


CLIMATE REPORT
NATIONAL WEATHER SERVICE LOS ANGELES/OXNARD CA
104 AM PST WED FEB 22 2017


...................................

...THE DOWNTOWN LOS ANGELES (USC) CA CLIMATE SUMMARY FOR FEBRUARY 21 2017...

CLIMATE NORMAL PERIOD 1981 TO 2010
CLIMATE RECORD PERIOD 1877 TO 2017


WEATHER ITEM   OBSERVED TIME   RECORD YEAR NORMAL DEPARTURE LAST
                VALUE   (LST)  VALUE       VALUE  FROM      YEAR
                                                  NORMAL
..................................................................
TEMPERATURE (F)
 YESTERDAY
  MAXIMUM         68    228 PM  88    2002  69     -1       73
  MINIMUM         58   1159 PM  35    1897  50      8       50
  AVERAGE         63                        59      4       62

PRECIPITATION (IN)
  YESTERDAY        0.03          2.08 2005   0.15  -0.12     0.00
  MONTH TO DATE    4.11                      2.86   1.25     0.79
  SINCE OCT 1     18.44                     10.01   8.43     4.99
  SINCE JAN 1     12.49                      5.98   6.51     3.96

SNOWFALL (IN)
  YESTERDAY        0.0
  MONTH TO DATE    0.0
  SINCE DEC 1      0.0
  SINCE JUL 1      0.0

DEGREE DAYS
 HEATING
  YESTERDAY        2                         6     -4        3
  MONTH TO DATE   81                       144    -63       68
  SINCE DEC 1    518                       604    -86      535
  SINCE JUL 1    589                       735   -146      639

 COOLING
  YESTERDAY        0                         1     -1        0
  MONTH TO DATE    5                         8     -3       58
  SINCE DEC 1     14                        21     -7       68
  SINCE JAN 1      8                        17     -9       58
..................................................................


WIND (MPH)
  HIGHEST WIND SPEED     8   HIGHEST WIND DIRECTION     W (280)
  HIGHEST GUST SPEED    12   HIGHEST GUST DIRECTION     W (280)
  AVERAGE WIND SPEED     0.6


SKY COVER
  POSSIBLE SUNSHINE  MM
  AVERAGE SKY COVER 0.9


WEATHER CONDITIONS
 THE FOLLOWING WEATHER WAS RECORDED YESTERDAY.
  LIGHT RAIN
  FOG
  HAZE


RELATIVE HUMIDITY (PERCENT)
 HIGHEST    93          1100 PM
 LOWEST     58           300 PM
 AVERAGE    76

..........................................................


THE DOWNTOWN LOS ANGELES (USC) CA CLIMATE NORMALS FOR TODAY
                         NORMAL    RECORD    YEAR
 MAXIMUM TEMPERATURE (F)   69        90      2002
 MINIMUM TEMPERATURE (F)   50        35      1897


SUNRISE AND SUNSET
FEBRUARY 22 2017......SUNRISE   630 AM PST   SUNSET   544 PM PST
FEBRUARY 23 2017......SUNRISE   629 AM PST   SUNSET   545 PM PST


-  INDICATES NEGATIVE NUMBERS.
R  INDICATES RECORD WAS SET OR TIED.
MM INDICATES DATA IS MISSING.
T  INDICATES TRACE AMOUNT.




$$
