365
CDUS46 KLOX 230909
CLICQT


CLIMATE REPORT
NATIONAL WEATHER SERVICE LOS ANGELES/OXNARD CA
108 AM PST THU NOV 23 2017


...................................

...THE DOWNTOWN LOS ANGELES (USC) CA CLIMATE SUMMARY FOR NOVEMBER 22 2017...

CLIMATE NORMAL PERIOD 1981 TO 2010
CLIMATE RECORD PERIOD 1877 TO 2017


WEATHER ITEM   OBSERVED TIME   RECORD YEAR NORMAL DEPARTURE LAST
                VALUE   (LST)  VALUE       VALUE  FROM      YEAR
                                                  NORMAL
..................................................................
TEMPERATURE (F)
 YESTERDAY
  MAXIMUM         93R   221 PM  89    1950  71     22       70
  MINIMUM         62   1230 AM  36    1882  50     12       52
  AVERAGE         78                        61     17       61

PRECIPITATION (IN)
  YESTERDAY        0.00          3.51 1965   0.04  -0.04     0.00
  MONTH TO DATE    0.01                      0.69  -0.68     0.75
  SINCE OCT 1      0.11                      1.35  -1.24     1.27
  SINCE JAN 1     13.23                     12.25   0.98     7.12

SNOWFALL (IN)
  YESTERDAY        0.0
  MONTH TO DATE    0.0
  SINCE SEP 1      0.0
  SINCE JUL 1      0.0

DEGREE DAYS
 HEATING
  YESTERDAY        0                         5     -5        4
  MONTH TO DATE   10                        68    -58       21
  SINCE SEP 1     10                        88    -78       23
  SINCE JUL 1     10                        88    -78       23

 COOLING
  YESTERDAY       13                         1     12        0
  MONTH TO DATE   44                        32     12       96
  SINCE SEP 1    647                       405    242      527
  SINCE JAN 1   1849                      1239    610     1522
..................................................................


WIND (MPH)
  HIGHEST WIND SPEED     7   HIGHEST WIND DIRECTION     W (280)
  HIGHEST GUST SPEED    11   HIGHEST GUST DIRECTION     W (280)
  AVERAGE WIND SPEED     1.4


SKY COVER
  POSSIBLE SUNSHINE  MM
  AVERAGE SKY COVER 0.0


WEATHER CONDITIONS
 THE FOLLOWING WEATHER WAS RECORDED YESTERDAY.
  NO SIGNIFICANT WEATHER WAS OBSERVED.


RELATIVE HUMIDITY (PERCENT)
 HIGHEST    44           900 PM
 LOWEST     12           200 PM
 AVERAGE    28

..........................................................


THE DOWNTOWN LOS ANGELES (USC) CA CLIMATE NORMALS FOR TODAY
                         NORMAL    RECORD    YEAR
 MAXIMUM TEMPERATURE (F)   71        91      1933
 MINIMUM TEMPERATURE (F)   50        39      1886


SUNRISE AND SUNSET
NOVEMBER 23 2017......SUNRISE   633 AM PST   SUNSET   446 PM PST
NOVEMBER 24 2017......SUNRISE   634 AM PST   SUNSET   445 PM PST


-  INDICATES NEGATIVE NUMBERS.
R  INDICATES RECORD WAS SET OR TIED.
MM INDICATES DATA IS MISSING.
T  INDICATES TRACE AMOUNT.




$$
