000
CDUS46 KLOX 190908
CLICQT


CLIMATE REPORT
NATIONAL WEATHER SERVICE LOS ANGELES/OXNARD CA
108 AM PST FRI DEC 19 2014


...................................

...THE DOWNTOWN LOS ANGELES (USC) CA CLIMATE SUMMARY FOR DECEMBER 18 2014...

CLIMATE NORMAL PERIOD 1981 TO 2010
CLIMATE RECORD PERIOD 1877 TO 2014


WEATHER ITEM   OBSERVED TIME   RECORD YEAR NORMAL DEPARTURE LAST
                VALUE   (LST)  VALUE       VALUE  FROM      YEAR
                                                  NORMAL
..................................................................
TEMPERATURE (F)
 YESTERDAY
  MAXIMUM         62    357 PM  86    1917  67     -5       71
  MINIMUM         48    502 AM  35    1895  47      1       57
  AVERAGE         55                        57     -2       64

PRECIPITATION (IN)
  YESTERDAY        0.00          2.18 1938   0.08  -0.08     0.00
  MONTH TO DATE    3.69                      1.14   2.55     0.09
  SINCE JUL 1      4.47                      3.13   1.34     0.86
  SINCE JAN 1      9.58                     13.74  -4.16     3.49

SNOWFALL (IN)
  YESTERDAY        0.0
  MONTH TO DATE    0.0
  SINCE DEC 1      0.0
  SINCE JUL 1      0.0

DEGREE DAYS
 HEATING
  YESTERDAY       10                         8      2        1
  MONTH TO DATE   71                       133    -62      133
  SINCE DEC 1     71                       133    -62      133
  SINCE JUL 1     94                       264   -170      214

 COOLING
  YESTERDAY        0                         0      0        0
  MONTH TO DATE    2                         0      2       14
  SINCE DEC 1      2                         0      2       14
  SINCE JAN 1   1747                      1240    507     1223
..................................................................


WIND (MPH)
  HIGHEST WIND SPEED     7   HIGHEST WIND DIRECTION     E (100)
  HIGHEST GUST SPEED    11   HIGHEST GUST DIRECTION     E (110)
  AVERAGE WIND SPEED     0.8


SKY COVER
  POSSIBLE SUNSHINE  MM
  AVERAGE SKY COVER 0.5


WEATHER CONDITIONS
 THE FOLLOWING WEATHER WAS RECORDED YESTERDAY.
  NO SIGNIFICANT WEATHER WAS OBSERVED.


RELATIVE HUMIDITY (PERCENT)
 HIGHEST    89          1100 PM
 LOWEST     52           100 PM
 AVERAGE    71

..........................................................


THE DOWNTOWN LOS ANGELES (USC) CA CLIMATE NORMALS FOR TODAY
                         NORMAL    RECORD    YEAR
 MAXIMUM TEMPERATURE (F)   67        86      1917
 MINIMUM TEMPERATURE (F)   47        32      1897


SUNRISE AND SUNSET
DECEMBER 19 2014......SUNRISE   654 AM PST   SUNSET   447 PM PST
DECEMBER 20 2014......SUNRISE   654 AM PST   SUNSET   447 PM PST


-  INDICATES NEGATIVE NUMBERS.
R  INDICATES RECORD WAS SET OR TIED.
MM INDICATES DATA IS MISSING.
T  INDICATES TRACE AMOUNT.




$$
