000
CDUS42 KILM 260843
CLICRE


CLIMATE REPORT
NATIONAL WEATHER SERVICE WILMINGTON NC
443 AM EDT TUE SEP 26 2017


...................................

...THE N.MYRTLE BEACH SOUTH CAROLINA CLIMATE SUMMARY FOR SEPTEMBER 25 2017...

CLIMATE NORMAL PERIOD 1981 TO 2010
CLIMATE RECORD PERIOD 1949 TO 2017


WEATHER ITEM   OBSERVED TIME   RECORD YEAR NORMAL DEPARTURE LAST
                VALUE   (LST)  VALUE       VALUE  FROM      YEAR
                                                  NORMAL
..................................................................
TEMPERATURE (F)
 YESTERDAY
  MAXIMUM         82    305 PM  90    2010  81      1       84
  MINIMUM         69    632 AM  47    1950  64      5       68
  AVERAGE         76                        73      3       76

PRECIPITATION (IN)
  YESTERDAY        0.00          2.13 2008   0.20  -0.20      T
  MONTH TO DATE    4.28                      5.33  -1.05    17.63
  SINCE SEP 1      4.28                      5.33  -1.05    17.63
  SINCE JAN 1     39.89                     40.68  -0.79    43.27

DEGREE DAYS
 HEATING
  YESTERDAY        0                         0      0        0
  MONTH TO DATE    0                         0      0        0
  SINCE SEP 1      0                         0      0        0
  SINCE JUL 1      0                         0      0        0

 COOLING
  YESTERDAY       11                         8      3       11
  MONTH TO DATE  281                       272      9      316
  SINCE SEP 1    281                       272      9      316
  SINCE JAN 1   1946                      1748    198     2172
..................................................................


WIND (MPH)
  HIGHEST WIND SPEED    17   HIGHEST WIND DIRECTION     N (20)
  HIGHEST GUST SPEED    23   HIGHEST GUST DIRECTION     N (20)
  AVERAGE WIND SPEED     9.6


SKY COVER
  POSSIBLE SUNSHINE  MM
  AVERAGE SKY COVER 0.5


WEATHER CONDITIONS
 THE FOLLOWING WEATHER WAS RECORDED YESTERDAY.
  NO SIGNIFICANT WEATHER WAS OBSERVED.


RELATIVE HUMIDITY (PERCENT)
 HIGHEST    90           400 AM
 LOWEST     69           200 PM
 AVERAGE    80

..........................................................


THE N.MYRTLE BEACH SOUTH CAROLINA CLIMATE NORMALS FOR TODAY
                         NORMAL    RECORD    YEAR
 MAXIMUM TEMPERATURE (F)   81        88      1993
 MINIMUM TEMPERATURE (F)   64        46      1950


SUNRISE AND SUNSET
SEPTEMBER 26 2017.....SUNRISE   706 AM EDT   SUNSET   706 PM EDT
SEPTEMBER 27 2017.....SUNRISE   707 AM EDT   SUNSET   704 PM EDT


-  INDICATES NEGATIVE NUMBERS.
R  INDICATES RECORD WAS SET OR TIED.
MM INDICATES DATA IS MISSING.
T  INDICATES TRACE AMOUNT.




$$
