000
CDUS42 KILM 252043
CLICRE


CLIMATE REPORT
NATIONAL WEATHER SERVICE WILMINGTON NC
443 PM EDT TUE APR 25 2017


...................................

...THE NORTH MYRTLE BEACH SC CLIMATE SUMMARY FOR APRIL 25 2017...
VALID TODAY AS OF 0400 PM LOCAL TIME.

CLIMATE NORMAL PERIOD 1981 TO 2010
CLIMATE RECORD PERIOD 1949 TO 2017


WEATHER ITEM   OBSERVED TIME   RECORD YEAR NORMAL DEPARTURE LAST
                VALUE   (LST)  VALUE       VALUE  FROM      YEAR
                                                  NORMAL
..................................................................
TEMPERATURE (F)
 TODAY
  MAXIMUM         67   1220 PM  84    2006  74     -7       73
                                      1990
  MINIMUM         59    913 AM  41    1993  55      4       51
  AVERAGE         63                        64     -1       62

PRECIPITATION (IN)
  TODAY            T                         0.08  -0.08     0.00
  MONTH TO DATE    3.44                      2.51   0.93     0.90
  SINCE MAR 1      5.38                      6.43  -1.05     2.37
  SINCE JAN 1      8.91                     13.54  -4.63    10.44

SNOWFALL (IN)
  TODAY           MM
  MONTH TO DATE   MM
  SINCE MAR 1     MM
  SINCE JUL 1     MM
  SNOW DEPTH      MM

DEGREE DAYS
 HEATING
  TODAY            2                         3     -1        3
  MONTH TO DATE   49                       129    -80      123
  SINCE MAR 1    393                       467    -74      294
  SINCE JUL 1   1797                      2411   -614     1769

 COOLING
  TODAY            0                         2     -2        0
  MONTH TO DATE   58                        27     31       29
  SINCE MAR 1     70                        30     40       65
  SINCE JAN 1     71                        30     41       65
..................................................................


WIND (MPH)
  HIGHEST WIND SPEED    14   HIGHEST WIND DIRECTION     W (250)
  HIGHEST GUST SPEED    17   HIGHEST GUST DIRECTION     W (280)
  AVERAGE WIND SPEED     4.9


SKY COVER
  POSSIBLE SUNSHINE  MM
  AVERAGE SKY COVER 1.0


WEATHER CONDITIONS
 THE FOLLOWING WEATHER WAS RECORDED TODAY.
  LIGHT RAIN
  FOG
  FOG W/VISIBILITY <= 1/4 MILE


RELATIVE HUMIDITY (PERCENT)
 HIGHEST   100          1200 AM
 LOWEST     78           100 PM
 AVERAGE    89

..........................................................


THE NORTH MYRTLE BEACH SC CLIMATE NORMALS FOR TOMORROW
                         NORMAL    RECORD    YEAR
 MAXIMUM TEMPERATURE (F)   74        92      1990
 MINIMUM TEMPERATURE (F)   55        42      2001


SUNRISE AND SUNSET
APRIL 25 2017.........SUNRISE   632 AM EDT   SUNSET   754 PM EDT
APRIL 26 2017.........SUNRISE   631 AM EDT   SUNSET   755 PM EDT


-  INDICATES NEGATIVE NUMBERS.
R  INDICATES RECORD WAS SET OR TIED.
MM INDICATES DATA IS MISSING.
T  INDICATES TRACE AMOUNT.




$$
