000
CDUS42 KILM 171016
CLICRE


CLIMATE REPORT
NATIONAL WEATHER SERVICE WILMINGTON NC
516 AM EST FRI NOV 17 2017


...................................

...THE N.MYRTLE BEACH SOUTH CAROLINA CLIMATE SUMMARY FOR NOVEMBER 16 2017...

CLIMATE NORMAL PERIOD 1981 TO 2010
CLIMATE RECORD PERIOD 1949 TO 2017


WEATHER ITEM   OBSERVED TIME   RECORD YEAR NORMAL DEPARTURE LAST
                VALUE   (LST)  VALUE       VALUE  FROM      YEAR
                                                  NORMAL
..................................................................
TEMPERATURE (F)
 YESTERDAY
  MAXIMUM         67    351 PM  84    1993  67      0       69
  MINIMUM         39    701 AM  30    1996  46     -7       40
  AVERAGE         53                        56     -3       55

PRECIPITATION (IN)
  YESTERDAY        0.00          1.31 2006   0.10  -0.10     0.00
  MONTH TO DATE    1.31                      1.61  -0.30     0.17
  SINCE SEP 1      9.86                     11.77  -1.91    27.92
  SINCE JAN 1     45.47                     47.12  -1.65    53.56

SNOWFALL (IN)
  YESTERDAY       MM
  MONTH TO DATE   MM
  SINCE SEP 1     MM
  SINCE JUL 1     MM
  SNOW DEPTH      MM

DEGREE DAYS
 HEATING
  YESTERDAY       12                         9      3       10
  MONTH TO DATE  107                       117    -10      138
  SINCE SEP 1    169                       207    -38      166
  SINCE JUL 1    169                       207    -38      166

 COOLING
  YESTERDAY        0                         0      0        0
  MONTH TO DATE   17                        12      5        7
  SINCE SEP 1    532                       419    113      509
  SINCE JAN 1   2197                      1895    302     2365
..................................................................


WIND (MPH)
  HIGHEST WIND SPEED    13   HIGHEST WIND DIRECTION    NW (330)
  HIGHEST GUST SPEED    16   HIGHEST GUST DIRECTION     N (10)
  AVERAGE WIND SPEED     3.2


SKY COVER
  POSSIBLE SUNSHINE  MM
  AVERAGE SKY COVER 0.0


WEATHER CONDITIONS
 THE FOLLOWING WEATHER WAS RECORDED YESTERDAY.
  FOG


RELATIVE HUMIDITY (PERCENT)
 HIGHEST    93           800 PM
 LOWEST     45           200 PM
 AVERAGE    69

..........................................................


THE N.MYRTLE BEACH SOUTH CAROLINA CLIMATE NORMALS FOR TODAY
                         NORMAL    RECORD    YEAR
 MAXIMUM TEMPERATURE (F)   66        82      1988
 MINIMUM TEMPERATURE (F)   46        29      2007


SUNRISE AND SUNSET
NOVEMBER 17 2017......SUNRISE   649 AM EST   SUNSET   510 PM EST
NOVEMBER 18 2017......SUNRISE   650 AM EST   SUNSET   510 PM EST


-  INDICATES NEGATIVE NUMBERS.
R  INDICATES RECORD WAS SET OR TIED.
MM INDICATES DATA IS MISSING.
T  INDICATES TRACE AMOUNT.




$$
