000
CDUS42 KILM 262100
CLICRE


CLIMATE REPORT
NATIONAL WEATHER SERVICE WILMINGTON NC
500 PM EDT TUE JUL 26 2016


...................................

...THE NORTH MYRTLE BEACH SC CLIMATE SUMMARY FOR JULY 26 2016...
VALID TODAY AS OF 0400 PM LOCAL TIME.

CLIMATE NORMAL PERIOD 1981 TO 2010
CLIMATE RECORD PERIOD 1949 TO 2016


WEATHER ITEM   OBSERVED TIME   RECORD YEAR NORMAL DEPARTURE LAST
                VALUE   (LST)  VALUE       VALUE  FROM      YEAR
                                                  NORMAL
..................................................................
TEMPERATURE (F)
 TODAY
  MAXIMUM         89    232 PM  96    1949  87      2       87
  MINIMUM         79    624 AM  68    1954  73      6       69
  AVERAGE         84                        80      4       78

PRECIPITATION (IN)
  TODAY            0.00                      0.19  -0.19     0.00
  MONTH TO DATE    2.68                      4.99  -2.31     3.73
  SINCE JUN 1      5.92                      9.63  -3.71     6.89
  SINCE JAN 1     21.66                     27.03  -5.37    26.95

DEGREE DAYS
 HEATING
  TODAY            0                         0      0        0
  MONTH TO DATE    0                         0      0        0
  SINCE JUN 1      0                         0      0        0
  SINCE JUL 1      0                         0      0        0

 COOLING
  TODAY           19                        15      4       13
  MONTH TO DATE  462                       402     60      443
  SINCE JUN 1    904                       759    145      918
  SINCE JAN 1   1200                       971    229     1177
..................................................................


WIND (MPH)
  HIGHEST WIND SPEED    17   HIGHEST WIND DIRECTION     S (190)
  HIGHEST GUST SPEED    22   HIGHEST GUST DIRECTION     S (200)
  AVERAGE WIND SPEED    10.4


SKY COVER
  POSSIBLE SUNSHINE  MM
  AVERAGE SKY COVER 0.0


WEATHER CONDITIONS
 THE FOLLOWING WEATHER WAS RECORDED TODAY.
  NO SIGNIFICANT WEATHER WAS OBSERVED.


RELATIVE HUMIDITY (PERCENT)
 HIGHEST    85           400 AM
 LOWEST     65           900 AM
 AVERAGE    75

..........................................................


THE NORTH MYRTLE BEACH SC CLIMATE NORMALS FOR TOMORROW
                         NORMAL    RECORD    YEAR
 MAXIMUM TEMPERATURE (F)   87       101      2005
 MINIMUM TEMPERATURE (F)   73        67      1954


SUNRISE AND SUNSET
JULY 26 2016..........SUNRISE   623 AM EDT   SUNSET   820 PM EDT
JULY 27 2016..........SUNRISE   624 AM EDT   SUNSET   819 PM EDT


-  INDICATES NEGATIVE NUMBERS.
R  INDICATES RECORD WAS SET OR TIED.
MM INDICATES DATA IS MISSING.
T  INDICATES TRACE AMOUNT.




$$
