000
CDUS42 KILM 010846
CLICRE


CLIMATE REPORT
NATIONAL WEATHER SERVICE WILMINGTON NC
446 AM EDT SUN MAY 1 2016


...................................

...THE NORTH MYRTLE BEACH SC CLIMATE SUMMARY FOR APRIL 30 2016...

CLIMATE NORMAL PERIOD 1981 TO 2010
CLIMATE RECORD PERIOD 1949 TO 2016


WEATHER ITEM   OBSERVED TIME   RECORD YEAR NORMAL DEPARTURE LAST
                VALUE   (LST)  VALUE       VALUE  FROM      YEAR
                                                  NORMAL
..................................................................
TEMPERATURE (F)
 YESTERDAY
  MAXIMUM         74    252 PM  84    1990  75     -1       75
  MINIMUM         62    441 AM  41    2008  56      6       55
  AVERAGE         68                        66      2       65

PRECIPITATION (IN)
  YESTERDAY        0.00                      0.09  -0.09      T
  MONTH TO DATE    0.99                      2.96  -1.97     3.64
  SINCE MAR 1      2.46                      6.88  -4.42     6.07
  SINCE JAN 1     10.53                     13.99  -3.46    13.26

SNOWFALL (IN)
  YESTERDAY       MM
  MONTH TO DATE   MM
  SINCE MAR 1     MM
  SINCE JUL 1     MM
  SNOW DEPTH      MM

DEGREE DAYS
 HEATING
  YESTERDAY        0                         2     -2        0
  MONTH TO DATE  123                       140    -17       55
  SINCE MAR 1    294                       479   -185      355
  SINCE JUL 1   1769                      2423   -654     2442

 COOLING
  YESTERDAY        3                         3      0        0
  MONTH TO DATE   64                        39     25       45
  SINCE MAR 1    100                        42     58       52
  SINCE JAN 1    100                        42     58       53
..................................................................


WIND (MPH)
  HIGHEST WIND SPEED    18   HIGHEST WIND DIRECTION     E (110)
  HIGHEST GUST SPEED    25   HIGHEST GUST DIRECTION     E (90)
  AVERAGE WIND SPEED    10.1


SKY COVER
  POSSIBLE SUNSHINE  MM
  AVERAGE SKY COVER 0.6


WEATHER CONDITIONS
 THE FOLLOWING WEATHER WAS RECORDED YESTERDAY.
  FOG
  FOG W/VISIBILITY <= 1/4 MILE


RELATIVE HUMIDITY (PERCENT)
 HIGHEST   100           400 AM
 LOWEST     68          1100 AM
 AVERAGE    84

..........................................................


THE NORTH MYRTLE BEACH SC CLIMATE NORMALS FOR TODAY
                         NORMAL    RECORD    YEAR
 MAXIMUM TEMPERATURE (F)   75        90      1953
 MINIMUM TEMPERATURE (F)   56        42      1993


SUNRISE AND SUNSET
MAY  1 2016...........SUNRISE   626 AM EDT   SUNSET   759 PM EDT
MAY  2 2016...........SUNRISE   625 AM EDT   SUNSET   759 PM EDT


-  INDICATES NEGATIVE NUMBERS.
R  INDICATES RECORD WAS SET OR TIED.
MM INDICATES DATA IS MISSING.
T  INDICATES TRACE AMOUNT.




$$
