709
CDUS44 KCRP 302136
CLICRP

CLIMATE REPORT
NATIONAL WEATHER SERVICE CORPUS CHRISTI TX
434 PM CDT SAT JUL 30 2016

...................................

...THE CORPUS CHRISTI CLIMATE SUMMARY FOR JULY 30 2016...
VALID AS OF 400 PM LOCAL TIME.

CLIMATE NORMAL PERIOD 1981 TO 2010
CLIMATE RECORD PERIOD 1887 TO 2016


WEATHER ITEM   OBSERVED TIME   RECORD YEAR NORMAL DEPARTURE LAST
                VALUE   (LST)  VALUE       VALUE  FROM      YEAR
                                                  NORMAL
..................................................................
TEMPERATURE (F)
 TODAY
  MAXIMUM         96    126 PM 101    1960  94      2       99
                                      1946
  MINIMUM         77    628 AM  69    2015  75      2       69
  AVERAGE         87                        85      2       84

PRECIPITATION (IN)
  TODAY            0.00          0.85 1916   0.06  -0.06     0.00
  MONTH TO DATE    T                         2.73  -2.73     0.57
  SINCE JUN 1      2.95                      6.09  -3.14     2.20
  SINCE JAN 1     21.17                     16.36   4.81    32.46

SNOWFALL (IN)
  TODAY            0.0
  MONTH TO DATE    0.0
  SINCE JUN 1      0.0
  SINCE JUL 1      0.0
  SNOW DEPTH       0

DEGREE DAYS
 HEATING
  TODAY            0                         0      0        0
  MONTH TO DATE    0                         0      0        0
  SINCE JUN 1      0                         0      0        0
  SINCE JUL 1      0                         0      0        0

 COOLING
  TODAY           22                        20      2       19
  MONTH TO DATE  647                       568     79      621
  SINCE JUN 1   1207                      1090    117     1160
  SINCE JAN 1   2243                      1931    312     1990
..................................................................


WIND (MPH)
  HIGHEST WIND SPEED    22   HIGHEST WIND DIRECTION    SE (140)
  HIGHEST GUST SPEED    27   HIGHEST GUST DIRECTION    SE (140)


SKY COVER
  POSSIBLE SUNSHINE  MM
  AVERAGE SKY COVER 0.5


WEATHER CONDITIONS
 THE FOLLOWING WEATHER WAS RECORDED TODAY.
  HAZE


RELATIVE HUMIDITY (PERCENT)
 HIGHEST    97           600 AM
 LOWEST     52          1100 AM
 AVERAGE    75

..........................................................


THE CORPUS CHRISTI CLIMATE NORMALS FOR TOMORROW
                         NORMAL    RECORD    YEAR
 MAXIMUM TEMPERATURE (F)   94       101      2015
 MINIMUM TEMPERATURE (F)   75        70      1949
                                             1946


SUNRISE AND SUNSET
JULY 30 2016..........SUNRISE   652 AM CDT   SUNSET   820 PM CDT
JULY 31 2016..........SUNRISE   653 AM CDT   SUNSET   820 PM CDT


-  INDICATES NEGATIVE NUMBERS.
R  INDICATES RECORD WAS SET OR TIED.
MM INDICATES DATA IS MISSING.
T  INDICATES TRACE AMOUNT.




$$
