000
CDUS44 KCRP 300039
CLICRP

CLIMATE REPORT
NATIONAL WEATHER SERVICE CORPUS CHRISTI TX
736 PM CDT MON AUG 29 2016

...................................

...THE CORPUS CHRISTI CLIMATE SUMMARY FOR AUGUST 29 2016...
VALID TODAY AS OF 700 PM LOCAL TIME.

CLIMATE NORMAL PERIOD 1981 TO 2010
CLIMATE RECORD PERIOD 1887 TO 2016


WEATHER ITEM   OBSERVED TIME   RECORD YEAR NORMAL DEPARTURE LAST
                VALUE   (LST)  VALUE       VALUE  FROM      YEAR
                                                  NORMAL
..................................................................
TEMPERATURE (F)
 TODAY
  MAXIMUM         93    142 PM 107    2012  93      0       92
  MINIMUM         77    806 AM  67    2015  75      2       67
  AVERAGE         85                        84      1       80

PRECIPITATION (IN)
  TODAY            0.08          2.90 1946   0.15  -0.07     0.00
  MONTH TO DATE    2.70                      2.61   0.09     2.34
  SINCE JUN 1      5.65                      8.76  -3.11     5.16
  SINCE JAN 1     23.87                     19.03   4.84    35.42

SNOWFALL (IN)
  TODAY            0.0
  MONTH TO DATE    0.0
  SINCE JUN 1      0.0
  SINCE JUL 1      0.0
  SNOW DEPTH       0

DEGREE DAYS
 HEATING
  TODAY            0                         0      0        0
  MONTH TO DATE    0                         0      0        0
  SINCE JUN 1      0                         0      0        0
  SINCE JUL 1      0                         0      0        0

 COOLING
  TODAY           20                        19      1       15
  MONTH TO DATE  617                       575     42      607
  SINCE JUN 1   1846                      1684    162     1791
  SINCE JAN 1   2882                      2525    357     2621
..................................................................


WIND (MPH)
  HIGHEST WIND SPEED    23   HIGHEST WIND DIRECTION    NE (50)
  HIGHEST GUST SPEED    26   HIGHEST GUST DIRECTION    NE (50)


SKY COVER
  POSSIBLE SUNSHINE  MM
  AVERAGE SKY COVER 0.8


WEATHER CONDITIONS
 THE FOLLOWING WEATHER WAS RECORDED TODAY.
  LIGHT RAIN
  FOG
  HAZE


RELATIVE HUMIDITY (PERCENT)
 HIGHEST    91           200 AM
 LOWEST     64           100 PM
 AVERAGE    78

..........................................................


THE CORPUS CHRISTI CLIMATE NORMALS FOR TOMORROW
                         NORMAL    RECORD    YEAR
 MAXIMUM TEMPERATURE (F)   93       107      2012
 MINIMUM TEMPERATURE (F)   75        69      1942
                                             1893


SUNRISE AND SUNSET
AUGUST 29 2016........SUNRISE   708 AM CDT   SUNSET   753 PM CDT
AUGUST 30 2016........SUNRISE   708 AM CDT   SUNSET   752 PM CDT


-  INDICATES NEGATIVE NUMBERS.
R  INDICATES RECORD WAS SET OR TIED.
MM INDICATES DATA IS MISSING.
T  INDICATES TRACE AMOUNT.




$$
