000
CDUS44 KCRP 280647 RRB
CLICRP

CLIMATE REPORT
NATIONAL WEATHER SERVICE CORPUS CHRISTI TX
145 AM CDT THU MAY 28 2015


...................................

...THE CORPUS CHRISTI CLIMATE SUMMARY FOR MAY 27 2015...

CLIMATE NORMAL PERIOD 1981 TO 2010
CLIMATE RECORD PERIOD 1887 TO 2015


WEATHER ITEM   OBSERVED TIME   RECORD YEAR NORMAL DEPARTURE LAST
                VALUE   (LST)  VALUE       VALUE  FROM      YEAR
                                                  NORMAL
..................................................................
TEMPERATURE (F)
 YESTERDAY
  MAXIMUM         88    420 PM  99    1973  89     -1       90
  MINIMUM         77    622 AM  60    1901  72      5       76
  AVERAGE         83                        80      3       83

PRECIPITATION (IN)
  YESTERDAY        0.00          1.74 1957   0.12  -0.12      T
  MONTH TO DATE   13.41                      2.64  10.77     3.83
  SINCE MAR 1     25.90                      6.37  19.53     5.98
  SINCE JAN 1     29.35                      9.84  19.51     6.89

SNOWFALL (IN)
  YESTERDAY        0.0
  MONTH TO DATE    0.0
  SINCE MAR 1      0.0
  SINCE JUL 1      0.0
  SNOW DEPTH       0

DEGREE DAYS
 HEATING
  YESTERDAY        0                         0      0        0
  MONTH TO DATE    0                         0      0        0
  SINCE MAR 1    116                        98     18      146
  SINCE JUL 1   1053                       898    155     1145

 COOLING
  YESTERDAY       18                        15      3       18
  MONTH TO DATE  385                       351     34      295
  SINCE MAR 1    741                       703     38      664
  SINCE JAN 1    769                       779    -10      741
..................................................................


WIND (MPH)
  HIGHEST WIND SPEED    22   HIGHEST WIND DIRECTION    SE (130)
  HIGHEST GUST SPEED    26   HIGHEST GUST DIRECTION    SE (140)
  AVERAGE WIND SPEED    13.8


SKY COVER
  POSSIBLE SUNSHINE  MM
  AVERAGE SKY COVER 0.7


WEATHER CONDITIONS
 THE FOLLOWING WEATHER WAS RECORDED YESTERDAY.
  NO SIGNIFICANT WEATHER WAS OBSERVED.


RELATIVE HUMIDITY (PERCENT)
 HIGHEST    94           600 AM
 LOWEST     63          1200 PM
 AVERAGE    79

..........................................................


THE CORPUS CHRISTI CLIMATE NORMALS FOR TODAY
                         NORMAL    RECORD    YEAR
 MAXIMUM TEMPERATURE (F)   89        94      2010
                                             1974
 MINIMUM TEMPERATURE (F)   72        62      1901


SUNRISE AND SUNSET
MAY 28 2015...........SUNRISE   635 AM CDT   SUNSET   819 PM CDT
MAY 29 2015...........SUNRISE   635 AM CDT   SUNSET   820 PM CDT


-  INDICATES NEGATIVE NUMBERS.
R  INDICATES RECORD WAS SET OR TIED.
MM INDICATES DATA IS MISSING.
T  INDICATES TRACE AMOUNT.

$$

GW
