000
CDUS44 KCRP 310042
CLICRP

CLIMATE REPORT
NATIONAL WEATHER SERVICE CORPUS CHRISTI TX
741 PM CDT WED JUL 30 2014


...................................

...THE CORPUS CHRISTI CLIMATE SUMMARY FOR JULY 30 2014...
VALID TODAY AS OF 700 PM LOCAL TIME.

CLIMATE NORMAL PERIOD 1981 TO 2010
CLIMATE RECORD PERIOD 1887 TO 2014


WEATHER ITEM   OBSERVED TIME   RECORD YEAR NORMAL DEPARTURE LAST
                VALUE   (LST)  VALUE       VALUE  FROM      YEAR
                                                  NORMAL
..................................................................
TEMPERATURE (F)
 TODAY
  MAXIMUM         96   1219 PM 101    1960  94      2       96
                                      1946
  MINIMUM         73    339 AM  70    1971  75     -2       80
                                      1949
  AVERAGE         85                        85      0       88

PRECIPITATION (IN)
  TODAY            0.00          0.85 1916   0.06  -0.06     0.00
  MONTH TO DATE    0.74                      2.73  -1.99     2.73
  SINCE JUN 1      2.15                      6.09  -3.94     5.07
  SINCE JAN 1      9.25                     16.36  -7.11     9.80

SNOWFALL (IN)
  TODAY            0.0
  MONTH TO DATE    0.0
  SINCE JUN 1      0.0
  SINCE JUL 1      0.0
  SNOW DEPTH       0

DEGREE DAYS
 HEATING
  TODAY            0                         0      0        0
  MONTH TO DATE    0                         0      0        0
  SINCE JUN 1      0                         0      0        0
  SINCE JUL 1      0                         0      0        0

 COOLING
  TODAY           20                        20      0       23
  MONTH TO DATE  596                       568     28      636
  SINCE JUN 1   1203                      1090    113     1294
  SINCE JAN 1   2009                      1931     78     2312
..................................................................


WIND (MPH)
  HIGHEST WIND SPEED    23   HIGHEST WIND DIRECTION    SE (130)
  HIGHEST GUST SPEED    27   HIGHEST GUST DIRECTION    SE (140)


SKY COVER
  POSSIBLE SUNSHINE  MM
  AVERAGE SKY COVER 0.6


WEATHER CONDITIONS
 THE FOLLOWING WEATHER WAS RECORDED TODAY.
  NO SIGNIFICANT WEATHER WAS OBSERVED.


RELATIVE HUMIDITY (PERCENT)
 HIGHEST    94           200 AM
 LOWEST     46          1100 AM
 AVERAGE    70

..........................................................


THE CORPUS CHRISTI CLIMATE NORMALS FOR TOMORROW
                         NORMAL    RECORD    YEAR
 MAXIMUM TEMPERATURE (F)   94       100      2012
 MINIMUM TEMPERATURE (F)   75        70      1949
                                             1946


SUNRISE AND SUNSET
JULY 30 2014..........SUNRISE   652 AM CDT   SUNSET   821 PM CDT
JULY 31 2014..........SUNRISE   652 AM CDT   SUNSET   820 PM CDT


-  INDICATES NEGATIVE NUMBERS.
R  INDICATES RECORD WAS SET OR TIED.
MM INDICATES DATA IS MISSING.
T  INDICATES TRACE AMOUNT.




$$
