750
CDUS44 KCRP 210908
CLICRP

CLIMATE REPORT
NATIONAL WEATHER SERVICE CORPUS CHRISTI TX
307 AM CST SAT JAN 21 2017


...................................

...THE CORPUS CHRISTI CLIMATE SUMMARY FOR JANUARY 20 2017...

CLIMATE NORMAL PERIOD 1981 TO 2010
CLIMATE RECORD PERIOD 1887 TO 2017


WEATHER ITEM   OBSERVED TIME   RECORD YEAR NORMAL DEPARTURE LAST
                VALUE   (LST)  VALUE       VALUE  FROM      YEAR
                                                  NORMAL
..................................................................
TEMPERATURE (F)
 YESTERDAY
  MAXIMUM         67    536 PM  85    2012  67      0       77
                                      1972
  MINIMUM         61   1218 AM  25    1963  47     14       57
  AVERAGE         64                        57      7       67

PRECIPITATION (IN)
  YESTERDAY        0.01          0.76 1891   0.05  -0.04     0.00
  MONTH TO DATE    0.22                      0.99  -0.77     2.08
  SINCE DEC 1      2.42                      2.82  -0.40     2.97
  SINCE JAN 1      0.22                      0.99  -0.77     2.08

SNOWFALL (IN)
  YESTERDAY        0.0
  MONTH TO DATE    0.0
  SINCE DEC 1      0.0
  SINCE JUL 1      0.0
  SNOW DEPTH       0

DEGREE DAYS
 HEATING
  YESTERDAY        1                         9     -8        0
  MONTH TO DATE   96                       180    -84      198
  SINCE DEC 1    245                       430   -185      357
  SINCE JUL 1    263                       531   -268      431

 COOLING
  YESTERDAY        0                         1     -1        2
  MONTH TO DATE   71                        20     51        2
  SINCE DEC 1    159                        69     90       80
  SINCE JAN 1     71                        20     51        2
..................................................................


WIND (MPH)
  HIGHEST WIND SPEED    13   HIGHEST WIND DIRECTION     S (200)
  HIGHEST GUST SPEED    16   HIGHEST GUST DIRECTION     S (200)
  AVERAGE WIND SPEED     5.6


SKY COVER
  POSSIBLE SUNSHINE  MM
  AVERAGE SKY COVER 1.0


WEATHER CONDITIONS
 THE FOLLOWING WEATHER WAS RECORDED YESTERDAY.
  LIGHT RAIN
  FOG
  FOG W/VISIBILITY <= 1/4 MILE


RELATIVE HUMIDITY (PERCENT)
 HIGHEST   100          1200 AM
 LOWEST     93           100 AM
 AVERAGE    97

..........................................................


THE CORPUS CHRISTI CLIMATE NORMALS FOR TODAY
                         NORMAL    RECORD    YEAR
 MAXIMUM TEMPERATURE (F)   67        88      1999
 MINIMUM TEMPERATURE (F)   47        22      1985


SUNRISE AND SUNSET
JANUARY 21 2017.......SUNRISE   721 AM CST   SUNSET   602 PM CST
JANUARY 22 2017.......SUNRISE   721 AM CST   SUNSET   603 PM CST


-  INDICATES NEGATIVE NUMBERS.
R  INDICATES RECORD WAS SET OR TIED.
MM INDICATES DATA IS MISSING.
T  INDICATES TRACE AMOUNT.




$$
