000
CDUS44 KCRP 090658
CLICRP

CLIMATE REPORT
NATIONAL WEATHER SERVICE CORPUS CHRISTI TX
1252 AM CST FRI DEC 9 2016


...................................

...THE CORPUS CHRISTI CLIMATE SUMMARY FOR DECEMBER 8 2016...

CLIMATE NORMAL PERIOD 1981 TO 2010
CLIMATE RECORD PERIOD 1887 TO 2016


WEATHER ITEM   OBSERVED TIME   RECORD YEAR NORMAL DEPARTURE LAST
                VALUE   (LST)  VALUE       VALUE  FROM      YEAR
                                                  NORMAL
..................................................................
TEMPERATURE (F)
 YESTERDAY
  MAXIMUM         60   1237 AM  85    2012  70    -10       74
  MINIMUM         42   1159 PM  30    2011  50     -8       48
  AVERAGE         51                        60     -9       61

PRECIPITATION (IN)
  YESTERDAY        0.02          0.86 1899   0.06  -0.04     0.00
  MONTH TO DATE    2.00                      0.41   1.59     0.01
  SINCE DEC 1      2.00                      0.41   1.59     0.01
  SINCE JAN 1     32.53                     30.34   2.19    44.14

SNOWFALL (IN)
  YESTERDAY        0.0
  MONTH TO DATE    0.0
  SINCE DEC 1      0.0
  SINCE JUL 1      0.0
  SNOW DEPTH       0

DEGREE DAYS
 HEATING
  YESTERDAY       14                         7      7        4
  MONTH TO DATE   41                        52    -11       64
  SINCE DEC 1     41                        52    -11       64
  SINCE JUL 1     59                       153    -94      138

 COOLING
  YESTERDAY        0                         2     -2        0
  MONTH TO DATE    8                        16     -8        0
  SINCE DEC 1      8                        16     -8        0
  SINCE JAN 1   4190                      3491    699     3672
..................................................................


WIND (MPH)
  HIGHEST WIND SPEED    31   HIGHEST WIND DIRECTION     N (10)
  HIGHEST GUST SPEED    39   HIGHEST GUST DIRECTION    NE (30)
  AVERAGE WIND SPEED    22.6


SKY COVER
  POSSIBLE SUNSHINE  MM
  AVERAGE SKY COVER 0.9


WEATHER CONDITIONS
 THE FOLLOWING WEATHER WAS RECORDED YESTERDAY.
  LIGHT RAIN
  FOG


RELATIVE HUMIDITY (PERCENT)
 HIGHEST    93           300 AM
 LOWEST     67          1100 PM
 AVERAGE    80

..........................................................


THE CORPUS CHRISTI CLIMATE NORMALS FOR TODAY
                         NORMAL    RECORD    YEAR
 MAXIMUM TEMPERATURE (F)   69        87      2004
 MINIMUM TEMPERATURE (F)   50        29      1978


SUNRISE AND SUNSET
DECEMBER  9 2016......SUNRISE   710 AM CST   SUNSET   535 PM CST
DECEMBER 10 2016......SUNRISE   710 AM CST   SUNSET   536 PM CST


-  INDICATES NEGATIVE NUMBERS.
R  INDICATES RECORD WAS SET OR TIED.
MM INDICATES DATA IS MISSING.
T  INDICATES TRACE AMOUNT.




$$
