000
CDUS44 KCRP 260754
CLICRP

CLIMATE REPORT
NATIONAL WEATHER SERVICE CORPUS CHRISTI TX
153 AM CST SUN FEB 26 2017


...................................

...THE CORPUS CHRISTI CLIMATE SUMMARY FOR FEBRUARY 25 2017...

CLIMATE NORMAL PERIOD 1981 TO 2010
CLIMATE RECORD PERIOD 1887 TO 2017


WEATHER ITEM   OBSERVED TIME   RECORD YEAR NORMAL DEPARTURE LAST
                VALUE   (LST)  VALUE       VALUE  FROM      YEAR
                                                  NORMAL
..................................................................
TEMPERATURE (F)
 YESTERDAY
  MAXIMUM         68    326 PM  91    2008  72     -4       75
  MINIMUM         53    729 AM  27    1960  53      0       34
  AVERAGE         61                        62     -1       55

PRECIPITATION (IN)
  YESTERDAY        0.00          4.70 1982   0.07  -0.07     0.00
  MONTH TO DATE    2.57                      1.68   0.89     0.21
  SINCE DEC 1      5.04                      5.05  -0.01     3.18
  SINCE JAN 1      2.84                      3.22  -0.38     2.29

SNOWFALL (IN)
  YESTERDAY        0.0
  MONTH TO DATE    0.0
  SINCE DEC 1      0.0
  SINCE JUL 1      0.0
  SNOW DEPTH       0

DEGREE DAYS
 HEATING
  YESTERDAY        4                         5     -1       10
  MONTH TO DATE   30                       160   -130      102
  SINCE DEC 1    334                       686   -352      534
  SINCE JUL 1    352                       787   -435      608

 COOLING
  YESTERDAY        0                         2     -2        0
  MONTH TO DATE  148                        43    105       50
  SINCE DEC 1    328                       122    206      141
  SINCE JAN 1    240                        73    167       63
..................................................................


WIND (MPH)
  HIGHEST WIND SPEED    25   HIGHEST WIND DIRECTION    NE (40)
  HIGHEST GUST SPEED    31   HIGHEST GUST DIRECTION    NE (40)
  AVERAGE WIND SPEED    13.6


SKY COVER
  POSSIBLE SUNSHINE  MM
  AVERAGE SKY COVER 0.0


WEATHER CONDITIONS
 THE FOLLOWING WEATHER WAS RECORDED YESTERDAY.
  NO SIGNIFICANT WEATHER WAS OBSERVED.


RELATIVE HUMIDITY (PERCENT)
 HIGHEST    86          1100 PM
 LOWEST     39           200 PM
 AVERAGE    63

..........................................................


THE CORPUS CHRISTI CLIMATE NORMALS FOR TODAY
                         NORMAL    RECORD    YEAR
 MAXIMUM TEMPERATURE (F)   72        89      1986
 MINIMUM TEMPERATURE (F)   53        30      2002


SUNRISE AND SUNSET
FEBRUARY 26 2017......SUNRISE   657 AM CST   SUNSET   629 PM CST
FEBRUARY 27 2017......SUNRISE   656 AM CST   SUNSET   629 PM CST


-  INDICATES NEGATIVE NUMBERS.
R  INDICATES RECORD WAS SET OR TIED.
MM INDICATES DATA IS MISSING.
T  INDICATES TRACE AMOUNT.




$$
