000
CDUS44 KCRP 270642
CLICRP

CLIMATE REPORT
NATIONAL WEATHER SERVICE CORPUS CHRISTI TX
141 AM CDT WED AUG 27 2014


...................................

...THE CORPUS CHRISTI CLIMATE SUMMARY FOR AUGUST 26 2014...

CLIMATE NORMAL PERIOD 1981 TO 2010
CLIMATE RECORD PERIOD 1887 TO 2014


WEATHER ITEM   OBSERVED TIME   RECORD YEAR NORMAL DEPARTURE LAST
                VALUE   (LST)  VALUE       VALUE  FROM      YEAR
                                                  NORMAL
..................................................................
TEMPERATURE (F)
 YESTERDAY
  MAXIMUM         98   1257 PM 101    1990  94      4       90
  MINIMUM         74    355 AM  68    1961  75     -1       77
  AVERAGE         86                        84      2       84

PRECIPITATION (IN)
  YESTERDAY        0.00          4.14 1945   0.13  -0.13     0.55
  MONTH TO DATE    1.04                      2.19  -1.15     1.15
  SINCE JUN 1      3.19                      8.34  -5.15     6.22
  SINCE JAN 1     10.29                     18.61  -8.32    10.95

SNOWFALL (IN)
  YESTERDAY        0.0
  MONTH TO DATE    0.0
  SINCE JUN 1      0.0
  SINCE JUL 1      0.0
  SNOW DEPTH       0

DEGREE DAYS
 HEATING
  YESTERDAY        0                         0      0        0
  MONTH TO DATE    0                         0      0        0
  SINCE JUN 1      0                         0      0        0
  SINCE JUL 1      0                         0      0        0

 COOLING
  YESTERDAY       21                        19      2       19
  MONTH TO DATE  571                       518     53      575
  SINCE JUN 1   1798                      1627    171     1890
  SINCE JAN 1   2604                      2468    136     2908
..................................................................


WIND (MPH)
  HIGHEST WIND SPEED    21   HIGHEST WIND DIRECTION     E (110)
  HIGHEST GUST SPEED    29   HIGHEST GUST DIRECTION     E (100)
  AVERAGE WIND SPEED     7.9


SKY COVER
  POSSIBLE SUNSHINE  MM
  AVERAGE SKY COVER 0.3


WEATHER CONDITIONS
 THE FOLLOWING WEATHER WAS RECORDED YESTERDAY.
  FOG
  HAZE


RELATIVE HUMIDITY (PERCENT)
 HIGHEST    87           500 AM
 LOWEST     42           100 PM
 AVERAGE    65

..........................................................


THE CORPUS CHRISTI CLIMATE NORMALS FOR TODAY
                         NORMAL    RECORD    YEAR
 MAXIMUM TEMPERATURE (F)   94       102      2011
                                             1990
 MINIMUM TEMPERATURE (F)   75        69      1958
                                             1949
                                             1891


SUNRISE AND SUNSET
AUGUST 27 2014........SUNRISE   706 AM CDT   SUNSET   756 PM CDT
AUGUST 28 2014........SUNRISE   707 AM CDT   SUNSET   755 PM CDT


-  INDICATES NEGATIVE NUMBERS.
R  INDICATES RECORD WAS SET OR TIED.
MM INDICATES DATA IS MISSING.
T  INDICATES TRACE AMOUNT.

$$

CB
