000
CDUS44 KCRP 210922
CLICRP

CLIMATE REPORT
NATIONAL WEATHER SERVICE CORPUS CHRISTI TX
420 AM CDT MON APR 21 2014

...................................

...THE CORPUS CHRISTI CLIMATE SUMMARY FOR APRIL 20 2014...

CLIMATE NORMAL PERIOD 1981 TO 2010
CLIMATE RECORD PERIOD 1887 TO 2014


WEATHER ITEM   OBSERVED TIME   RECORD YEAR NORMAL DEPARTURE LAST
                VALUE   (LST)  VALUE       VALUE  FROM      YEAR
                                                  NORMAL
..................................................................
TEMPERATURE (F)
 YESTERDAY
  MAXIMUM         83    107 PM  89    1984  83      0       76
                                      1892
  MINIMUM         69   1159 PM  47    2013  64      5       47
                                      1980
  AVERAGE         76                        73      3       62

PRECIPITATION (IN)
  YESTERDAY        0.00          1.92 1945   0.06  -0.06     0.00
  MONTH TO DATE    0.43                      1.16  -0.73     0.17
  SINCE MAR 1      2.08                      3.05  -0.97     0.23
  SINCE JAN 1      2.99                      6.52  -3.53     1.92

SNOWFALL (IN)
  YESTERDAY        0.0
  MONTH TO DATE    0.0
  SINCE MAR 1      0.0
  SINCE JUL 1      T
  SNOW DEPTH       0

DEGREE DAYS
 HEATING
  YESTERDAY        0                         0      0        3
  MONTH TO DATE   14                        15     -1        9
  SINCE MAR 1    146                        96     50       73
  SINCE JUL 1   1145                       896    249      525

 COOLING
  YESTERDAY       11                         9      2        0
  MONTH TO DATE  130                       142    -12      158
  SINCE MAR 1    214                       257    -43      315
  SINCE JAN 1    291                       333    -42      459
..................................................................


WIND (MPH)
  HIGHEST WIND SPEED    24   HIGHEST WIND DIRECTION    SE (130)
  HIGHEST GUST SPEED    30   HIGHEST GUST DIRECTION    SE (120)
  AVERAGE WIND SPEED    14.3


SKY COVER
  POSSIBLE SUNSHINE  MM
  AVERAGE SKY COVER 0.9


WEATHER CONDITIONS
 THE FOLLOWING WEATHER WAS RECORDED YESTERDAY.
  NO SIGNIFICANT WEATHER WAS OBSERVED.


RELATIVE HUMIDITY (PERCENT)
 HIGHEST    84          1200 AM
 LOWEST     51           100 PM
 AVERAGE    68

..........................................................


THE CORPUS CHRISTI CLIMATE NORMALS FOR TODAY
                         NORMAL    RECORD    YEAR
 MAXIMUM TEMPERATURE (F)   83        95      2009
 MINIMUM TEMPERATURE (F)   64        51      1980


SUNRISE AND SUNSET
APRIL 21 2014.........SUNRISE   659 AM CDT   SUNSET   758 PM CDT
APRIL 22 2014.........SUNRISE   658 AM CDT   SUNSET   759 PM CDT


-  INDICATES NEGATIVE NUMBERS.
R  INDICATES RECORD WAS SET OR TIED.
MM INDICATES DATA IS MISSING.
T  INDICATES TRACE AMOUNT.

$$

87
