000
CDUS42 KFFC 260025
CLICSG


CLIMATE REPORT
NATIONAL WEATHER SERVICE PEACHTREE CITY GA
725 PM EST SUN FEB 25 2018


...................................

...THE COLUMBUS CLIMATE SUMMARY FOR FEBRUARY 25 2018...
VALID AS OF 0700 PM LOCAL TIME.

CLIMATE NORMAL PERIOD 1981 TO 2010
CLIMATE RECORD PERIOD 1948 TO 2018


WEATHER ITEM   OBSERVED TIME   RECORD YEAR NORMAL DEPARTURE LAST
                VALUE   (LST)  VALUE       VALUE  FROM      YEAR
                                                  NORMAL
..................................................................
TEMPERATURE (F)
 TODAY
  MAXIMUM         75   1121 AM  82    1930  65     10       71
  MINIMUM         63   1245 PM  17    1967  42     21       49
  AVERAGE         69                        53     16       60

PRECIPITATION (IN)
  TODAY            0.28          4.45 1919   0.16   0.12      T
  MONTH TO DATE    3.01                      3.95  -0.94     2.43
  SINCE DEC 1      7.16                     12.07  -4.91    18.28
  SINCE JAN 1      4.61                      7.80  -3.19    13.91

SNOWFALL (IN)
  TODAY            0.0           0.0  2002   0.0    0.0     MM
  MONTH TO DATE    0.0                       0.0    0.0      0.0
  SINCE DEC 1      2.0                       0.3    1.7      0.0
  SINCE JUL 1      2.0                       0.3    1.7      0.0
  SNOW DEPTH       0

DEGREE DAYS
 HEATING
  TODAY            0                        12    -12        5
  MONTH TO DATE  133                       360   -227      184
  SINCE DEC 1   1188                      1411   -223      918
  SINCE JUL 1   1452                      1743   -291     1105
..................................................................


WIND (MPH)
  HIGHEST WIND SPEED    20   HIGHEST WIND DIRECTION     N (350)
  HIGHEST GUST SPEED    25   HIGHEST GUST DIRECTION    NE (30)
  AVERAGE WIND SPEED     7.4


SKY COVER
  AVERAGE SKY COVER 0.9


WEATHER CONDITIONS
 THE FOLLOWING WEATHER WAS RECORDED TODAY.
  HEAVY RAIN
  RAIN
  LIGHT RAIN
  FOG


RELATIVE HUMIDITY (PERCENT)
 HIGHEST    93           500 AM
 LOWEST     66          1200 AM

..........................................................


THE COLUMBUS CLIMATE NORMALS FOR TOMORROW
                         NORMAL    RECORD
 MAXIMUM TEMPERATURE (F)   65        84
 MINIMUM TEMPERATURE (F)   43        18


SUNRISE AND SUNSET
FEBRUARY 25 2018......SUNRISE   712 AM EST   SUNSET   634 PM EST
FEBRUARY 26 2018......SUNRISE   711 AM EST   SUNSET   635 PM EST


-  INDICATES NEGATIVE NUMBERS.
R  INDICATES RECORD WAS SET OR TIED.
MM INDICATES DATA IS MISSING.
T  INDICATES TRACE AMOUNT.




$$
