000
CDUS42 KFFC 190024
CLICSG


CLIMATE REPORT
NATIONAL WEATHER SERVICE PEACHTREE CITY GA
823 PM EDT THU SEP 18 2014


...................................

...THE COLUMBUS CLIMATE SUMMARY FOR SEPTEMBER 18 2014...
VALID AS OF 0800 PM LOCAL TIME.

CLIMATE NORMAL PERIOD 1981 TO 2010
CLIMATE RECORD PERIOD 1948 TO 2014


WEATHER ITEM   OBSERVED TIME   RECORD YEAR NORMAL DEPARTURE LAST
                VALUE   (LST)  VALUE       VALUE  FROM      YEAR
                                                  NORMAL
..................................................................
TEMPERATURE (F)
 TODAY
  MAXIMUM         87    412 PM  98    2010  86      1       86
  MINIMUM         63    526 AM  50    1981  66     -3       68
  AVERAGE         75                        76     -1       77

PRECIPITATION (IN)
  TODAY            0.00          1.84 2006   0.09  -0.09     0.00
  MONTH TO DATE    3.88                      1.89   1.99      T
  SINCE SEP 1      3.88                      1.89   1.99      T
  SINCE JAN 1     40.06                     34.63   5.43    50.37

DEGREE DAYS
 HEATING
  TODAY            0                         0      0        0
  MONTH TO DATE    0                         0      0        0
  SINCE SEP 1      0                         0      0        0
  SINCE JUL 1      0                         0      0        0

 COOLING
  TODAY           10                        11     -1       12
  MONTH TO DATE  294                       241     53      295
  SINCE SEP 1    294                       241     53      295
  SINCE JAN 1   2089                      2113    -24     2079
..................................................................


WIND (MPH)
  HIGHEST WIND SPEED     8   HIGHEST WIND DIRECTION     E (100)
  HIGHEST GUST SPEED    14   HIGHEST GUST DIRECTION     E (80)
  AVERAGE WIND SPEED     2.4


SKY COVER
  AVERAGE SKY COVER 0.0


WEATHER CONDITIONS
 THE FOLLOWING WEATHER WAS RECORDED TODAY.
  NO SIGNIFICANT WEATHER WAS OBSERVED.


RELATIVE HUMIDITY (PERCENT)
 HIGHEST    87           500 AM
 LOWEST     37           100 PM

..........................................................


THE COLUMBUS CLIMATE NORMALS FOR TOMORROW
                         NORMAL    RECORD
 MAXIMUM TEMPERATURE (F)   86        97
 MINIMUM TEMPERATURE (F)   66        49


SUNRISE AND SUNSET
SEPTEMBER 18 2014.....SUNRISE   725 AM EDT   SUNSET   742 PM EDT
SEPTEMBER 19 2014.....SUNRISE   726 AM EDT   SUNSET   740 PM EDT


-  INDICATES NEGATIVE NUMBERS.
R  INDICATES RECORD WAS SET OR TIED.
MM INDICATES DATA IS MISSING.
T  INDICATES TRACE AMOUNT.




$$
