419
CDUS42 KFFC 310030
CLICSG


CLIMATE REPORT
NATIONAL WEATHER SERVICE PEACHTREE CITY GA
830 PM EDT TUE AUG 30 2016


...................................

...THE COLUMBUS CLIMATE SUMMARY FOR AUGUST 30 2016...
VALID AS OF 0800 PM LOCAL TIME.

CLIMATE NORMAL PERIOD 1981 TO 2010
CLIMATE RECORD PERIOD 1948 TO 2016


WEATHER ITEM   OBSERVED TIME   RECORD YEAR NORMAL DEPARTURE LAST
                VALUE   (LST)  VALUE       VALUE  FROM      YEAR
                                                  NORMAL
..................................................................
TEMPERATURE (F)
 TODAY
  MAXIMUM         93    503 PM 100    1998  90      3       87
                                      1948
                                      1943
  MINIMUM         72    618 AM  58    1986  71      1       71
  AVERAGE         83                        81      2       79

PRECIPITATION (IN)
  TODAY            0.00          1.34 2006   0.10  -0.10      T
  MONTH TO DATE    4.37                      3.66   0.71     7.50
  SINCE JUN 1      7.48                     12.14  -4.66    13.81
  SINCE JAN 1     26.92                     32.63  -5.71    33.29

DEGREE DAYS
 COOLING
  TODAY           18                        16      2       14
  MONTH TO DATE  551                       507     44      504
  SINCE JUN 1   1654                      1497    157     1565
  SINCE JAN 1   2040                      1855    185     2011
..................................................................


WIND (MPH)
  HIGHEST WIND SPEED    16   HIGHEST WIND DIRECTION     E (100)
  HIGHEST GUST SPEED    20   HIGHEST GUST DIRECTION     E (80)
  AVERAGE WIND SPEED     8.6


SKY COVER
  AVERAGE SKY COVER 0.2


WEATHER CONDITIONS
 THE FOLLOWING WEATHER WAS RECORDED TODAY.
  NO SIGNIFICANT WEATHER WAS OBSERVED.


RELATIVE HUMIDITY (PERCENT)
 HIGHEST    87           300 AM
 LOWEST     38           500 PM

..........................................................


THE COLUMBUS CLIMATE NORMALS FOR TOMORROW
                         NORMAL    RECORD
 MAXIMUM TEMPERATURE (F)   90       100
 MINIMUM TEMPERATURE (F)   71        59


SUNRISE AND SUNSET
AUGUST 30 2016........SUNRISE   714 AM EDT   SUNSET   806 PM EDT
AUGUST 31 2016........SUNRISE   714 AM EDT   SUNSET   805 PM EDT


-  INDICATES NEGATIVE NUMBERS.
R  INDICATES RECORD WAS SET OR TIED.
MM INDICATES DATA IS MISSING.
T  INDICATES TRACE AMOUNT.




$$
