000
CDUS42 KFFC 230818
CLICSG


CLIMATE REPORT
NATIONAL WEATHER SERVICE PEACHTREE CITY GA
418 AM EDT SAT SEP 23 2017


...................................

...THE COLUMBUS CLIMATE SUMMARY FOR SEPTEMBER 22 2017...

CLIMATE NORMAL PERIOD 1981 TO 2010
CLIMATE RECORD PERIOD 1948 TO 2017


WEATHER ITEM   OBSERVED TIME   RECORD YEAR NORMAL DEPARTURE LAST
                VALUE   (LST)  VALUE       VALUE  FROM      YEAR
                                                  NORMAL
..................................................................
TEMPERATURE (F)
 YESTERDAY
  MAXIMUM         94    251 PM 101    1925  85      9       94
  MINIMUM         70    654 AM  46    1913  65      5       71
  AVERAGE         82                        75      7       83

PRECIPITATION (IN)
  YESTERDAY        0.00          3.25 1896   0.10  -0.10     0.00
  MONTH TO DATE    3.19                      2.28   0.91     0.34
  SINCE SEP 1      3.19                      2.28   0.91     0.34
  SINCE JAN 1     42.20                     35.02   7.18    27.26

DEGREE DAYS
 HEATING
  YESTERDAY        0                         0      0        0
  MONTH TO DATE    3                         0      3        0
  SINCE SEP 1      3                         0      3        0
  SINCE JUL 1      3                         0      3        0

 COOLING
  YESTERDAY       17                        10      7       18
  MONTH TO DATE  250                       282    -32      360
  SINCE SEP 1    250                       282    -32      360
  SINCE JAN 1   2344                      2154    190     2417
..................................................................


WIND (MPH)
  HIGHEST WIND SPEED    10   HIGHEST WIND DIRECTION    NE (60)
  HIGHEST GUST SPEED    14   HIGHEST GUST DIRECTION    NE (50)
  AVERAGE WIND SPEED     3.5


SKY COVER
  AVERAGE SKY COVER 0.0


WEATHER CONDITIONS
 THE FOLLOWING WEATHER WAS RECORDED YESTERDAY.
  THUNDERSTORM


RELATIVE HUMIDITY (PERCENT)
 HIGHEST    97           500 AM
 LOWEST     39           300 PM
 AVERAGE    68

..........................................................


THE COLUMBUS CLIMATE NORMALS FOR TODAY
                         NORMAL    RECORD    YEAR
 MAXIMUM TEMPERATURE (F)   84       100      1925
 MINIMUM TEMPERATURE (F)   64        45      1983


SUNRISE AND SUNSET
SEPTEMBER 23 2017.....SUNRISE   729 AM EDT   SUNSET   735 PM EDT
SEPTEMBER 24 2017.....SUNRISE   729 AM EDT   SUNSET   733 PM EDT


-  INDICATES NEGATIVE NUMBERS.
R  INDICATES RECORD WAS SET OR TIED.
MM INDICATES DATA IS MISSING.
T  INDICATES TRACE AMOUNT.




$$
