915
CDUS42 KFFC 210818
CLICSG


CLIMATE REPORT
NATIONAL WEATHER SERVICE PEACHTREE CITY GA
418 AM EDT FRI JUL 21 2017


...................................

...THE COLUMBUS CLIMATE SUMMARY FOR JULY 20 2017...

CLIMATE NORMAL PERIOD 1981 TO 2010
CLIMATE RECORD PERIOD 1948 TO 2017


WEATHER ITEM   OBSERVED TIME   RECORD YEAR NORMAL DEPARTURE LAST
                VALUE   (LST)  VALUE       VALUE  FROM      YEAR
                                                  NORMAL
..................................................................
TEMPERATURE (F)
 YESTERDAY
  MAXIMUM         98    448 PM 105    1913  92      6       99
  MINIMUM         76    605 AM  64    2009  73      3       73
                                      1910
  AVERAGE         87                        83      4       86

PRECIPITATION (IN)
  YESTERDAY        0.00          2.01 1944   0.15  -0.15     0.00
  MONTH TO DATE    2.42                      3.19  -0.77     0.86
  SINCE JUN 1      6.00                      6.91  -0.91     3.01
  SINCE JAN 1     31.57                     27.40   4.17    22.45

DEGREE DAYS
 HEATING
  YESTERDAY        0                         0      0        0
  MONTH TO DATE    0                         0      0        0
  SINCE JUN 1      0                         0      0        0
  SINCE JUL 1      0                         0      0        0

 COOLING
  YESTERDAY       22                        18      4       21
  MONTH TO DATE  378                       352     26      387
  SINCE JUN 1    800                       798      2      883
  SINCE JAN 1   1352                      1156    196     1269
..................................................................


WIND (MPH)
  HIGHEST WIND SPEED    20   HIGHEST WIND DIRECTION    NW (330)
  HIGHEST GUST SPEED    25   HIGHEST GUST DIRECTION     N (350)
  AVERAGE WIND SPEED     4.7


SKY COVER
  AVERAGE SKY COVER 0.3


WEATHER CONDITIONS
 THE FOLLOWING WEATHER WAS RECORDED YESTERDAY.
  NO SIGNIFICANT WEATHER WAS OBSERVED.


RELATIVE HUMIDITY (PERCENT)
 HIGHEST    88           400 AM
 LOWEST     38           200 PM
 AVERAGE    63

..........................................................


THE COLUMBUS CLIMATE NORMALS FOR TODAY
                         NORMAL    RECORD    YEAR
 MAXIMUM TEMPERATURE (F)   92       103      1942
 MINIMUM TEMPERATURE (F)   73        61      2009


SUNRISE AND SUNSET
JULY 21 2017..........SUNRISE   647 AM EDT   SUNSET   845 PM EDT
JULY 22 2017..........SUNRISE   648 AM EDT   SUNSET   844 PM EDT


-  INDICATES NEGATIVE NUMBERS.
R  INDICATES RECORD WAS SET OR TIED.
MM INDICATES DATA IS MISSING.
T  INDICATES TRACE AMOUNT.




$$
