000
CDUS42 KFFC 010021
CLICSG


CLIMATE REPORT
NATIONAL WEATHER SERVICE PEACHTREE CITY GA
821 PM EDT TUE SEP 30 2014


...................................

...THE COLUMBUS CLIMATE SUMMARY FOR SEPTEMBER 30 2014...
VALID AS OF 0800 PM LOCAL TIME.

CLIMATE NORMAL PERIOD 1981 TO 2010
CLIMATE RECORD PERIOD 1948 TO 2014


WEATHER ITEM   OBSERVED TIME   RECORD YEAR NORMAL DEPARTURE LAST
                VALUE   (LST)  VALUE       VALUE  FROM      YEAR
                                                  NORMAL
..................................................................
TEMPERATURE (F)
 TODAY
  MAXIMUM         80    342 PM  92    1986  82     -2       80
                                      1955
                                      1954
  MINIMUM         67    742 AM  38    1967  62      5       62
  AVERAGE         74                        72      2       71

PRECIPITATION (IN)
  TODAY            0.04          1.75 1964   0.10  -0.06     0.00
  MONTH TO DATE    4.11                      3.06   1.05     1.17
  SINCE SEP 1      4.11                      3.06   1.05     1.17
  SINCE JAN 1     40.29                     35.80   4.49    51.54

DEGREE DAYS
 HEATING
  TODAY            0                         0      0        0
  MONTH TO DATE    0                         0      0        0
  SINCE SEP 1      0                         3     -3        0
  SINCE JUL 1      0                         3     -3        0

 COOLING
  TODAY            9                         7      2        6
  MONTH TO DATE  387                       350     37      395
  SINCE SEP 1    387                       350     37      395
  SINCE JAN 1   2182                      2222    -40     2179
..................................................................


WIND (MPH)
  HIGHEST WIND SPEED    14   HIGHEST WIND DIRECTION     E (100)
  HIGHEST GUST SPEED    17   HIGHEST GUST DIRECTION     E (100)
  AVERAGE WIND SPEED     4.9


SKY COVER
  AVERAGE SKY COVER 0.9


WEATHER CONDITIONS
 THE FOLLOWING WEATHER WAS RECORDED TODAY.
  RAIN
  LIGHT RAIN
  FOG


RELATIVE HUMIDITY (PERCENT)
 HIGHEST    93           600 AM
 LOWEST     62           300 PM

..........................................................


THE COLUMBUS CLIMATE NORMALS FOR TOMORROW
                         NORMAL    RECORD
 MAXIMUM TEMPERATURE (F)   82        92
 MINIMUM TEMPERATURE (F)   61        44


SUNRISE AND SUNSET
SEPTEMBER 30 2014.....SUNRISE   733 AM EDT   SUNSET   726 PM EDT
OCTOBER  1 2014.......SUNRISE   734 AM EDT   SUNSET   724 PM EDT


-  INDICATES NEGATIVE NUMBERS.
R  INDICATES RECORD WAS SET OR TIED.
MM INDICATES DATA IS MISSING.
T  INDICATES TRACE AMOUNT.




$$
