000
CDUS42 KFFC 310820
CLICSG


CLIMATE REPORT
NATIONAL WEATHER SERVICE PEACHTREE CITY GA
420 AM EDT MON AUG 31 2015


...................................

...THE COLUMBUS CLIMATE SUMMARY FOR AUGUST 30 2015...

CLIMATE NORMAL PERIOD 1981 TO 2010
CLIMATE RECORD PERIOD 1948 TO 2015


WEATHER ITEM   OBSERVED TIME   RECORD YEAR NORMAL DEPARTURE LAST
                VALUE   (LST)  VALUE       VALUE  FROM      YEAR
                                                  NORMAL
..................................................................
TEMPERATURE (F)
 YESTERDAY
  MAXIMUM         87    449 PM 100    1998  90     -3       96
                                      1948
  MINIMUM         71    337 AM  58    1986  71      0       74
  AVERAGE         79                        81     -2       85

PRECIPITATION (IN)
  YESTERDAY        T             1.34 2006   0.10  -0.10     0.51
  MONTH TO DATE    7.50                      3.66   3.84     1.69
  SINCE JUN 1     13.81                     12.14   1.67    10.39
  SINCE JAN 1     33.29                     32.63   0.66    36.18

DEGREE DAYS
 HEATING
  YESTERDAY        0                         0      0        0
  MONTH TO DATE    0                         0      0        0
  SINCE JUN 1      0                         0      0        0
  SINCE JUL 1      0                         0      0        0

 COOLING
  YESTERDAY       14                        16     -2       20
  MONTH TO DATE  504                       507     -3      499
  SINCE JUN 1   1565                      1497     68     1440
  SINCE JAN 1   2011                      1855    156     1776
..................................................................


WIND (MPH)
  HIGHEST WIND SPEED    13   HIGHEST WIND DIRECTION     E (80)
  HIGHEST GUST SPEED    16   HIGHEST GUST DIRECTION     E (80)
  AVERAGE WIND SPEED     5.6


SKY COVER
  AVERAGE SKY COVER 0.6


WEATHER CONDITIONS
 THE FOLLOWING WEATHER WAS RECORDED YESTERDAY.
  FOG


RELATIVE HUMIDITY (PERCENT)
 HIGHEST    93           100 AM
 LOWEST     46           400 PM
 AVERAGE    70

..........................................................


THE COLUMBUS CLIMATE NORMALS FOR TODAY
                         NORMAL    RECORD    YEAR
 MAXIMUM TEMPERATURE (F)   90        97      1998
 MINIMUM TEMPERATURE (F)   71        59      1986


SUNRISE AND SUNSET
AUGUST 31 2015........SUNRISE   714 AM EDT   SUNSET   806 PM EDT
SEPTEMBER  1 2015.....SUNRISE   714 AM EDT   SUNSET   805 PM EDT


-  INDICATES NEGATIVE NUMBERS.
R  INDICATES RECORD WAS SET OR TIED.
MM INDICATES DATA IS MISSING.
T  INDICATES TRACE AMOUNT.




$$
