000
CDUS42 KFFC 230943
CLICSG


CLIMATE REPORT
NATIONAL WEATHER SERVICE PEACHTREE CITY GA
443 AM EST THU FEB 23 2017


...................................

...THE COLUMBUS CLIMATE SUMMARY FOR FEBRUARY 22 2017...

CLIMATE NORMAL PERIOD 1981 TO 2010
CLIMATE RECORD PERIOD 1948 TO 2017


WEATHER ITEM   OBSERVED TIME   RECORD YEAR NORMAL DEPARTURE LAST
                VALUE   (LST)  VALUE       VALUE  FROM      YEAR
                                                  NORMAL
..................................................................
TEMPERATURE (F)
 YESTERDAY
  MAXIMUM         73    313 PM  80    1917  64      9       68
  MINIMUM         60    751 AM  15    1963  42     18       57
  AVERAGE         67                        53     14       63

PRECIPITATION (IN)
  YESTERDAY        0.22          1.94 1932   0.17   0.05     0.07
  MONTH TO DATE    2.43                      3.46  -1.03     3.36
  SINCE DEC 1     18.28                     11.58   6.70    23.94
  SINCE JAN 1     13.91                      7.31   6.60     6.56

SNOWFALL (IN)
  YESTERDAY        0.0           0.0  2002   0.0    0.0      0.0
  MONTH TO DATE    0.0                       0.0    0.0      0.0
  SINCE DEC 1      0.0                       0.3   -0.3      0.0
  SINCE JUL 1      0.0                       0.3   -0.3      0.0
  SNOW DEPTH       0

DEGREE DAYS
 HEATING
  YESTERDAY        0                        13    -13        2
  MONTH TO DATE  179                       324   -145      308
  SINCE DEC 1    913                      1375   -462     1111
  SINCE JUL 1   1100                      1707   -607     1307

 COOLING
  YESTERDAY        2                         0      2        0
  MONTH TO DATE    6                         0      6        0
  SINCE DEC 1     16                         5     11       34
  SINCE JAN 1     11                         1     10        0
..................................................................


WIND (MPH)
  HIGHEST WIND SPEED    21   HIGHEST WIND DIRECTION     E (110)
  HIGHEST GUST SPEED    29   HIGHEST GUST DIRECTION     E (90)
  AVERAGE WIND SPEED     7.7


SKY COVER
  AVERAGE SKY COVER 0.8


WEATHER CONDITIONS
 THE FOLLOWING WEATHER WAS RECORDED YESTERDAY.
  LIGHT RAIN
  FOG


RELATIVE HUMIDITY (PERCENT)
 HIGHEST   100          1200 AM
 LOWEST     57           300 PM
 AVERAGE    79

..........................................................


THE COLUMBUS CLIMATE NORMALS FOR TODAY
                         NORMAL    RECORD    YEAR
 MAXIMUM TEMPERATURE (F)   64        83      1996
 MINIMUM TEMPERATURE (F)   42        18      1963


SUNRISE AND SUNSET
FEBRUARY 23 2017......SUNRISE   714 AM EST   SUNSET   633 PM EST
FEBRUARY 24 2017......SUNRISE   713 AM EST   SUNSET   633 PM EST


-  INDICATES NEGATIVE NUMBERS.
R  INDICATES RECORD WAS SET OR TIED.
MM INDICATES DATA IS MISSING.
T  INDICATES TRACE AMOUNT.




$$
