000
CDUS42 KFFC 240021
CLICSG


CLIMATE REPORT
NATIONAL WEATHER SERVICE PEACHTREE CITY GA
821 PM EDT WED APR 23 2014


...................................

...THE COLUMBUS CLIMATE SUMMARY FOR APRIL 23 2014...
VALID AS OF 0800 PM LOCAL TIME.

CLIMATE NORMAL PERIOD 1981 TO 2010
CLIMATE RECORD PERIOD 1948 TO 2014


WEATHER ITEM   OBSERVED TIME   RECORD YEAR NORMAL DEPARTURE LAST
                VALUE   (LST)  VALUE       VALUE  FROM      YEAR
                                                  NORMAL
..................................................................
TEMPERATURE (F)
 TODAY
  MAXIMUM         83    542 PM  90    1980  78      5       78
                                      1970
  MINIMUM         56    548 AM  35    1986  54      2       53
  AVERAGE         70                        66      4       66

PRECIPITATION (IN)
  TODAY            0.00          1.09 1971   0.11  -0.11     0.00
  MONTH TO DATE    8.04                      2.81   5.23     2.61
  SINCE MAR 1     13.44                      8.27   5.17     5.95
  SINCE JAN 1     21.76                     16.56   5.20    21.64

SNOWFALL (IN)
  TODAY            0.0           0.0  2002   0.0    0.0      0.0
                                      2001
                                      2000
  MONTH TO DATE    0.0                       0.0    0.0      0.0
  SINCE MAR 1      0.0                       0.1   -0.1      0.0
  SINCE JUL 1      1.2                       0.4    0.8      0.0
  SNOW DEPTH       0

DEGREE DAYS
 HEATING
  TODAY            0                         2     -2        0
  MONTH TO DATE   79                        81     -2       67
  SINCE MAR 1    391                       327     64      417
  SINCE JUL 1   2334                      2104    230     1773

 COOLING
  TODAY            5                         3      2        1
  MONTH TO DATE   31                        51    -20       60
  SINCE MAR 1     31                        74    -43       68
  SINCE JAN 1     34                        78    -44       93
..................................................................


WIND (MPH)
  HIGHEST WIND SPEED    18   HIGHEST WIND DIRECTION    NW (320)
  HIGHEST GUST SPEED    22   HIGHEST GUST DIRECTION    NW (320)
  AVERAGE WIND SPEED     4.6


SKY COVER
  AVERAGE SKY COVER 0.1


WEATHER CONDITIONS
 THE FOLLOWING WEATHER WAS RECORDED TODAY.
  FOG
  HAZE


RELATIVE HUMIDITY (PERCENT)
 HIGHEST   100           400 AM
 LOWEST     20           400 PM

..........................................................


THE COLUMBUS CLIMATE NORMALS FOR TOMORROW
                         NORMAL    RECORD
 MAXIMUM TEMPERATURE (F)   79        91
 MINIMUM TEMPERATURE (F)   55        38


SUNRISE AND SUNSET
APRIL 23 2014.........SUNRISE   701 AM EDT   SUNSET   815 PM EDT
APRIL 24 2014.........SUNRISE   700 AM EDT   SUNSET   816 PM EDT


-  INDICATES NEGATIVE NUMBERS.
R  INDICATES RECORD WAS SET OR TIED.
MM INDICATES DATA IS MISSING.
T  INDICATES TRACE AMOUNT.




$$
