000
CDUS44 KOHX 261240 AAA
CLICSV

CLIMATE REPORT
NATIONAL WEATHER SERVICE NASHVILLE TN
639 AM CST MON JAN 26 2015

.....................................

UPDATED FOR MORNING CLIMATE AT BOTTOM

.....................................

...THE CROSSVILLE CLIMATE SUMMARY FOR JANUARY 25 2015...

CLIMATE NORMAL PERIOD 1981 TO 2010
CLIMATE RECORD PERIOD 1954 TO 2015


WEATHER ITEM   OBSERVED TIME   RECORD YEAR NORMAL DEPARTURE
                VALUE   (LST)  VALUE       VALUE  FROM
                                                  NORMAL
...............................................................
TEMPERATURE (F)
 YESTERDAY
  MAXIMUM         50    413 PM  68    1967  45      5
  MINIMUM         31    523 AM  -1    1963  27      4
  AVERAGE         41                        36      5

PRECIPITATION (IN)
  YESTERDAY        0.14          1.20 1994   0.15  -0.01
  MONTH TO DATE    3.94                      3.85   0.09
  SINCE DEC 1     10.37                      8.80   1.57
  SINCE JAN 1      3.94                      3.85   0.09

DEGREE DAYS
 HEATING
  YESTERDAY       24                               -5
  MONTH TO DATE  744                               14
  SINCE DEC 1   1438                             -115
  SINCE JUL 1   2348                              -51

 COOLING
  YESTERDAY        0                                0
  MONTH TO DATE    0                                0
  SINCE DEC 1      0                                0
  SINCE JAN 1      0                                0
...............................................................


WIND (MPH)
  HIGHEST WIND SPEED    18   HIGHEST WIND DIRECTION    NW (300)
  HIGHEST GUST SPEED    26   HIGHEST GUST DIRECTION    SW (220)
  AVERAGE WIND SPEED     6.4




RELATIVE HUMIDITY (PERCENT)
 HIGHEST    89
 LOWEST     46
 AVERAGE    68

..........................................................


THE CROSSVILLE CLIMATE NORMALS FOR TODAY
                         NORMAL    RECORD    YEAR
 MAXIMUM TEMPERATURE (F)   45        65      1962
 MINIMUM TEMPERATURE (F)   27         1      1978


SUNRISE AND SUNSET
JANUARY 26 2015.......SUNRISE   645 AM CST   SUNSET   501 PM CST
JANUARY 27 2015.......SUNRISE   645 AM CST   SUNSET   502 PM CST


-  INDICATES NEGATIVE NUMBERS.
R  INDICATES RECORD WAS SET OR TIED.
MM INDICATES DATA IS MISSING.
T  INDICATES TRACE AMOUNT.

&&

THE LOW TEMPERATURE SINCE MIDNIGHT HAS BEEN 34 DEGREES.
0.09 INCHES OF RAIN HAVE BEEN MEASURED SINCE MIDNIGHT.

$$
