000
CDUS45 KTFX 051038
CLICTB


CLIMATE REPORT
NATIONAL WEATHER SERVICE GREAT FALLS MT
437 AM MDT SUN JUL 5 2015


...................................

...THE CUT BANK MT CLIMATE SUMMARY FOR JULY 4 2015...

CLIMATE NORMAL PERIOD 1981 TO 2010
CLIMATE RECORD PERIOD 1903 TO 2015


WEATHER ITEM   OBSERVED TIME   RECORD YEAR NORMAL DEPARTURE LAST
                VALUE   (LST)  VALUE       VALUE  FROM      YEAR
                                                  NORMAL
..................................................................
TEMPERATURE (F)
 YESTERDAY
  MAXIMUM         84    526 PM  96    1937  76      8       84
  MINIMUM         52   1159 PM  35    1990  48      4       61
  AVERAGE         68                        62      6       73

PRECIPITATION (IN)
  YESTERDAY        0.06          0.70 1913   0.06   0.00     0.00
  MONTH TO DATE    0.09                      0.23  -0.14     0.00
  SINCE OCT 1      6.82                      7.44  -0.62    11.93
  SINCE JAN 1      4.29                      6.42  -2.13    10.73

SNOWFALL (IN)
  YESTERDAY       MM
  SNOW DEPTH       0

DEGREE DAYS
 HEATING
  YESTERDAY        0                         4     -4        0
  MONTH TO DATE    0                        18    -18        3
  SINCE JUN 1    130                       251   -121      276
  SINCE JUL 1      0                        18    -18        3

 COOLING
  YESTERDAY        3                         1      2        8
  MONTH TO DATE   16                         4     12       14
  SINCE JUN 1     76                        19     57       15
  SINCE JAN 1     76                        21     55       15
..................................................................


WIND (MPH)
  HIGHEST WIND SPEED    44   HIGHEST WIND DIRECTION     N (360)
  HIGHEST GUST SPEED    54   HIGHEST GUST DIRECTION     N (360)
  AVERAGE WIND SPEED    15.3


SKY COVER
  AVERAGE SKY COVER 0.1


WEATHER CONDITIONS
 THE FOLLOWING WEATHER WAS RECORDED YESTERDAY.
  THUNDERSTORM
  RAIN
  LIGHT RAIN
  FOG


RELATIVE HUMIDITY (PERCENT)
 HIGHEST    93           900 PM
 LOWEST     31           500 PM
 AVERAGE    62

..........................................................


THE CUT BANK MT CLIMATE NORMALS FOR TODAY
                         NORMAL    RECORD    YEAR
 MAXIMUM TEMPERATURE (F)   77        97      2007
 MINIMUM TEMPERATURE (F)   48        37      2012
                                             1911


SUNRISE AND SUNSET
JULY  5 2015..........SUNRISE   534 AM MDT   SUNSET   934 PM MDT
JULY  6 2015..........SUNRISE   535 AM MDT   SUNSET   933 PM MDT


-  INDICATES NEGATIVE NUMBERS.
R  INDICATES RECORD WAS SET OR TIED.
MM INDICATES DATA IS MISSING.
T  INDICATES TRACE AMOUNT.




$$
