000
CDUS45 KTFX 281010
CLICTB


CLIMATE REPORT
NATIONAL WEATHER SERVICE GREAT FALLS MT
408 AM MDT THU APR 28 2016


...................................

...THE CUT BANK MT CLIMATE SUMMARY FOR APRIL 27 2016...

CLIMATE NORMAL PERIOD 1981 TO 2010
CLIMATE RECORD PERIOD 1903 TO 2016


WEATHER ITEM   OBSERVED TIME   RECORD YEAR NORMAL DEPARTURE LAST
                VALUE   (LST)  VALUE       VALUE  FROM      YEAR
                                                  NORMAL
..................................................................
TEMPERATURE (F)
 YESTERDAY
  MAXIMUM         44    130 PM  82    1987  57    -13       65
  MINIMUM         33   1159 PM  16    1966  32      1       29
  AVERAGE         39                        44     -5       47

PRECIPITATION (IN)
  YESTERDAY        0.10          0.88 1970   0.04   0.06     0.00
  MONTH TO DATE    1.62                      0.68   0.94     0.21
  SINCE OCT 1      4.29                      2.61   1.68     3.88
  SINCE JAN 1      2.37                      1.59   0.78     1.35

SNOWFALL (IN)
  YESTERDAY       MM
  SNOW DEPTH       0

DEGREE DAYS
 HEATING
  YESTERDAY       26                        21      5       18
  MONTH TO DATE  501                       660   -159      660
  SINCE MAR 1   1345                      1698   -353     1434
  SINCE JUL 1   6810                      7758   -948     7096

 COOLING
  YESTERDAY        0                         0      0        0
  MONTH TO DATE    0                         0      0        0
  SINCE MAR 1      0                         0      0        0
  SINCE JAN 1      0                         0      0        0
..................................................................


WIND (MPH)
  HIGHEST WIND SPEED    14   HIGHEST WIND DIRECTION    NE (60)
  HIGHEST GUST SPEED    19   HIGHEST GUST DIRECTION    NE (50)
  AVERAGE WIND SPEED     7.0


SKY COVER
  AVERAGE SKY COVER 1.0


WEATHER CONDITIONS
 THE FOLLOWING WEATHER WAS RECORDED YESTERDAY.
  LIGHT RAIN
  LIGHT SNOW
  FOG
  HAZE


RELATIVE HUMIDITY (PERCENT)
 HIGHEST   100           200 AM
 LOWEST     73           500 PM
 AVERAGE    87

..........................................................


THE CUT BANK MT CLIMATE NORMALS FOR TODAY
                         NORMAL    RECORD    YEAR
 MAXIMUM TEMPERATURE (F)   57        86      1987
 MINIMUM TEMPERATURE (F)   32        12      1954


SUNRISE AND SUNSET
APRIL 28 2016.........SUNRISE   614 AM MDT   SUNSET   841 PM MDT
APRIL 29 2016.........SUNRISE   612 AM MDT   SUNSET   842 PM MDT


-  INDICATES NEGATIVE NUMBERS.
R  INDICATES RECORD WAS SET OR TIED.
MM INDICATES DATA IS MISSING.
T  INDICATES TRACE AMOUNT.




$$
