252
CDUS45 KTFX 220824
CLICTB


CLIMATE REPORT
NATIONAL WEATHER SERVICE GREAT FALLS MT
223 AM MDT THU JUN 22 2017


...................................

...THE CUT BANK MT CLIMATE SUMMARY FOR JUNE 21 2017...

CLIMATE NORMAL PERIOD 1981 TO 2010
CLIMATE RECORD PERIOD 1903 TO 2017


WEATHER ITEM   OBSERVED TIME   RECORD YEAR NORMAL DEPARTURE LAST
                VALUE   (LST)  VALUE       VALUE  FROM      YEAR
                                                  NORMAL
..................................................................
TEMPERATURE (F)
 YESTERDAY
  MAXIMUM         75    343 PM  96    1922  72      3       76
  MINIMUM         42   1156 PM  34    1983  46     -4       48
  AVERAGE         59                        59      0       62

PRECIPITATION (IN)
  YESTERDAY        0.00          1.35 1923   0.08  -0.08     0.00
  MONTH TO DATE    2.46                      1.94   0.52     0.75
  SINCE OCT 1      8.91                      6.60   2.31     7.52
  SINCE JAN 1      7.48                      5.58   1.90     5.60

SNOWFALL (IN)
  YESTERDAY        0.0
  SNOW DEPTH       0

DEGREE DAYS
 HEATING
  YESTERDAY        6                         7     -1        3
  MONTH TO DATE  128                       182    -54      133
  SINCE JUN 1    128                       182    -54      133
  SINCE JUL 1   8564                      8470     94     7496

 COOLING
  YESTERDAY        0                         1     -1        0
  MONTH TO DATE    5                         5      0       12
  SINCE JUN 1      5                         5      0       12
  SINCE JAN 1      7                         7      0       12
..................................................................


WIND (MPH)
  HIGHEST WIND SPEED    35   HIGHEST WIND DIRECTION     W (270)
  HIGHEST GUST SPEED    44   HIGHEST GUST DIRECTION     W (260)
  AVERAGE WIND SPEED    13.5


SKY COVER
  AVERAGE SKY COVER 0.2


WEATHER CONDITIONS
 THE FOLLOWING WEATHER WAS RECORDED YESTERDAY.
  NO SIGNIFICANT WEATHER WAS OBSERVED.


RELATIVE HUMIDITY (PERCENT)
 HIGHEST    89           400 AM
 LOWEST     16           500 PM
 AVERAGE    53

..........................................................


THE CUT BANK MT CLIMATE NORMALS FOR TODAY
                         NORMAL    RECORD    YEAR
 MAXIMUM TEMPERATURE (F)   72        96      1919
 MINIMUM TEMPERATURE (F)   46        34      1942


SUNRISE AND SUNSET
JUNE 22 2017..........SUNRISE   527 AM MDT   SUNSET   936 PM MDT
JUNE 23 2017..........SUNRISE   528 AM MDT   SUNSET   936 PM MDT


-  INDICATES NEGATIVE NUMBERS.
R  INDICATES RECORD WAS SET OR TIED.
MM INDICATES DATA IS MISSING.
T  INDICATES TRACE AMOUNT.




$$
