000
CDUS45 KTFX 300950
CLICTB


CLIMATE REPORT
NATIONAL WEATHER SERVICE GREAT FALLS MT
350 AM MDT TUE SEP 30 2014


...................................

...THE CUT BANK MT CLIMATE SUMMARY FOR SEPTEMBER 29 2014...

CLIMATE NORMAL PERIOD 1981 TO 2010
CLIMATE RECORD PERIOD 1903 TO 2014


WEATHER ITEM   OBSERVED TIME   RECORD YEAR NORMAL DEPARTURE LAST
                VALUE   (LST)  VALUE       VALUE  FROM      YEAR
                                                  NORMAL
..................................................................
TEMPERATURE (F)
 YESTERDAY
  MAXIMUM         66    334 PM  91    1967  63      3       58
  MINIMUM         44    709 AM  18    1985  36      8       43
  AVERAGE         55                        49      6       51

PRECIPITATION (IN)
  YESTERDAY        0.00          0.53 1971   0.03  -0.03     0.00
  MONTH TO DATE    0.62                      1.19  -0.57     2.68
  SINCE OCT 1     15.66                     10.87   4.79    15.87
  SINCE JAN 1     14.46                      9.85   4.61    13.70

SNOWFALL (IN)
  YESTERDAY       MM
  SNOW DEPTH       0

DEGREE DAYS
 HEATING
  YESTERDAY       10                        16     -6       14
  MONTH TO DATE  303                       329    -26      203
  SINCE SEP 1    303                       329    -26      203
  SINCE JUL 1    400                       523   -123      275

 COOLING
  YESTERDAY        0                         0      0        0
  MONTH TO DATE   11                         6      5       31
  SINCE SEP 1     11                         6      5       31
  SINCE JAN 1    208                       159     49      226
..................................................................


WIND (MPH)
  HIGHEST WIND SPEED    23   HIGHEST WIND DIRECTION    SW (240)
  HIGHEST GUST SPEED    29   HIGHEST GUST DIRECTION    SW (240)
  AVERAGE WIND SPEED    13.4


SKY COVER
  AVERAGE SKY COVER 0.7


WEATHER CONDITIONS
 THE FOLLOWING WEATHER WAS RECORDED YESTERDAY.
  FOG
  FOG W/VISIBILITY <= 1/4 MILE


RELATIVE HUMIDITY (PERCENT)
 HIGHEST   100           800 AM
 LOWEST     48           400 PM
 AVERAGE    74

..........................................................


THE CUT BANK MT CLIMATE NORMALS FOR TODAY
                         NORMAL    RECORD    YEAR
 MAXIMUM TEMPERATURE (F)   62        89      1992
 MINIMUM TEMPERATURE (F)   35        19      1959


SUNRISE AND SUNSET
SEPTEMBER 30 2014.....SUNRISE   728 AM MDT   SUNSET   710 PM MDT
OCTOBER  1 2014.......SUNRISE   729 AM MDT   SUNSET   708 PM MDT


-  INDICATES NEGATIVE NUMBERS.
R  INDICATES RECORD WAS SET OR TIED.
MM INDICATES DATA IS MISSING.
T  INDICATES TRACE AMOUNT.




$$
