000
CDUS45 KTFX 200957
CLICTB


CLIMATE REPORT
NATIONAL WEATHER SERVICE GREAT FALLS MT
351 AM MDT MON OCT 20 2014


...................................

...THE CUT BANK MT CLIMATE SUMMARY FOR OCTOBER 19 2014...

CLIMATE NORMAL PERIOD 1981 TO 2010
CLIMATE RECORD PERIOD 1903 TO 2014


WEATHER ITEM   OBSERVED TIME   RECORD YEAR NORMAL DEPARTURE LAST
                VALUE   (LST)  VALUE       VALUE  FROM      YEAR
                                                  NORMAL
..................................................................
TEMPERATURE (F)
 YESTERDAY
  MAXIMUM         75    247 PM  76    1927  54     21       61
  MINIMUM         39    537 AM  12    1982  29     10       42
  AVERAGE         57                        42     15       52

PRECIPITATION (IN)
  YESTERDAY        0.00          0.17 1996   0.01  -0.01     0.05
  MONTH TO DATE    0.16                      0.32  -0.16     0.20
  SINCE OCT 1      0.16                      0.32  -0.16     0.20
  SINCE JAN 1     15.07                     10.20   4.87    13.90

SNOWFALL (IN)
  YESTERDAY       MM
  SNOW DEPTH       0

DEGREE DAYS
 HEATING
  YESTERDAY        8                        23    -15       13
  MONTH TO DATE  244                       377   -133      416
  SINCE SEP 1    558                       720   -162      639
  SINCE JUL 1    655                       914   -259      711

 COOLING
  YESTERDAY        0                         0      0        0
  MONTH TO DATE    0                         0      0        0
  SINCE SEP 1     11                         8      3       31
  SINCE JAN 1    208                       161     47      226
..................................................................


WIND (MPH)
  HIGHEST WIND SPEED    16   HIGHEST WIND DIRECTION     W (260)
  HIGHEST GUST SPEED    20   HIGHEST GUST DIRECTION     W (260)
  AVERAGE WIND SPEED     6.2


SKY COVER
  AVERAGE SKY COVER 0.0


WEATHER CONDITIONS
 THE FOLLOWING WEATHER WAS RECORDED YESTERDAY.
  NO SIGNIFICANT WEATHER WAS OBSERVED.


RELATIVE HUMIDITY (PERCENT)
 HIGHEST    79           400 AM
 LOWEST     20           300 PM
 AVERAGE    50

..........................................................


THE CUT BANK MT CLIMATE NORMALS FOR TODAY
                         NORMAL    RECORD    YEAR
 MAXIMUM TEMPERATURE (F)   54        76      1938
 MINIMUM TEMPERATURE (F)   29         2      1933


SUNRISE AND SUNSET
OCTOBER 20 2014.......SUNRISE   757 AM MDT   SUNSET   630 PM MDT
OCTOBER 21 2014.......SUNRISE   759 AM MDT   SUNSET   629 PM MDT


-  INDICATES NEGATIVE NUMBERS.
R  INDICATES RECORD WAS SET OR TIED.
MM INDICATES DATA IS MISSING.
T  INDICATES TRACE AMOUNT.




$$
