000
CDUS45 KTFX 260946
CLICTB


CLIMATE REPORT
NATIONAL WEATHER SERVICE GREAT FALLS MT
244 AM MST FRI DEC 26 2014


...................................

...THE CUT BANK MT CLIMATE SUMMARY FOR DECEMBER 25 2014...

CLIMATE NORMAL PERIOD 1981 TO 2010
CLIMATE RECORD PERIOD 1903 TO 2014


WEATHER ITEM   OBSERVED TIME   RECORD YEAR NORMAL DEPARTURE LAST
                VALUE   (LST)  VALUE       VALUE  FROM      YEAR
                                                  NORMAL
..................................................................
TEMPERATURE (F)
 YESTERDAY
  MAXIMUM         25   1159 PM  56    2005  32     -7       43
  MINIMUM          0    801 PM -31    1983  11    -11       27
  AVERAGE         13                        21     -8       35

PRECIPITATION (IN)
  YESTERDAY        0.00          0.13 1971   0.00   0.00     0.00
  MONTH TO DATE    0.25                      0.17   0.08     0.43
  SINCE OCT 1      2.05                      0.97   1.08     1.20
  SINCE JAN 1     16.96                     10.85   6.11    14.90

SNOWFALL (IN)
  YESTERDAY       MM
  SNOW DEPTH       4

DEGREE DAYS
 HEATING
  YESTERDAY       52                        44      8       30
  MONTH TO DATE  949                      1066   -117     1222
  SINCE DEC 1    949                      1066   -117     1222
  SINCE JUL 1   3047                      3329   -282     3311

 COOLING
  YESTERDAY        0                         0      0        0
  MONTH TO DATE    0                         0      0        0
  SINCE DEC 1      0                         0      0        0
  SINCE JAN 1    208                       162     46      226
..................................................................


WIND (MPH)
  HIGHEST WIND SPEED    24   HIGHEST WIND DIRECTION     W (260)
  HIGHEST GUST SPEED    28   HIGHEST GUST DIRECTION     W (260)
  AVERAGE WIND SPEED     7.3


SKY COVER
  AVERAGE SKY COVER 0.6


WEATHER CONDITIONS
 THE FOLLOWING WEATHER WAS RECORDED YESTERDAY.
  FOG
  FOG W/VISIBILITY <= 1/4 MILE


RELATIVE HUMIDITY (PERCENT)
 HIGHEST    92           600 AM
 LOWEST     74          1100 PM
 AVERAGE    83

..........................................................


THE CUT BANK MT CLIMATE NORMALS FOR TODAY
                         NORMAL    RECORD    YEAR
 MAXIMUM TEMPERATURE (F)   32        58      1980
 MINIMUM TEMPERATURE (F)   11       -27      1934


SUNRISE AND SUNSET
DECEMBER 26 2014......SUNRISE   821 AM MST   SUNSET   439 PM MST
DECEMBER 27 2014......SUNRISE   821 AM MST   SUNSET   440 PM MST


-  INDICATES NEGATIVE NUMBERS.
R  INDICATES RECORD WAS SET OR TIED.
MM INDICATES DATA IS MISSING.
T  INDICATES TRACE AMOUNT.




$$
