000
CDUS45 KTFX 211006
CLICTB


CLIMATE REPORT
NATIONAL WEATHER SERVICE GREAT FALLS MT
405 AM MDT MON APR 21 2014


...................................

...THE CUT BANK MT CLIMATE SUMMARY FOR APRIL 20 2014...

CLIMATE NORMAL PERIOD 1981 TO 2010
CLIMATE RECORD PERIOD 1903 TO 2014


WEATHER ITEM   OBSERVED TIME   RECORD YEAR NORMAL DEPARTURE LAST
                VALUE   (LST)  VALUE       VALUE  FROM      YEAR
                                                  NORMAL
..................................................................
TEMPERATURE (F)
 YESTERDAY
  MAXIMUM         57    210 PM  81    1980  55      2       59
  MINIMUM         35    221 AM  -5    1927  30      5       26
  AVERAGE         46                        42      4       43

PRECIPITATION (IN)
  YESTERDAY        0.00          0.50 1920   0.02  -0.02     0.07
  MONTH TO DATE    0.50                      0.45   0.05     0.75
  SINCE OCT 1      3.62                      2.38   1.24     4.22
  SINCE JAN 1      2.42                      1.36   1.06     2.05

SNOWFALL (IN)
  YESTERDAY       MM
  SNOW DEPTH       0

DEGREE DAYS
 HEATING
  YESTERDAY       19                        23     -4       22
  MONTH TO DATE  489                       509    -20      591
  SINCE MAR 1   1711                      1547    164     1646
  SINCE JUL 1   7917                      7607    310     7385

 COOLING
  YESTERDAY        0                         0      0        0
  MONTH TO DATE    0                         0      0        0
  SINCE MAR 1      0                         0      0        0
  SINCE JAN 1      0                         0      0        0
..................................................................


WIND (MPH)
  HIGHEST WIND SPEED    40   HIGHEST WIND DIRECTION     W (250)
  HIGHEST GUST SPEED    49   HIGHEST GUST DIRECTION     W (250)
  AVERAGE WIND SPEED    23.2


SKY COVER
  AVERAGE SKY COVER 0.0


WEATHER CONDITIONS
 THE FOLLOWING WEATHER WAS RECORDED YESTERDAY.
  NO SIGNIFICANT WEATHER WAS OBSERVED.


RELATIVE HUMIDITY (PERCENT)
 HIGHEST    75           200 AM
 LOWEST     24           200 PM
 AVERAGE    50

..........................................................


THE CUT BANK MT CLIMATE NORMALS FOR TODAY
                         NORMAL    RECORD    YEAR
 MAXIMUM TEMPERATURE (F)   55        78      1911
 MINIMUM TEMPERATURE (F)   30         2      1951


SUNRISE AND SUNSET
APRIL 21 2014.........SUNRISE   627 AM MDT   SUNSET   830 PM MDT
APRIL 22 2014.........SUNRISE   626 AM MDT   SUNSET   831 PM MDT


-  INDICATES NEGATIVE NUMBERS.
R  INDICATES RECORD WAS SET OR TIED.
MM INDICATES DATA IS MISSING.
T  INDICATES TRACE AMOUNT.




$$
