065
CDUS45 KTFX 200819
CLICTB


CLIMATE REPORT
NATIONAL WEATHER SERVICE GREAT FALLS MT
218 AM MDT SUN AUG 20 2017


...................................

...THE CUT BANK MT CLIMATE SUMMARY FOR AUGUST 19 2017...

CLIMATE NORMAL PERIOD 1981 TO 2010
CLIMATE RECORD PERIOD 1903 TO 2017


WEATHER ITEM   OBSERVED TIME   RECORD YEAR NORMAL DEPARTURE LAST
                VALUE   (LST)  VALUE       VALUE  FROM      YEAR
                                                  NORMAL
..................................................................
TEMPERATURE (F)
 YESTERDAY
  MAXIMUM         72    525 PM  93    1967  79     -7       68
  MINIMUM         48    639 AM  31    1950  48      0       38
  AVERAGE         60                        63     -3       53

PRECIPITATION (IN)
  YESTERDAY        0.00          1.92 1936   0.04  -0.04     0.00
  MONTH TO DATE    T                         0.71  -0.71     1.17
  SINCE OCT 1      8.94                      9.20  -0.26    10.56
  SINCE JAN 1      7.51                      8.18  -0.67     8.64

SNOWFALL (IN)
  YESTERDAY       MM
  SNOW DEPTH       0

DEGREE DAYS
 HEATING
  YESTERDAY        5                         4      1       12
  MONTH TO DATE   52                        49      3       50
  SINCE JUN 1    238                       368   -130      288
  SINCE JUL 1     67                       135    -68      124

 COOLING
  YESTERDAY        0                         2     -2        0
  MONTH TO DATE   18                        51    -33       22
  SINCE JUN 1    183                       138     45       95
  SINCE JAN 1    185                       140     45       95
..................................................................


WIND (MPH)
  HIGHEST WIND SPEED    29   HIGHEST WIND DIRECTION     N (10)
  HIGHEST GUST SPEED    36   HIGHEST GUST DIRECTION     N (360)
  AVERAGE WIND SPEED     9.3


SKY COVER
  AVERAGE SKY COVER 0.0


WEATHER CONDITIONS
 THE FOLLOWING WEATHER WAS RECORDED YESTERDAY.
  HAZE


RELATIVE HUMIDITY (PERCENT)
 HIGHEST    77           400 AM
 LOWEST     29           400 PM
 AVERAGE    53

..........................................................


THE CUT BANK MT CLIMATE NORMALS FOR TODAY
                         NORMAL    RECORD    YEAR
 MAXIMUM TEMPERATURE (F)   78        92      2012
                                             1967
 MINIMUM TEMPERATURE (F)   48        35      1938


SUNRISE AND SUNSET
AUGUST 20 2017........SUNRISE   630 AM MDT   SUNSET   834 PM MDT
AUGUST 21 2017........SUNRISE   632 AM MDT   SUNSET   832 PM MDT


-  INDICATES NEGATIVE NUMBERS.
R  INDICATES RECORD WAS SET OR TIED.
MM INDICATES DATA IS MISSING.
T  INDICATES TRACE AMOUNT.




$$
