000
CDUS45 KTFX 180918
CLICTB


CLIMATE REPORT
NATIONAL WEATHER SERVICE GREAT FALLS MT
317 AM MDT WED OCT 18 2017


...................................

...THE CUT BANK MT CLIMATE SUMMARY FOR OCTOBER 17 2017...

CLIMATE NORMAL PERIOD 1981 TO 2010
CLIMATE RECORD PERIOD 1903 TO 2017


WEATHER ITEM   OBSERVED TIME   RECORD YEAR NORMAL DEPARTURE LAST
                VALUE   (LST)  VALUE       VALUE  FROM      YEAR
                                                  NORMAL
..................................................................
TEMPERATURE (F)
 YESTERDAY
  MAXIMUM         69   1238 PM  77    1963  55     14       54
  MINIMUM         41   1159 PM   3    1930  30     11       36
  AVERAGE         55                        43     12       45

PRECIPITATION (IN)
  YESTERDAY        0.00          0.35 1949   0.02  -0.02      T
  MONTH TO DATE    0.37                      0.30   0.07     0.44
  SINCE OCT 1      0.37                      0.30   0.07     0.44
  SINCE JAN 1      8.49                     10.18  -1.69    10.34

SNOWFALL (IN)
  YESTERDAY       MM
  SNOW DEPTH       0

DEGREE DAYS
 HEATING
  YESTERDAY       10                        22    -12       20
  MONTH TO DATE  412                       331     81      421
  SINCE SEP 1    754                       674     80      770
  SINCE JUL 1    837                       868    -31      943

 COOLING
  YESTERDAY        0                         0      0        0
  MONTH TO DATE    0                         0      0        0
  SINCE SEP 1     24                         8     16        5
  SINCE JAN 1    250                       161     89      108
..................................................................


WIND (MPH)
  HIGHEST WIND SPEED    54   HIGHEST WIND DIRECTION     W (250)
  HIGHEST GUST SPEED    68   HIGHEST GUST DIRECTION     W (250)
  AVERAGE WIND SPEED    32.2


SKY COVER
  AVERAGE SKY COVER 0.0


WEATHER CONDITIONS
 THE FOLLOWING WEATHER WAS RECORDED YESTERDAY.
  NO SIGNIFICANT WEATHER WAS OBSERVED.


RELATIVE HUMIDITY (PERCENT)
 HIGHEST    56           900 PM
 LOWEST     14           100 PM
 AVERAGE    35

..........................................................


THE CUT BANK MT CLIMATE NORMALS FOR TODAY
                         NORMAL    RECORD    YEAR
 MAXIMUM TEMPERATURE (F)   55        77      2003
 MINIMUM TEMPERATURE (F)   30        10      1991


SUNRISE AND SUNSET
OCTOBER 18 2017.......SUNRISE   755 AM MDT   SUNSET   634 PM MDT
OCTOBER 19 2017.......SUNRISE   756 AM MDT   SUNSET   632 PM MDT


-  INDICATES NEGATIVE NUMBERS.
R  INDICATES RECORD WAS SET OR TIED.
MM INDICATES DATA IS MISSING.
T  INDICATES TRACE AMOUNT.




$$
