000
CDUS42 KTAE 170634
CLICTY


CLIMATE REPORT
NATIONAL WEATHER SERVICE TALLAHASSEE FL
231 AM EDT THU AUG 17 2017

...................................

...THE CROSS CITY  CLIMATE SUMMARY FOR AUGUST 16 2017...

CLIMATE NORMAL PERIOD 1981 TO 2010
CLIMATE RECORD PERIOD 1948 TO 2017


WEATHER ITEM   OBSERVED TIME   NORMAL DEPARTURE LAST
                VALUE   (LST)  VALUE  FROM      YEAR
                                      NORMAL
......................................................
TEMPERATURE (F)
 YESTERDAY
  MAXIMUM         94    305 PM  91      3       79
  MINIMUM         76    415 AM  72      4       77
  AVERAGE         85            81      4

PRECIPITATION (IN)
  YESTERDAY        0.00          0.23  -0.23     0.05
  MONTH TO DATE    7.97          3.62   4.35    12.96
  SINCE JUN 1     32.10         14.37  17.73    24.61
  SINCE JAN 1     42.26         31.54  10.72    41.36

DEGREE DAYS
 HEATING
  YESTERDAY        0             0      0
  MONTH TO DATE    0             0      0
  SINCE JUN 1      0             0      0
  SINCE JUL 1      0             0      0

 COOLING
  YESTERDAY       20            16      4
  MONTH TO DATE  272           266      6
  SINCE JUN 1   1249          1221     28
  SINCE JAN 1   1850          1700    150
......................................................


WIND (MPH)
  RESULTANT WIND SPEED   3   RESULTANT WIND DIRECTION   W (280)
  HIGHEST WIND SPEED     9   HIGHEST WIND DIRECTION     W (250)
  HIGHEST GUST SPEED    MM   HIGHEST GUST DIRECTION    MM
  AVERAGE WIND SPEED     4.5



WEATHER CONDITIONS
 THE FOLLOWING WEATHER WAS RECORDED YESTERDAY.
  THUNDERSTORM


RELATIVE HUMIDITY (PERCENT)
 HIGHEST    97
 LOWEST     56

..........................................................



SUNRISE AND SUNSET
AUGUST 17 2017........SUNRISE   702 AM EDT   SUNSET   811 PM EDT
AUGUST 18 2017........SUNRISE   702 AM EDT   SUNSET   810 PM EDT


-  INDICATES NEGATIVE NUMBERS.
R  INDICATES RECORD WAS SET OR TIED.
MM INDICATES DATA IS MISSING.
T  INDICATES TRACE AMOUNT.

$$
