000
CDUS42 KTAE 270632
CLICTY


CLIMATE REPORT
NATIONAL WEATHER SERVICE TALLAHASSEE FL
231 AM EDT TUE JUN 27 2017


...................................

...THE CROSS CITY  CLIMATE SUMMARY FOR JUNE 26 2017...

CLIMATE NORMAL PERIOD 1981 TO 2010
CLIMATE RECORD PERIOD 1948 TO 2017


WEATHER ITEM   OBSERVED TIME   NORMAL DEPARTURE LAST
                VALUE   (LST)  VALUE  FROM      YEAR
                                      NORMAL
......................................................
TEMPERATURE (F)
 YESTERDAY
  MAXIMUM         91    400 PM  91      0       97
  MINIMUM         72    500 AM  71      1       72
  AVERAGE         82            81      1

PRECIPITATION (IN)
  YESTERDAY        0.00          0.19  -0.19     0.17
  MONTH TO DATE   13.29          4.37   8.92     4.13
  SINCE JUN 1     13.29          4.37   8.92     4.13
  SINCE JAN 1     23.45         21.54   1.91    20.88

DEGREE DAYS
 HEATING
  YESTERDAY        0             0      0
  MONTH TO DATE    0             0      0
  SINCE JUN 1      0             0      0
  SINCE JUL 1    758          1306   -548

 COOLING
  YESTERDAY       17            16      1
  MONTH TO DATE  375           384     -9
  SINCE JUN 1    375           384     -9
  SINCE JAN 1    976           863    113
......................................................


WIND (MPH)
  RESULTANT WIND SPEED   2   RESULTANT WIND DIRECTION   W (260)
  HIGHEST WIND SPEED    14   HIGHEST WIND DIRECTION     W (270)
  HIGHEST GUST SPEED    18   HIGHEST GUST DIRECTION     W (270)
  AVERAGE WIND SPEED     4.9



WEATHER CONDITIONS
 THE FOLLOWING WEATHER WAS RECORDED YESTERDAY.
  THUNDERSTORM


RELATIVE HUMIDITY (PERCENT)
 HIGHEST    93
 LOWEST     49

..........................................................




SUNRISE AND SUNSET
JUNE 27 2017..........SUNRISE   635 AM EDT   SUNSET   837 PM EDT
JUNE 28 2017..........SUNRISE   635 AM EDT   SUNSET   837 PM EDT


-  INDICATES NEGATIVE NUMBERS.
R  INDICATES RECORD WAS SET OR TIED.
MM INDICATES DATA IS MISSING.
T  INDICATES TRACE AMOUNT.




$$
