000
CDUS42 KTAE 270635
CLICTY


CLIMATE REPORT
NATIONAL WEATHER SERVICE TALLAHASSEE FL
233 AM EDT WED AUG 27 2014


...................................

...THE CROSS CITY (AWOS) CLIMATE SUMMARY FOR AUGUST 26 2014...

CLIMATE NORMAL PERIOD 1981 TO 2010
CLIMATE RECORD PERIOD 1948 TO 2014


WEATHER ITEM   OBSERVED TIME   NORMAL DEPARTURE LAST
                VALUE   (LST)  VALUE  FROM      YEAR
                                      NORMAL
......................................................
TEMPERATURE (F)
 YESTERDAY
  MAXIMUM         94    240 PM  91      3
  MINIMUM         71    633 AM  71      0
  AVERAGE         83            81      2

PRECIPITATION (IN)
  YESTERDAY        0.00          0.28  -0.28     0.13
  MONTH TO DATE    3.47          6.23  -2.76     8.96
  SINCE JUN 1     14.53         16.98  -2.45    39.32
  SINCE JAN 1     40.03         34.15   5.88    51.86

DEGREE DAYS
 HEATING
  YESTERDAY        0             0      0
  MONTH TO DATE    0             0      0
  SINCE JUN 1      0             0      0
  SINCE JUL 1      0             0      0

 COOLING
  YESTERDAY       18            16      2
  MONTH TO DATE  482           426     56
  SINCE JUN 1   1482          1381    101
  SINCE JAN 1   1974          1860    114
......................................................


WIND (MPH)
  RESULTANT WIND SPEED   6   RESULTANT WIND DIRECTION  NE (60)
  HIGHEST WIND SPEED    21   HIGHEST WIND DIRECTION    NE (30)
  HIGHEST GUST SPEED    29   HIGHEST GUST DIRECTION    NE (30)
  AVERAGE WIND SPEED     5.8



WEATHER CONDITIONS
 THE FOLLOWING WEATHER WAS RECORDED YESTERDAY.
  NO SIGNIFICANT WEATHER WAS OBSERVED.


RELATIVE HUMIDITY (PERCENT)
 HIGHEST    93
 LOWEST     52

..........................................................




SUNRISE AND SUNSET
AUGUST 27 2014........SUNRISE   707 AM EDT   SUNSET   800 PM EDT
AUGUST 28 2014........SUNRISE   708 AM EDT   SUNSET   759 PM EDT


-  INDICATES NEGATIVE NUMBERS.
R  INDICATES RECORD WAS SET OR TIED.
MM INDICATES DATA IS MISSING.
T  INDICATES TRACE AMOUNT.




$$
