000
CDUS42 KTAE 270640
CLICTY


CLIMATE REPORT
NATIONAL WEATHER SERVICE TALLAHASSEE FL
239 AM EDT FRI MAY 27 2016


...................................

...THE CROSS CITY  CLIMATE SUMMARY FOR MAY 26 2016...

CLIMATE NORMAL PERIOD 1981 TO 2010
CLIMATE RECORD PERIOD 1948 TO 2016


WEATHER ITEM   OBSERVED TIME   NORMAL DEPARTURE LAST
                VALUE   (LST)  VALUE  FROM      YEAR
                                      NORMAL
......................................................
TEMPERATURE (F)
 YESTERDAY
  MAXIMUM         91    421 PM  90      1       93
  MINIMUM         60    543 AM  65     -5       72
  AVERAGE         76            77     -1

PRECIPITATION (IN)
  YESTERDAY        0.00          0.10  -0.10     0.03
  MONTH TO DATE    1.70          1.96  -0.26     3.29
  SINCE MAR 1      9.67          9.13   0.54     6.59
  SINCE JAN 1     16.43         16.44  -0.01    12.56

DEGREE DAYS
 HEATING
  YESTERDAY        0             0      0
  MONTH TO DATE    4             0      4
  SINCE MAR 1     80           183   -103
  SINCE JUL 1    811          1303   -492

 COOLING
  YESTERDAY       11            12     -1
  MONTH TO DATE  266           234     32
  SINCE MAR 1    572           389    183
  SINCE JAN 1    601           416    185
......................................................


WIND (MPH)
  RESULTANT WIND SPEED   4   RESULTANT WIND DIRECTION   E (80)
  HIGHEST WIND SPEED    15   HIGHEST WIND DIRECTION    NE (30)
  HIGHEST GUST SPEED    20   HIGHEST GUST DIRECTION     E (70)
  AVERAGE WIND SPEED     4.1



WEATHER CONDITIONS
 THE FOLLOWING WEATHER WAS RECORDED YESTERDAY.
  NO SIGNIFICANT WEATHER WAS OBSERVED.


RELATIVE HUMIDITY (PERCENT)
 HIGHEST    90
 LOWEST     32

..........................................................




SUNRISE AND SUNSET
MAY 27 2016...........SUNRISE   634 AM EDT   SUNSET   826 PM EDT
MAY 28 2016...........SUNRISE   634 AM EDT   SUNSET   826 PM EDT


-  INDICATES NEGATIVE NUMBERS.
R  INDICATES RECORD WAS SET OR TIED.
MM INDICATES DATA IS MISSING.
T  INDICATES TRACE AMOUNT.




$$
