000
CDUS42 KTAE 310637
CLICTY


CLIMATE REPORT
NATIONAL WEATHER SERVICE TALLAHASSEE FL
236 AM EDT MON AUG 31 2015


...................................

...THE CROSS CITY  CLIMATE SUMMARY FOR AUGUST 30 2015...

CLIMATE NORMAL PERIOD 1981 TO 2010
CLIMATE RECORD PERIOD 1948 TO 2015


WEATHER ITEM   OBSERVED TIME   NORMAL DEPARTURE LAST
                VALUE   (LST)  VALUE  FROM      YEAR
                                      NORMAL
......................................................
TEMPERATURE (F)
 YESTERDAY
  MAXIMUM         91    129 PM  90      1       94
  MINIMUM         73    621 AM  71      2       72
  AVERAGE         82            81      1

PRECIPITATION (IN)
  YESTERDAY        0.29          0.24   0.05     0.16
  MONTH TO DATE   15.32          7.22   8.10     3.69
  SINCE JUN 1     41.05         17.97  23.08    14.75
  SINCE JAN 1     54.19         35.14  19.05    40.25

DEGREE DAYS
 HEATING
  YESTERDAY        0             0      0
  MONTH TO DATE    0             0      0
  SINCE JUN 1      0             0      0
  SINCE JUL 1      0             0      0

 COOLING
  YESTERDAY       17            16      1
  MONTH TO DATE  550           490     60
  SINCE JUN 1   1640          1445    195
  SINCE JAN 1   2479          1924    555
......................................................


WIND (MPH)
  RESULTANT WIND SPEED   1   RESULTANT WIND DIRECTION   E (80)
  HIGHEST WIND SPEED    14   HIGHEST WIND DIRECTION     W (280)
  HIGHEST GUST SPEED    18   HIGHEST GUST DIRECTION     E (80)
  AVERAGE WIND SPEED     3.0



WEATHER CONDITIONS
 THE FOLLOWING WEATHER WAS RECORDED YESTERDAY.
  NO SIGNIFICANT WEATHER WAS OBSERVED.


RELATIVE HUMIDITY (PERCENT)
 HIGHEST   100
 LOWEST     59

..........................................................




SUNRISE AND SUNSET
AUGUST 31 2015........SUNRISE   709 AM EDT   SUNSET   756 PM EDT
SEPTEMBER  1 2015.....SUNRISE   710 AM EDT   SUNSET   755 PM EDT


-  INDICATES NEGATIVE NUMBERS.
R  INDICATES RECORD WAS SET OR TIED.
MM INDICATES DATA IS MISSING.
T  INDICATES TRACE AMOUNT.




$$
