000
CDUS42 KTAE 300631
CLICTY


CLIMATE REPORT
NATIONAL WEATHER SERVICE TALLAHASSEE FL
230 AM EDT SAT JUL 30 2016


...................................

...THE CROSS CITY  CLIMATE SUMMARY FOR JULY 29 2016...

CLIMATE NORMAL PERIOD 1981 TO 2010
CLIMATE RECORD PERIOD 1948 TO 2016


WEATHER ITEM   OBSERVED TIME   NORMAL DEPARTURE LAST
                VALUE   (LST)  VALUE  FROM      YEAR
                                      NORMAL
......................................................
TEMPERATURE (F)
 YESTERDAY
  MAXIMUM         98    119 PM  91      7       97
  MINIMUM         72    543 AM  72      0       75
  AVERAGE         85            82      3

PRECIPITATION (IN)
  YESTERDAY        0.00          0.20  -0.20     1.18
  MONTH TO DATE    6.28          5.25   1.03    18.18
  SINCE JUN 1     11.36         10.34   1.02    25.55
  SINCE JAN 1     28.11         27.51   0.60    38.69

DEGREE DAYS
 HEATING
  YESTERDAY        0             0      0
  MONTH TO DATE    0             0      0
  SINCE JUN 1      0             0      0
  SINCE JUL 1      0             0      0

 COOLING
  YESTERDAY       20            17      3
  MONTH TO DATE  562           477     85
  SINCE JUN 1   1097           924    173
  SINCE JAN 1   1772          1403    369
......................................................


WIND (MPH)
  RESULTANT WIND SPEED   2   RESULTANT WIND DIRECTION   W (280)
  HIGHEST WIND SPEED    15   HIGHEST WIND DIRECTION     W (250)
  HIGHEST GUST SPEED    18   HIGHEST GUST DIRECTION     W (270)
  AVERAGE WIND SPEED     4.3



WEATHER CONDITIONS
 THE FOLLOWING WEATHER WAS RECORDED YESTERDAY.
  NO SIGNIFICANT WEATHER WAS OBSERVED.


RELATIVE HUMIDITY (PERCENT)
 HIGHEST    94
 LOWEST     42

..........................................................




SUNRISE AND SUNSET
JULY 30 2016..........SUNRISE   651 AM EDT   SUNSET   826 PM EDT
JULY 31 2016..........SUNRISE   652 AM EDT   SUNSET   825 PM EDT


-  INDICATES NEGATIVE NUMBERS.
R  INDICATES RECORD WAS SET OR TIED.
MM INDICATES DATA IS MISSING.
T  INDICATES TRACE AMOUNT.




$$
