000
CDUS42 KCAE 100605
CLICUB


CLIMATE REPORT
NATIONAL WEATHER SERVICE COLUMBIA SC
205 AM EDT THU JUL 10 2014


...................................

...THE HAMILTON - OWENS AIRPORT SC CLIMATE SUMMARY FOR JULY 9 2014...

CLIMATE NORMAL PERIOD 1981 TO 2010
CLIMATE RECORD PERIOD 9999 TO 9999


WEATHER ITEM   OBSERVED TIME   RECORD YEAR NORMAL DEPARTURE LAST
                VALUE   (LST)  VALUE       VALUE  FROM      YEAR
                                                  NORMAL
..................................................................
TEMPERATURE (F)
 YESTERDAY
  MAXIMUM         97    154 PM  MM      MM  93      4       95
  MINIMUM         72    607 AM  MM      MM  72      0       74
  AVERAGE         85                        83      2       85

PRECIPITATION (IN)
  YESTERDAY        0.06         MM      MM   0.20  -0.14     0.95
  MONTH TO DATE    0.41                      1.75  -1.34     5.50
  SINCE JUN 1      3.57                      6.66  -3.09    11.94
  SINCE JAN 1     21.53                     23.48  -1.95    29.04

DEGREE DAYS
 HEATING
  YESTERDAY        0                         0      0        0
  MONTH TO DATE    0                         0      0        0
  SINCE JUN 1      0                         0      0        0
  SINCE JUL 1      0                         0      0        0

 COOLING
  YESTERDAY       20                        18      2       20
  MONTH TO DATE  157                       155      2      137
  SINCE JUN 1    651                       588     63      594
  SINCE JAN 1   1044                       924    120      904
..................................................................


WIND (MPH)
  HIGHEST WIND SPEED    20   HIGHEST WIND DIRECTION     W (290)
  HIGHEST GUST SPEED    31   HIGHEST GUST DIRECTION    NW (300)
  AVERAGE WIND SPEED     4.4


SKY COVER
  AVERAGE SKY COVER 0.2


WEATHER CONDITIONS
 THE FOLLOWING WEATHER WAS RECORDED YESTERDAY.
  FOG
  HAZE


RELATIVE HUMIDITY (PERCENT)
 HIGHEST    94          1100 PM
 LOWEST     30           200 PM

..........................................................


THE HAMILTON - OWENS AIRPORT SC CLIMATE NORMALS FOR TODAY
                         NORMAL    RECORD    YEAR
 MAXIMUM TEMPERATURE (F)   93        MM        MM
 MINIMUM TEMPERATURE (F)   72        MM        MM


SUNRISE AND SUNSET
JULY 10 2014..........SUNRISE   621 AM EDT   SUNSET   838 PM EDT
JULY 11 2014..........SUNRISE   621 AM EDT   SUNSET   837 PM EDT


-  INDICATES NEGATIVE NUMBERS.
R  INDICATES RECORD WAS SET OR TIED.
MM INDICATES DATA IS MISSING.
T  INDICATES TRACE AMOUNT.




$$
