000
CDUS42 KCAE 260541
CLICUB


CLIMATE REPORT
NATIONAL WEATHER SERVICE COLUMBIA SC
1241 AM EST WED NOV 26 2014


...................................

...THE HAMILTON - OWENS AIRPORT SC CLIMATE SUMMARY FOR NOVEMBER 25 2014...

CLIMATE NORMAL PERIOD 1981 TO 2010
CLIMATE RECORD PERIOD 9999 TO 9999


WEATHER ITEM   OBSERVED TIME   RECORD YEAR NORMAL DEPARTURE LAST
                VALUE   (LST)  VALUE       VALUE  FROM      YEAR
                                                  NORMAL
..................................................................
TEMPERATURE (F)
 YESTERDAY
  MAXIMUM         63    150 PM  MM      MM  65     -2       50
  MINIMUM         57   1159 PM  MM      MM  42     15       24
  AVERAGE         60                        54      6       37

PRECIPITATION (IN)
  YESTERDAY        0.17         MM      MM   0.11   0.06     0.00
  MONTH TO DATE    3.75                      2.46   1.29     1.17
  SINCE SEP 1     11.87                      9.82   2.05     3.27
  SINCE JAN 1     41.53                     41.67  -0.14    46.16

DEGREE DAYS
 HEATING
  YESTERDAY        5                        12     -7       28
  MONTH TO DATE  325                       219    106      252
  SINCE SEP 1    385                       308     77      312
  SINCE JUL 1    385                       308     77      312

 COOLING
  YESTERDAY        0                         0      0        0
  MONTH TO DATE    8                        11     -3       19
  SINCE SEP 1    488                       435     53      495
  SINCE JAN 1   2415                      2253    162     2223
..................................................................


WIND (MPH)
  HIGHEST WIND SPEED     8   HIGHEST WIND DIRECTION     W (280)
  HIGHEST GUST SPEED    13   HIGHEST GUST DIRECTION     S (190)
  AVERAGE WIND SPEED     1.9


SKY COVER
  AVERAGE SKY COVER 0.8


WEATHER CONDITIONS
 THE FOLLOWING WEATHER WAS RECORDED YESTERDAY.
  HEAVY RAIN
  LIGHT RAIN
  FOG
  HAZE


RELATIVE HUMIDITY (PERCENT)
 HIGHEST    93           300 AM
 LOWEST     72          1200 PM

..........................................................


THE HAMILTON - OWENS AIRPORT SC CLIMATE NORMALS FOR TODAY
                         NORMAL    RECORD    YEAR
 MAXIMUM TEMPERATURE (F)   65        MM        MM
 MINIMUM TEMPERATURE (F)   42        MM        MM


SUNRISE AND SUNSET
NOVEMBER 26 2014......SUNRISE   707 AM EST   SUNSET   516 PM EST
NOVEMBER 27 2014......SUNRISE   708 AM EST   SUNSET   515 PM EST


-  INDICATES NEGATIVE NUMBERS.
R  INDICATES RECORD WAS SET OR TIED.
MM INDICATES DATA IS MISSING.
T  INDICATES TRACE AMOUNT.




$$
