000
CDUS42 KCAE 292136
CLICUB


CLIMATE REPORT
NATIONAL WEATHER SERVICE COLUMBIA SC
536 PM EDT FRI MAY 29 2015


...................................

...THE HAMILTON - OWENS AIRPORT SC CLIMATE SUMMARY FOR MAY 29 2015...
VALID TODAY AS OF 0500 PM LOCAL TIME.

CLIMATE NORMAL PERIOD 1981 TO 2010
CLIMATE RECORD PERIOD 9999 TO 9999


WEATHER ITEM   OBSERVED TIME   NORMAL DEPARTURE LAST
                VALUE   (LST)  VALUE  FROM      YEAR
                                      NORMAL
......................................................
TEMPERATURE (F)
 TODAY
  MAXIMUM         88    358 PM  87      1       91
  MINIMUM         67    601 AM  65      2       66
  AVERAGE         78            76      2       79

PRECIPITATION (IN)
  TODAY            0.00          0.12  -0.12     0.32
  MONTH TO DATE    1.41          2.73  -1.32     3.65
  SINCE MAR 1      7.06          9.30  -2.24    10.28
  SINCE JAN 1     14.98         16.58  -1.60    16.66

DEGREE DAYS
 HEATING
  TODAY            0             0      0        0
  MONTH TO DATE    6            11     -5        8
  SINCE MAR 1    255           383   -128      476
  SINCE JUL 1   2381          2312     69     2468

 COOLING
  TODAY           13            11      2       14
  MONTH TO DATE  268           217     51      268
  SINCE MAR 1    402           313     89      366
  SINCE JAN 1    402           316     86      372
......................................................


WIND (MPH)
  HIGHEST WIND SPEED    12   HIGHEST WIND DIRECTION     S (180)
  HIGHEST GUST SPEED    17   HIGHEST GUST DIRECTION     S (180)
  AVERAGE WIND SPEED     2.3


SKY COVER
  AVERAGE SKY COVER 0.0


WEATHER CONDITIONS
 THE FOLLOWING WEATHER WAS RECORDED TODAY.
  HAZE


RELATIVE HUMIDITY (PERCENT)
 HIGHEST    87           500 AM
 LOWEST     29           200 PM
 AVERAGE    58

..........................................................


THE HAMILTON - OWENS AIRPORT SC CLIMATE NORMALS FOR TOMORROW
                         NORMAL
 MAXIMUM TEMPERATURE (F)   87
 MINIMUM TEMPERATURE (F)   65


SUNRISE AND SUNSET
MAY 29 2015...........SUNRISE   615 AM EDT   SUNSET   828 PM EDT
MAY 30 2015...........SUNRISE   615 AM EDT   SUNSET   829 PM EDT


-  INDICATES NEGATIVE NUMBERS.
R  INDICATES RECORD WAS SET OR TIED.
MM INDICATES DATA IS MISSING.
T  INDICATES TRACE AMOUNT.




$$
