000
CDUS42 KCAE 252143
CLICUB


CLIMATE REPORT
NATIONAL WEATHER SERVICE COLUMBIA SC
543 PM EDT SAT MAR 25 2017


...................................

...THE HAMILTON - OWENS AIRPORT SC CLIMATE SUMMARY FOR MARCH 25 2017...
VALID TODAY AS OF 0500 PM LOCAL TIME.

CLIMATE NORMAL PERIOD 1981 TO 2010
CLIMATE RECORD PERIOD 9999 TO 9999


WEATHER ITEM   OBSERVED TIME   NORMAL DEPARTURE LAST
                VALUE   (LST)  VALUE  FROM      YEAR
                                      NORMAL
......................................................
TEMPERATURE (F)
 TODAY
  MAXIMUM         77    343 PM  71      6       74
  MINIMUM         53    558 AM  47      6       63
  AVERAGE         65            59      6       69

PRECIPITATION (IN)
  TODAY            0.00          0.12  -0.12     0.00
  MONTH TO DATE    2.19          3.13  -0.94     0.92
  SINCE MAR 1      2.19          3.13  -0.94     0.92
  SINCE JAN 1      9.89         10.41  -0.52     5.84

DEGREE DAYS
 HEATING
  TODAY            0             6     -6        0
  MONTH TO DATE  269           239     30      130
  SINCE MAR 1    269           239     30      130
  SINCE JUL 1   1533          2168   -635     1630

 COOLING
  TODAY            0             1     -1        4
  MONTH TO DATE   14             5      9       59
  SINCE MAR 1     14             5      9       59
  SINCE JAN 1     32             8     24       62
......................................................


WIND (MPH)
  HIGHEST WIND SPEED    13   HIGHEST WIND DIRECTION     S (170)
  HIGHEST GUST SPEED    18   HIGHEST GUST DIRECTION    SE (140)
  AVERAGE WIND SPEED     3.3


SKY COVER
  AVERAGE SKY COVER 0.3


WEATHER CONDITIONS
 THE FOLLOWING WEATHER WAS RECORDED TODAY.
  NO SIGNIFICANT WEATHER WAS OBSERVED.


RELATIVE HUMIDITY (PERCENT)
 HIGHEST    93           500 AM
 LOWEST     38           300 PM
 AVERAGE    66

..........................................................


THE HAMILTON - OWENS AIRPORT SC CLIMATE NORMALS FOR TOMORROW
                         NORMAL
 MAXIMUM TEMPERATURE (F)   72
 MINIMUM TEMPERATURE (F)   48


SUNRISE AND SUNSET
MARCH 25 2017.........SUNRISE   721 AM EDT   SUNSET   740 PM EDT
MARCH 26 2017.........SUNRISE   719 AM EDT   SUNSET   740 PM EDT


-  INDICATES NEGATIVE NUMBERS.
R  INDICATES RECORD WAS SET OR TIED.
MM INDICATES DATA IS MISSING.
T  INDICATES TRACE AMOUNT.




$$
