000
CDUS42 KCAE 290547
CLICUB


CLIMATE REPORT
NATIONAL WEATHER SERVICE COLUMBIA SC
147 AM EDT SAT AUG 29 2015


...................................

...THE HAMILTON - OWENS AIRPORT SC CLIMATE SUMMARY FOR AUGUST 28 2015...

CLIMATE NORMAL PERIOD 1981 TO 2010
CLIMATE RECORD PERIOD 9999 TO 9999


WEATHER ITEM   OBSERVED TIME   NORMAL DEPARTURE LAST
                VALUE   (LST)  VALUE  FROM      YEAR
                                      NORMAL
......................................................
TEMPERATURE (F)
 YESTERDAY
  MAXIMUM         89    410 PM  89      0       97
  MINIMUM         69    637 AM  70     -1       63
  AVERAGE         79            80     -1       80

PRECIPITATION (IN)
  YESTERDAY        0.00          0.14  -0.14     0.00
  MONTH TO DATE    5.33          4.60   0.73     4.47
  SINCE JUN 1     15.40         14.69   0.71    10.95
  SINCE JAN 1     30.54         31.51  -0.97    28.91

DEGREE DAYS
 HEATING
  YESTERDAY        0             0      0        0
  MONTH TO DATE    0             0      0        0
  SINCE JUN 1      0             0      0        0
  SINCE JUL 1      0             0      0        0

 COOLING
  YESTERDAY       14            15     -1       15
  MONTH TO DATE  509           458     51      459
  SINCE JUN 1   1684          1438    246     1477
  SINCE JAN 1   2113          1774    339     1870
......................................................


WIND (MPH)
  HIGHEST WIND SPEED    10   HIGHEST WIND DIRECTION    SE (120)
  HIGHEST GUST SPEED    15   HIGHEST GUST DIRECTION    NE (40)
  AVERAGE WIND SPEED     3.1


SKY COVER
  AVERAGE SKY COVER 0.1


WEATHER CONDITIONS
 THE FOLLOWING WEATHER WAS RECORDED YESTERDAY.
  NO SIGNIFICANT WEATHER WAS OBSERVED.


RELATIVE HUMIDITY (PERCENT)
 HIGHEST    84           200 AM
 LOWEST     32           400 PM

..........................................................


THE HAMILTON - OWENS AIRPORT SC CLIMATE NORMALS FOR TODAY
                         NORMAL    RECORD    YEAR
 MAXIMUM TEMPERATURE (F)   89        MM        MM
 MINIMUM TEMPERATURE (F)   70        MM        MM


SUNRISE AND SUNSET
AUGUST 29 2015........SUNRISE   655 AM EDT   SUNSET   754 PM EDT
AUGUST 30 2015........SUNRISE   656 AM EDT   SUNSET   753 PM EDT


-  INDICATES NEGATIVE NUMBERS.
R  INDICATES RECORD WAS SET OR TIED.
MM INDICATES DATA IS MISSING.
T  INDICATES TRACE AMOUNT.




$$
