000
CDUS42 KCAE 182233
CLICUB


CLIMATE REPORT
NATIONAL WEATHER SERVICE COLUMBIA SC
533 PM EST SAT NOV 18 2017


...................................

...THE HAMILTON - OWENS AIRPORT SC CLIMATE SUMMARY FOR NOVEMBER 18 2017...
VALID TODAY AS OF 0500 PM LOCAL TIME.

CLIMATE NORMAL PERIOD 1981 TO 2010
CLIMATE RECORD PERIOD 9999 TO 9999


WEATHER ITEM   OBSERVED TIME   NORMAL DEPARTURE LAST
                VALUE   (LST)  VALUE  FROM      YEAR
                                      NORMAL
......................................................
TEMPERATURE (F)
 TODAY
  MAXIMUM         73    359 PM  67      6       77
  MINIMUM         39    444 AM  44     -5       43
  AVERAGE         56            55      1       60

PRECIPITATION (IN)
  TODAY            0.00          0.11  -0.11     0.00
  MONTH TO DATE    0.99          1.72  -0.73     0.97
  SINCE SEP 1      6.44          9.08  -2.64    11.31
  SINCE JAN 1     42.64         40.93   1.71    39.04

DEGREE DAYS
 HEATING
  TODAY            9            10     -1        5
  MONTH TO DATE  140           143     -3      123
  SINCE SEP 1    201           232    -31      151
  SINCE JUL 1    201           232    -31      151

 COOLING
  TODAY            0             0      0        0
  MONTH TO DATE   25            11     14        9
  SINCE SEP 1    591           435    156      604
  SINCE JAN 1   2691          2253    438     2838
......................................................


WIND (MPH)
  HIGHEST WIND SPEED    17   HIGHEST WIND DIRECTION     S (200)
  HIGHEST GUST SPEED    25   HIGHEST GUST DIRECTION     S (190)
  AVERAGE WIND SPEED     3.9


SKY COVER
  AVERAGE SKY COVER 0.2


WEATHER CONDITIONS
 THE FOLLOWING WEATHER WAS RECORDED TODAY.
  FOG


RELATIVE HUMIDITY (PERCENT)
 HIGHEST    93           800 AM
 LOWEST     41           300 PM
 AVERAGE    67

..........................................................


THE HAMILTON - OWENS AIRPORT SC CLIMATE NORMALS FOR TOMORROW
                         NORMAL
 MAXIMUM TEMPERATURE (F)   67
 MINIMUM TEMPERATURE (F)   44


SUNRISE AND SUNSET
NOVEMBER 18 2017......SUNRISE   659 AM EST   SUNSET   519 PM EST
NOVEMBER 19 2017......SUNRISE   700 AM EST   SUNSET   518 PM EST


-  INDICATES NEGATIVE NUMBERS.
R  INDICATES RECORD WAS SET OR TIED.
MM INDICATES DATA IS MISSING.
T  INDICATES TRACE AMOUNT.




$$
