000
CDUS43 KUNR 210838
CLICUT


CLIMATE REPORT
NATIONAL WEATHER SERVICE RAPID CITY SD
237 AM MDT FRI JUL 21 2017


...................................

...THE CUSTER COUNTY AIRPORT SD CLIMATE SUMMARY FOR JULY 20 2017...

CLIMATE NORMAL PERIOD 1981 TO 2010
CLIMATE RECORD PERIOD 9999 TO 9999


WEATHER ITEM   OBSERVED TIME   NORMAL DEPARTURE LAST
                VALUE   (LST)  VALUE  FROM      YEAR
                                      NORMAL
......................................................
TEMPERATURE (F)
 YESTERDAY
  MAXIMUM         88    258 PM  80      8       95
  MINIMUM         60    428 AM  52      8       61
  AVERAGE         74            66      8       78

PRECIPITATION (IN)
  YESTERDAY        0.14          0.09   0.05     0.00
  MONTH TO DATE    1.48          1.61  -0.13     1.43
  SINCE JUN 1      2.82          4.83  -2.01     4.13
  SINCE JAN 1     10.70         11.94  -1.24     8.71

DEGREE DAYS
 HEATING
  YESTERDAY        0             2     -2        0
  MONTH TO DATE    3            44    -41       36
  SINCE JUN 1    158           264   -106       92
  SINCE JUL 1      3            44    -41       36

 COOLING
  YESTERDAY        9             3      6       13
  MONTH TO DATE  115            50     65       66
  SINCE JUN 1    135            75     60      143
  SINCE JAN 1    135            76     59      143
......................................................


WIND (MPH)
  HIGHEST WIND SPEED    17   HIGHEST WIND DIRECTION     W (290)
  HIGHEST GUST SPEED    26   HIGHEST GUST DIRECTION    NW (300)
  AVERAGE WIND SPEED     6.3


SKY COVER
  AVERAGE SKY COVER 0.1


WEATHER CONDITIONS
 THE FOLLOWING WEATHER WAS RECORDED YESTERDAY.
  THUNDERSTORM
  HEAVY RAIN
  LIGHT RAIN
  FOG


RELATIVE HUMIDITY (PERCENT)
 HIGHEST    87
 LOWEST     28
 AVERAGE    58

..........................................................




SUNRISE AND SUNSET
JULY 21 2017..........SUNRISE   532 AM MDT   SUNSET   829 PM MDT
JULY 22 2017..........SUNRISE   533 AM MDT   SUNSET   828 PM MDT


-  INDICATES NEGATIVE NUMBERS.
R  INDICATES RECORD WAS SET OR TIED.
MM INDICATES DATA IS MISSING.
T  INDICATES TRACE AMOUNT.




$$
