000
CDUS43 KUNR 090830
CLICUT


CLIMATE REPORT
NATIONAL WEATHER SERVICE RAPID CITY SD
130 AM MST FRI DEC 9 2016


...................................

...THE CUSTER COUNTY AIRPORT SD CLIMATE SUMMARY FOR DECEMBER 8 2016...

CLIMATE NORMAL PERIOD 1981 TO 2010
CLIMATE RECORD PERIOD 9999 TO 9999


WEATHER ITEM   OBSERVED TIME   NORMAL DEPARTURE LAST
                VALUE   (LST)  VALUE  FROM      YEAR
                                      NORMAL
......................................................
TEMPERATURE (F)
 YESTERDAY
  MAXIMUM         13   1201 PM  34    -21       48
  MINIMUM         -8    822 PM  14    -22       34
  AVERAGE          3            24    -21       41

PRECIPITATION (IN)
  YESTERDAY        0.00          0.01  -0.01      T
  MONTH TO DATE    T             0.09  -0.09     0.01
  SINCE DEC 1      T             0.09  -0.09     0.01
  SINCE JAN 1     15.27         18.66  -3.39    22.90

DEGREE DAYS
 HEATING
  YESTERDAY       62            41     21       24
  MONTH TO DATE  381           325     56      244
  SINCE DEC 1    381           325     56      244
  SINCE JUL 1   2000          2506   -506     2032

 COOLING
  YESTERDAY        0             0      0        0
  MONTH TO DATE    0             0      0        0
  SINCE DEC 1      0             0      0        0
  SINCE JAN 1    259           177     82      231
......................................................


WIND (MPH)
  HIGHEST WIND SPEED    12   HIGHEST WIND DIRECTION     S (190)
  HIGHEST GUST SPEED    17   HIGHEST GUST DIRECTION     S (170)
  AVERAGE WIND SPEED     3.4


SKY COVER
  AVERAGE SKY COVER 0.1


WEATHER CONDITIONS
 THE FOLLOWING WEATHER WAS RECORDED YESTERDAY.
  HAZE


RELATIVE HUMIDITY (PERCENT)
 HIGHEST    79
 LOWEST     41
 AVERAGE    60

..........................................................




SUNRISE AND SUNSET
DECEMBER  9 2016......SUNRISE   717 AM MST   SUNSET   417 PM MST
DECEMBER 10 2016......SUNRISE   718 AM MST   SUNSET   417 PM MST


-  INDICATES NEGATIVE NUMBERS.
R  INDICATES RECORD WAS SET OR TIED.
MM INDICATES DATA IS MISSING.
T  INDICATES TRACE AMOUNT.




$$
