000
CDUS43 KUNR 020854
CLICUT


CLIMATE REPORT
NATIONAL WEATHER SERVICE RAPID CITY SD
252 AM MDT TUE JUN 2 2015


...................................

...THE CUSTER COUNTY AIRPORT SD CLIMATE SUMMARY FOR JUNE 1 2015...

CLIMATE NORMAL PERIOD 1981 TO 2010
CLIMATE RECORD PERIOD 9999 TO 9999


WEATHER ITEM   OBSERVED TIME   NORMAL DEPARTURE LAST
                VALUE   (LST)  VALUE  FROM      YEAR
                                      NORMAL
......................................................
TEMPERATURE (F)
 YESTERDAY
  MAXIMUM         78    252 PM  65     13       63
  MINIMUM         48    451 AM  42      6       42
  AVERAGE         63            53     10       53

PRECIPITATION (IN)
  YESTERDAY        0.00          0.12  -0.12     0.24
  MONTH TO DATE    0.00          0.12  -0.12     0.24
  SINCE JUN 1      0.00          0.12  -0.12     0.24
  SINCE JAN 1      9.31          7.23   2.08     7.96

DEGREE DAYS
 HEATING
  YESTERDAY        2            12    -10       12
  MONTH TO DATE    2            12    -10       12
  SINCE JUN 1      2            12    -10       12
  SINCE JUL 1   7586          8181   -595     8172

 COOLING
  YESTERDAY        0             0      0        0
  MONTH TO DATE    0             0      0        0
  SINCE JUN 1      0             0      0        0
  SINCE JAN 1      0             1     -1        4
......................................................


WIND (MPH)
  HIGHEST WIND SPEED    16   HIGHEST WIND DIRECTION    SW (230)
  HIGHEST GUST SPEED    26   HIGHEST GUST DIRECTION    SW (210)
  AVERAGE WIND SPEED     6.5


SKY COVER
  AVERAGE SKY COVER 0.2


WEATHER CONDITIONS
 THE FOLLOWING WEATHER WAS RECORDED YESTERDAY.
  NO SIGNIFICANT WEATHER WAS OBSERVED.


RELATIVE HUMIDITY (PERCENT)
 HIGHEST    93
 LOWEST     32
 AVERAGE    63

..........................................................




SUNRISE AND SUNSET
JUNE  2 2015..........SUNRISE   515 AM MDT   SUNSET   830 PM MDT
JUNE  3 2015..........SUNRISE   515 AM MDT   SUNSET   831 PM MDT


-  INDICATES NEGATIVE NUMBERS.
R  INDICATES RECORD WAS SET OR TIED.
MM INDICATES DATA IS MISSING.
T  INDICATES TRACE AMOUNT.




$$
