000
CDUS43 KUNR 190835
CLICUT


CLIMATE REPORT
NATIONAL WEATHER SERVICE RAPID CITY SD
134 AM MST MON FEB 19 2018


...................................

...THE CUSTER COUNTY AIRPORT SD CLIMATE SUMMARY FOR FEBRUARY 18 2018...

CLIMATE NORMAL PERIOD 1981 TO 2010
CLIMATE RECORD PERIOD 9999 TO 9999


WEATHER ITEM   OBSERVED TIME   NORMAL DEPARTURE LAST
                VALUE   (LST)  VALUE  FROM      YEAR
                                      NORMAL
......................................................
TEMPERATURE (F)
 YESTERDAY
  MAXIMUM         38    520 AM  37      1       56
  MINIMUM          2   1103 PM  15    -13       30
  AVERAGE         20            26     -6       43

PRECIPITATION (IN)
  YESTERDAY        0.23          0.02   0.21     0.00
  MONTH TO DATE    1.46          0.35   1.11     0.56
  SINCE DEC 1      3.02          1.06   1.96     2.83
  SINCE JAN 1      1.94          0.68   1.26     1.55

DEGREE DAYS
 HEATING
  YESTERDAY       45            39      6       22
  MONTH TO DATE  864           721    143      608
  SINCE DEC 1   3326          3275     51     3390
  SINCE JUL 1   5290          5456   -166     5009

 COOLING
  YESTERDAY        0             0      0        0
  MONTH TO DATE    0             0      0        0
  SINCE DEC 1      0             0      0        0
  SINCE JAN 1      0             0      0        0
......................................................


WIND (MPH)
  HIGHEST WIND SPEED    14   HIGHEST WIND DIRECTION     W (260)
  HIGHEST GUST SPEED    20   HIGHEST GUST DIRECTION     W (270)
  AVERAGE WIND SPEED     5.8


SKY COVER
  AVERAGE SKY COVER 0.8


WEATHER CONDITIONS
 THE FOLLOWING WEATHER WAS RECORDED YESTERDAY.
  LT FREEZING RAIN
  HEAVY SNOW
  SNOW
  LIGHT SNOW
  FOG
  FOG W/VISIBILITY <= 1/4 MILE
  HAZE


RELATIVE HUMIDITY (PERCENT)
 HIGHEST    92
 LOWEST     37
 AVERAGE    65

..........................................................




SUNRISE AND SUNSET
FEBRUARY 19 2018......SUNRISE   647 AM MST   SUNSET   530 PM MST
FEBRUARY 20 2018......SUNRISE   646 AM MST   SUNSET   531 PM MST


-  INDICATES NEGATIVE NUMBERS.
R  INDICATES RECORD WAS SET OR TIED.
MM INDICATES DATA IS MISSING.
T  INDICATES TRACE AMOUNT.




$$
