000
CDUS43 KUNR 190832
CLICUT


CLIMATE REPORT
NATIONAL WEATHER SERVICE RAPID CITY SD
232 AM MDT SAT APR 19 2014


...................................

...THE CUSTER COUNTY AIRPORT SD CLIMATE SUMMARY FOR APRIL 18 2014...

CLIMATE NORMAL PERIOD 1981 TO 2010
CLIMATE RECORD PERIOD 9999 TO 9999


WEATHER ITEM   OBSERVED TIME   NORMAL DEPARTURE LAST
                VALUE   (LST)  VALUE  FROM      YEAR
                                      NORMAL
......................................................
TEMPERATURE (F)
 YESTERDAY
  MAXIMUM         65    615 PM  51     14       30
  MINIMUM         34    257 AM  28      6       12
  AVERAGE         50            40     10       21

PRECIPITATION (IN)
  YESTERDAY        0.00          0.08  -0.08      T
  MONTH TO DATE    1.21          1.14   0.07     1.73
  SINCE MAR 1      2.41          2.15   0.26     2.47
  SINCE JAN 1      3.74          3.01   0.73     3.40

DEGREE DAYS
 HEATING
  YESTERDAY       15            25    -10       44
  MONTH TO DATE  510           498     12      640
  SINCE MAR 1   1562          1538     24     1725
  SINCE JUL 1   7420          7373     47     7267

 COOLING
  YESTERDAY        0             0      0        0
  MONTH TO DATE    0             0      0        0
  SINCE MAR 1      0             0      0        0
  SINCE JAN 1      0             0      0        0
......................................................


WIND (MPH)
  HIGHEST WIND SPEED    22   HIGHEST WIND DIRECTION     W (250)
  HIGHEST GUST SPEED    33   HIGHEST GUST DIRECTION     W (270)
  AVERAGE WIND SPEED     9.2


SKY COVER
  AVERAGE SKY COVER 0.1


WEATHER CONDITIONS
 THE FOLLOWING WEATHER WAS RECORDED YESTERDAY.
  NO SIGNIFICANT WEATHER WAS OBSERVED.


RELATIVE HUMIDITY (PERCENT)
 HIGHEST    96
 LOWEST     27
 AVERAGE    62

..........................................................




SUNRISE AND SUNSET
APRIL 19 2014.........SUNRISE   605 AM MDT   SUNSET   743 PM MDT
APRIL 20 2014.........SUNRISE   603 AM MDT   SUNSET   744 PM MDT


-  INDICATES NEGATIVE NUMBERS.
R  INDICATES RECORD WAS SET OR TIED.
MM INDICATES DATA IS MISSING.
T  INDICATES TRACE AMOUNT.




$$
