000
CDUS43 KUNR 050849
CLICUT


CLIMATE REPORT
NATIONAL WEATHER SERVICE RAPID CITY SD
146 AM MST THU MAR 5 2015


...................................

...THE CUSTER COUNTY AIRPORT SD CLIMATE SUMMARY FOR MARCH 4 2015...

CLIMATE NORMAL PERIOD 1981 TO 2010
CLIMATE RECORD PERIOD 9999 TO 9999


WEATHER ITEM   OBSERVED TIME   NORMAL DEPARTURE LAST
                VALUE   (LST)  VALUE  FROM      YEAR
                                      NORMAL
......................................................
TEMPERATURE (F)
 YESTERDAY
  MAXIMUM         13    401 PM  39    -26       47
  MINIMUM         -5   1255 AM  18    -23       24
  AVERAGE          4            29    -25       36

PRECIPITATION (IN)
  YESTERDAY        0.00          0.03  -0.03     0.00
  MONTH TO DATE    0.17          0.07   0.10     0.30
  SINCE MAR 1      0.17          0.07   0.10     0.30
  SINCE JAN 1      0.57          0.93  -0.36     1.63

DEGREE DAYS
 HEATING
  YESTERDAY       61            36     25       29
  MONTH TO DATE  210           146     64      194
  SINCE MAR 1    210           146     64      194
  SINCE JUL 1   5659          5981   -322     6052

 COOLING
  YESTERDAY        0             0      0        0
  MONTH TO DATE    0             0      0        0
  SINCE MAR 1      0             0      0        0
  SINCE JAN 1      0             0      0        0
......................................................


WIND (MPH)
  HIGHEST WIND SPEED    21   HIGHEST WIND DIRECTION     W (290)
  HIGHEST GUST SPEED    34   HIGHEST GUST DIRECTION     W (290)
  AVERAGE WIND SPEED     9.4


SKY COVER
  AVERAGE SKY COVER 0.0


WEATHER CONDITIONS
 THE FOLLOWING WEATHER WAS RECORDED YESTERDAY.
  NO SIGNIFICANT WEATHER WAS OBSERVED.


RELATIVE HUMIDITY (PERCENT)
 HIGHEST    82
 LOWEST     30
 AVERAGE    56

..........................................................




SUNRISE AND SUNSET
MARCH  5 2015.........SUNRISE   625 AM MST   SUNSET   548 PM MST
MARCH  6 2015.........SUNRISE   623 AM MST   SUNSET   549 PM MST


-  INDICATES NEGATIVE NUMBERS.
R  INDICATES RECORD WAS SET OR TIED.
MM INDICATES DATA IS MISSING.
T  INDICATES TRACE AMOUNT.




$$
