000
CDUS43 KUNR 240839
CLICUT


CLIMATE REPORT
NATIONAL WEATHER SERVICE RAPID CITY SD
136 AM MST FRI NOV 24 2017


...................................

...THE CUSTER COUNTY AIRPORT SD CLIMATE SUMMARY FOR NOVEMBER 23 2017...

CLIMATE NORMAL PERIOD 1981 TO 2010
CLIMATE RECORD PERIOD 9999 TO 9999


WEATHER ITEM   OBSERVED TIME   NORMAL DEPARTURE LAST
                VALUE   (LST)  VALUE  FROM      YEAR
                                      NORMAL
......................................................
TEMPERATURE (F)
 YESTERDAY
  MAXIMUM         63   1237 PM  38     25       42
  MINIMUM         43    722 AM  18     25       18
  AVERAGE         53            28     25       30

PRECIPITATION (IN)
  YESTERDAY        0.00          0.02  -0.02     0.00
  MONTH TO DATE    0.81          0.49   0.32     0.12
  SINCE SEP 1      3.14          3.53  -0.39     2.43
  SINCE JAN 1     20.71         18.45   2.26    15.27

DEGREE DAYS
 HEATING
  YESTERDAY       12            37    -25       35
  MONTH TO DATE  688           733    -45      503
  SINCE SEP 1   1677          1758    -81     1252
  SINCE JUL 1   1778          1912   -134     1388

 COOLING
  YESTERDAY        0             0      0        0
  MONTH TO DATE    0             0      0        0
  SINCE SEP 1     27            11     16        7
  SINCE JAN 1    235           177     58      259
......................................................


WIND (MPH)
  HIGHEST WIND SPEED    17   HIGHEST WIND DIRECTION     W (270)
  HIGHEST GUST SPEED    23   HIGHEST GUST DIRECTION     W (270)
  AVERAGE WIND SPEED     8.8


SKY COVER
  AVERAGE SKY COVER 0.0


WEATHER CONDITIONS
 THE FOLLOWING WEATHER WAS RECORDED YESTERDAY.
  NO SIGNIFICANT WEATHER WAS OBSERVED.


RELATIVE HUMIDITY (PERCENT)
 HIGHEST    65
 LOWEST     32
 AVERAGE    49

..........................................................




SUNRISE AND SUNSET
NOVEMBER 24 2017......SUNRISE   700 AM MST   SUNSET   422 PM MST
NOVEMBER 25 2017......SUNRISE   702 AM MST   SUNSET   421 PM MST


-  INDICATES NEGATIVE NUMBERS.
R  INDICATES RECORD WAS SET OR TIED.
MM INDICATES DATA IS MISSING.
T  INDICATES TRACE AMOUNT.




$$
