000
CDUS41 KILN 020558
CLICVG


CLIMATE REPORT
NATIONAL WEATHER SERVICE WILMINGTON OH
146 AM EDT THU OCT 2 2014


...................................

...THE CINCINNATI OH CLIMATE SUMMARY FOR OCTOBER 1 2014...

CLIMATE NORMAL PERIOD 1981 TO 2010
CLIMATE RECORD PERIOD 1869 TO 2014


WEATHER ITEM   OBSERVED TIME   RECORD YEAR NORMAL DEPARTURE LAST
                VALUE   (LST)  VALUE       VALUE  FROM      YEAR
                                                  NORMAL
..................................................................
TEMPERATURE (F)
 YESTERDAY
  MAXIMUM         78    428 PM  88    1927  72      6       77
                                      1919
                                      1897
  MINIMUM         50    708 AM  34    1987  51     -1       55
                                      1974
  AVERAGE         64                        61      3       66

PRECIPITATION (IN)
  YESTERDAY        0.00          2.47 1973   0.09  -0.09     0.00
  MONTH TO DATE    0.00                      0.09  -0.09     0.00
  SINCE SEP 1      3.20                      2.72   0.48     3.65
  SINCE JAN 1     33.66                     32.51   1.15    36.70

SNOWFALL (IN)
  YESTERDAY        0.0                       0.0    0.0      0.0
  MONTH TO DATE    0.0                       0.0    0.0      0.0
  SINCE SEP 1      0.0                       0.0    0.0      0.0
  SINCE JUL 1      0.0                       0.0    0.0      0.0
  SNOW DEPTH       0

DEGREE DAYS
 HEATING
  YESTERDAY        1                         6     -5        0
  MONTH TO DATE    1                         6     -5        0
  SINCE SEP 1     52                        64    -12       26
  SINCE JUL 1     57                        64     -7       30

 COOLING
  YESTERDAY        0                         2     -2        1
  MONTH TO DATE    0                         2     -2        1
  SINCE SEP 1    118                       139    -21      145
  SINCE JAN 1   1064                      1107    -43     1121
..................................................................


WIND (MPH)
  RESULTANT WIND SPEED   3   RESULTANT WIND DIRECTION   E (70)
  HIGHEST WIND SPEED     9   HIGHEST WIND DIRECTION     E (70)
  HIGHEST GUST SPEED    12   HIGHEST GUST DIRECTION    NE (60)
  AVERAGE WIND SPEED     3.5


SKY COVER
  POSSIBLE SUNSHINE  MM
  AVERAGE SKY COVER 0.1


WEATHER CONDITIONS
 THE FOLLOWING WEATHER WAS RECORDED YESTERDAY.
  HAZE


RELATIVE HUMIDITY (PERCENT)
 HIGHEST    89           600 AM
 LOWEST     43           400 PM
 AVERAGE    66

..........................................................


THE CINCINNATI OH CLIMATE NORMALS FOR TODAY
                         NORMAL    RECORD    YEAR
 MAXIMUM TEMPERATURE (F)   71        90      1919
 MINIMUM TEMPERATURE (F)   50        32      2003
                                             1966


SUNRISE AND SUNSET
OCTOBER  2 2014.......SUNRISE   736 AM EDT   SUNSET   720 PM EDT
OCTOBER  3 2014.......SUNRISE   736 AM EDT   SUNSET   718 PM EDT


-  INDICATES NEGATIVE NUMBERS.
R  INDICATES RECORD WAS SET OR TIED.
MM INDICATES DATA IS MISSING.
T  INDICATES TRACE AMOUNT.




$$
