989
CDUS41 KILN 230627
CLICVG


CLIMATE REPORT
NATIONAL WEATHER SERVICE WILMINGTON OH
122 AM EST THU FEB 23 2017


...................................

...THE CINCINNATI OH CLIMATE SUMMARY FOR FEBRUARY 22 2017...

CLIMATE NORMAL PERIOD 1981 TO 2010
CLIMATE RECORD PERIOD 1869 TO 2017


WEATHER ITEM   OBSERVED TIME   RECORD YEAR NORMAL DEPARTURE LAST
                VALUE   (LST)  VALUE       VALUE  FROM      YEAR
                                                  NORMAL
..................................................................
TEMPERATURE (F)
 YESTERDAY
  MAXIMUM         66    446 PM  71    1922  45     21       50
  MINIMUM         55    230 AM -10    1963  28     27       33
  AVERAGE         61                        36     25       42

PRECIPITATION (IN)
  YESTERDAY        0.05          2.19 1944   0.09  -0.04     0.00
  MONTH TO DATE    1.86                      2.21  -0.35     3.94
  SINCE DEC 1      9.96                      8.58   1.38    11.42
  SINCE JAN 1      5.53                      5.21   0.32     5.33

SNOWFALL (IN)
  YESTERDAY        0.0           2.0  1993   0.2   -0.2      0.0
  MONTH TO DATE    1.6                       5.4   -3.8      7.9
  SINCE DEC 1      8.0                      16.7   -8.7     16.4
  SINCE JUL 1      8.0                      17.5   -9.5     16.4
  SNOW DEPTH       0

DEGREE DAYS
 HEATING
  YESTERDAY        4                        29    -25       23
  MONTH TO DATE  491                       689   -198      673
  SINCE DEC 1   2308                      2701   -393     2312
  SINCE JUL 1   2990                      3661   -671     3057

 COOLING
  YESTERDAY        0                         0      0        0
  MONTH TO DATE    0                         0      0        0
  SINCE DEC 1      0                         0      0        0
  SINCE JAN 1      0                         0      0        0
..................................................................


WIND (MPH)
  RESULTANT WIND SPEED   6   RESULTANT WIND DIRECTION   S (190)
  HIGHEST WIND SPEED     9   HIGHEST WIND DIRECTION     S (180)
  HIGHEST GUST SPEED    14   HIGHEST GUST DIRECTION     S (180)
  AVERAGE WIND SPEED     6.6


SKY COVER
  POSSIBLE SUNSHINE  MM
  AVERAGE SKY COVER 0.8


WEATHER CONDITIONS
 THE FOLLOWING WEATHER WAS RECORDED YESTERDAY.
  LIGHT RAIN
  FOG


RELATIVE HUMIDITY (PERCENT)
 HIGHEST   100           300 AM
 LOWEST     78           300 PM
 AVERAGE    89

..........................................................


THE CINCINNATI OH CLIMATE NORMALS FOR TODAY
                         NORMAL    RECORD    YEAR
 MAXIMUM TEMPERATURE (F)   45        72      1996
                                             1985
 MINIMUM TEMPERATURE (F)   28        -1      1963


SUNRISE AND SUNSET
FEBRUARY 23 2017......SUNRISE   719 AM EST   SUNSET   625 PM EST
FEBRUARY 24 2017......SUNRISE   718 AM EST   SUNSET   626 PM EST


-  INDICATES NEGATIVE NUMBERS.
R  INDICATES RECORD WAS SET OR TIED.
MM INDICATES DATA IS MISSING.
T  INDICATES TRACE AMOUNT.




$$
