290
CDUS41 KILN 160527
CLICVG


CLIMATE REPORT
NATIONAL WEATHER SERVICE WILMINGTON OH
1227 AM EST MON JAN 16 2017


...................................

...THE CINCINNATI OH CLIMATE SUMMARY FOR JANUARY 15 2017...

CLIMATE NORMAL PERIOD 1981 TO 2010
CLIMATE RECORD PERIOD 1869 TO 2017


WEATHER ITEM   OBSERVED TIME   RECORD YEAR NORMAL DEPARTURE LAST
                VALUE   (LST)  VALUE       VALUE  FROM      YEAR
                                                  NORMAL
..................................................................
TEMPERATURE (F)
 YESTERDAY
  MAXIMUM         38   1159 PM  66    1932  38      0       49
  MINIMUM         33   1009 AM -11    1972  23     10       34
                                      1893
  AVERAGE         36                        31      5       42

PRECIPITATION (IN)
  YESTERDAY        0.07          1.46 1885   0.10  -0.03     0.10
  MONTH TO DATE    2.36                      1.48   0.88     1.09
  SINCE DEC 1      6.79                      4.85   1.94     7.18
  SINCE JAN 1      2.36                      1.48   0.88     1.09

SNOWFALL (IN)
  YESTERDAY        0.0           3.0  1918   0.2   -0.2      0.0
  MONTH TO DATE    2.5                       2.9   -0.4      4.5
  SINCE DEC 1      4.7                       7.7   -3.0      4.5
  SINCE JUL 1      4.7                       8.5   -3.8      4.5
  SNOW DEPTH       0

DEGREE DAYS
 HEATING
  YESTERDAY       29                        34     -5       23
  MONTH TO DATE  485                       510    -25      485
  SINCE DEC 1   1454                      1469    -15     1061
  SINCE JUL 1   2136                      2429   -293     1806

 COOLING
  YESTERDAY        0                         0      0        0
  MONTH TO DATE    0                         0      0        0
  SINCE DEC 1      0                         0      0        0
  SINCE JAN 1      0                         0      0        0
..................................................................


WIND (MPH)
  RESULTANT WIND SPEED   5   RESULTANT WIND DIRECTION  NE (30)
  HIGHEST WIND SPEED    10   HIGHEST WIND DIRECTION     N (20)
  HIGHEST GUST SPEED    11   HIGHEST GUST DIRECTION     N (20)
  AVERAGE WIND SPEED     6.3


SKY COVER
  POSSIBLE SUNSHINE  MM
  AVERAGE SKY COVER 1.0


WEATHER CONDITIONS
 THE FOLLOWING WEATHER WAS RECORDED YESTERDAY.
  LIGHT RAIN
  FOG


RELATIVE HUMIDITY (PERCENT)
 HIGHEST   100           100 AM
 LOWEST     85           100 PM
 AVERAGE    93

..........................................................


THE CINCINNATI OH CLIMATE NORMALS FOR TODAY
                         NORMAL    RECORD    YEAR
 MAXIMUM TEMPERATURE (F)   39        65      1928
 MINIMUM TEMPERATURE (F)   23       -21      1977


SUNRISE AND SUNSET
JANUARY 16 2017.......SUNRISE   756 AM EST   SUNSET   542 PM EST
JANUARY 17 2017.......SUNRISE   755 AM EST   SUNSET   543 PM EST


-  INDICATES NEGATIVE NUMBERS.
R  INDICATES RECORD WAS SET OR TIED.
MM INDICATES DATA IS MISSING.
T  INDICATES TRACE AMOUNT.




$$
