000
CDUS41 KILN 282052
CLICVG


CLIMATE REPORT
NATIONAL WEATHER SERVICE WILMINGTON OH
452 PM EDT TUE MAR 28 2017


...................................

...THE CINCINNATI OH CLIMATE SUMMARY FOR MARCH 28 2017...
VALID TODAY AS OF 0400 PM LOCAL TIME.

CLIMATE NORMAL PERIOD 1981 TO 2010
CLIMATE RECORD PERIOD 1869 TO 2017


WEATHER ITEM   OBSERVED TIME   RECORD YEAR NORMAL DEPARTURE LAST
                VALUE   (LST)  VALUE       VALUE  FROM      YEAR
                                                  NORMAL
..................................................................
TEMPERATURE (F)
 TODAY
  MAXIMUM         61   1200 PM  85    1910  58      3       51
  MINIMUM         55    904 AM  18    1934  38     17       43
  AVERAGE         58                        48     10       47

PRECIPITATION (IN)
  TODAY            0.03          1.87 2005   0.14  -0.11      T
  MONTH TO DATE    4.14                      3.54   0.60     3.94
  SINCE MAR 1      4.14                      3.54   0.60     3.94
  SINCE JAN 1     11.36                      9.35   2.01    10.57

SNOWFALL (IN)
  TODAY            0.0           1.2  1899   0.1   -0.1      0.0
  MONTH TO DATE    2.0                       2.9   -0.9      2.3
  SINCE MAR 1      2.0                       2.9   -0.9      2.3
  SINCE JUL 1     10.0                      21.5  -11.5     19.2
  SNOW DEPTH       0

DEGREE DAYS
 HEATING
  TODAY            7                        17    -10       18
  MONTH TO DATE  594                       616    -22      425
  SINCE MAR 1    594                       616    -22      425
  SINCE JUL 1   3674                      4443   -769     3633

 COOLING
  TODAY            0                         0      0        0
  MONTH TO DATE    1                         0      1        0
  SINCE MAR 1      1                         0      1        0
  SINCE JAN 1      1                         0      1        0
..................................................................


WIND (MPH)
  HIGHEST WIND SPEED    16   HIGHEST WIND DIRECTION     N (350)
  HIGHEST GUST SPEED    20   HIGHEST GUST DIRECTION     N (350)
  AVERAGE WIND SPEED     9.9


SKY COVER
  POSSIBLE SUNSHINE  MM
  AVERAGE SKY COVER 1.0


WEATHER CONDITIONS
 THE FOLLOWING WEATHER WAS RECORDED TODAY.
  LIGHT RAIN
  FOG
  FOG W/VISIBILITY <= 1/4 MILE
  HAZE


RELATIVE HUMIDITY (PERCENT)
 HIGHEST   100           100 AM
 LOWEST     75           100 PM
 AVERAGE    88

..........................................................


THE CINCINNATI OH CLIMATE NORMALS FOR TOMORROW
                         NORMAL    RECORD    YEAR
 MAXIMUM TEMPERATURE (F)   58        84      1910
                                             1895
 MINIMUM TEMPERATURE (F)   38        18      1964


SUNRISE AND SUNSET
MARCH 28 2017.........SUNRISE   729 AM EDT   SUNSET   759 PM EDT
MARCH 29 2017.........SUNRISE   728 AM EDT   SUNSET   800 PM EDT


-  INDICATES NEGATIVE NUMBERS.
R  INDICATES RECORD WAS SET OR TIED.
MM INDICATES DATA IS MISSING.
T  INDICATES TRACE AMOUNT.




$$
