000
CDUS41 KILN 040614
CLICVG


CLIMATE REPORT
NATIONAL WEATHER SERVICE WILMINGTON OH
114 AM EST SUN DEC 4 2016


...................................

...THE CINCINNATI OH CLIMATE SUMMARY FOR DECEMBER 3 2016...

CLIMATE NORMAL PERIOD 1981 TO 2010
CLIMATE RECORD PERIOD 1869 TO 2016


WEATHER ITEM   OBSERVED TIME   RECORD YEAR NORMAL DEPARTURE LAST
                VALUE   (LST)  VALUE       VALUE  FROM      YEAR
                                                  NORMAL
..................................................................
TEMPERATURE (F)
 YESTERDAY
  MAXIMUM         41    441 PM  75    1982  46     -5       42
  MINIMUM         35   1129 PM  -3    1886  30      5       28
  AVERAGE         38                        38      0       35

PRECIPITATION (IN)
  YESTERDAY        T             2.47 1873   0.11  -0.11      T
  MONTH TO DATE    T                         0.32  -0.32     0.43
  SINCE DEC 1      T                         0.32  -0.32     0.43
  SINCE JAN 1     40.00                     39.47   0.53    43.22

SNOWFALL (IN)
  YESTERDAY        0.0           1.5  1910   0.1   -0.1       T
  MONTH TO DATE    0.0                       0.3   -0.3       T
  SINCE DEC 1      0.0                       0.3   -0.3       T
  SINCE JUL 1      T                         1.1   -1.1       T
  SNOW DEPTH       0

DEGREE DAYS
 HEATING
  YESTERDAY       27                        27      0       30
  MONTH TO DATE   81                        80      1       70
  SINCE DEC 1     81                        80      1       70
  SINCE JUL 1    763                      1040   -277      815

 COOLING
  YESTERDAY        0                         0      0        0
  MONTH TO DATE    0                         0      0        0
  SINCE DEC 1      0                         0      0        0
  SINCE JAN 1   1477                      1121    356     1157
..................................................................


WIND (MPH)
  RESULTANT WIND SPEED   2   RESULTANT WIND DIRECTION  NW (300)
  HIGHEST WIND SPEED     9   HIGHEST WIND DIRECTION     W (270)
  HIGHEST GUST SPEED    11   HIGHEST GUST DIRECTION    SW (220)
  AVERAGE WIND SPEED     2.8


SKY COVER
  POSSIBLE SUNSHINE  MM
  AVERAGE SKY COVER 1.0


WEATHER CONDITIONS
 THE FOLLOWING WEATHER WAS RECORDED YESTERDAY.
  LIGHT RAIN
  FOG


RELATIVE HUMIDITY (PERCENT)
 HIGHEST   100           400 AM
 LOWEST     64           500 PM
 AVERAGE    82

..........................................................


THE CINCINNATI OH CLIMATE NORMALS FOR TODAY
                         NORMAL    RECORD    YEAR
 MAXIMUM TEMPERATURE (F)   45        72      1998
 MINIMUM TEMPERATURE (F)   30        10      1991


SUNRISE AND SUNSET
DECEMBER  4 2016......SUNRISE   742 AM EST   SUNSET   516 PM EST
DECEMBER  5 2016......SUNRISE   743 AM EST   SUNSET   516 PM EST


-  INDICATES NEGATIVE NUMBERS.
R  INDICATES RECORD WAS SET OR TIED.
MM INDICATES DATA IS MISSING.
T  INDICATES TRACE AMOUNT.




$$
