000
CDUS41 KILN 180557
CLICVG


CLIMATE REPORT
NATIONAL WEATHER SERVICE WILMINGTON OH
156 AM EDT THU SEP 18 2014


...................................

...THE CINCINNATI OH CLIMATE SUMMARY FOR SEPTEMBER 17 2014...

CLIMATE NORMAL PERIOD 1981 TO 2010
CLIMATE RECORD PERIOD 1869 TO 2014


WEATHER ITEM   OBSERVED TIME   RECORD YEAR NORMAL DEPARTURE LAST
                VALUE   (LST)  VALUE       VALUE  FROM      YEAR
                                                  NORMAL
..................................................................
TEMPERATURE (F)
 YESTERDAY
  MAXIMUM         68    443 PM  94    1927  78    -10       77
  MINIMUM         47    510 AM  41    2000  57    -10       53
  AVERAGE         58                        67     -9       65

PRECIPITATION (IN)
  YESTERDAY        0.00          1.49 1958   0.08  -0.08     0.00
  MONTH TO DATE    3.18                      1.49   1.69     0.16
  SINCE SEP 1      3.18                      1.49   1.69     0.16
  SINCE JAN 1     33.64                     31.28   2.36    33.21

SNOWFALL (IN)
  YESTERDAY        0.0                       0.0    0.0      0.0
  MONTH TO DATE    0.0                       0.0    0.0      0.0
  SINCE SEP 1      0.0                       0.0    0.0      0.0
  SINCE JUL 1      0.0                       0.0    0.0      0.0
  SNOW DEPTH       0

DEGREE DAYS
 HEATING
  YESTERDAY        7                         2      5        0
  MONTH TO DATE   34                        13     21       10
  SINCE SEP 1     34                        13     21       10
  SINCE JUL 1     39                        13     26       14

 COOLING
  YESTERDAY        0                         4     -4        0
  MONTH TO DATE   87                       102    -15      115
  SINCE SEP 1     87                       102    -15      115
  SINCE JAN 1   1033                      1070    -37     1091
..................................................................


WIND (MPH)
  RESULTANT WIND SPEED   2   RESULTANT WIND DIRECTION  NW (320)
  HIGHEST WIND SPEED    12   HIGHEST WIND DIRECTION     W (280)
  HIGHEST GUST SPEED    14   HIGHEST GUST DIRECTION     W (270)
  AVERAGE WIND SPEED     2.2


SKY COVER
  POSSIBLE SUNSHINE  MM
  AVERAGE SKY COVER 0.5


WEATHER CONDITIONS
 THE FOLLOWING WEATHER WAS RECORDED YESTERDAY.
  FOG
  HAZE


RELATIVE HUMIDITY (PERCENT)
 HIGHEST    93           200 AM
 LOWEST     52           300 PM
 AVERAGE    73

..........................................................


THE CINCINNATI OH CLIMATE NORMALS FOR TODAY
                         NORMAL    RECORD    YEAR
 MAXIMUM TEMPERATURE (F)   77        95      1953
                                             1895
 MINIMUM TEMPERATURE (F)   56        40      1937


SUNRISE AND SUNSET
SEPTEMBER 18 2014.....SUNRISE   723 AM EDT   SUNSET   742 PM EDT
SEPTEMBER 19 2014.....SUNRISE   724 AM EDT   SUNSET   741 PM EDT


-  INDICATES NEGATIVE NUMBERS.
R  INDICATES RECORD WAS SET OR TIED.
MM INDICATES DATA IS MISSING.
T  INDICATES TRACE AMOUNT.




$$
