000
CDUS41 KILN 300615
CLICVG


CLIMATE REPORT
NATIONAL WEATHER SERVICE WILMINGTON OH
214 AM EDT THU JUL 30 2015


...................................

...THE CINCINNATI OH CLIMATE SUMMARY FOR JULY 29 2015...

CLIMATE NORMAL PERIOD 1981 TO 2010
CLIMATE RECORD PERIOD 1869 TO 2015


WEATHER ITEM   OBSERVED TIME   RECORD YEAR NORMAL DEPARTURE LAST
                VALUE   (LST)  VALUE       VALUE  FROM      YEAR
                                                  NORMAL
..................................................................
TEMPERATURE (F)
 YESTERDAY
  MAXIMUM         91    145 PM 100    1940  86      5       73
  MINIMUM         70    521 AM  50    2014  66      4       50
  AVERAGE         81                        76      5       62

PRECIPITATION (IN)
  YESTERDAY        0.96          1.37 1943   0.12   0.84     0.00
  MONTH TO DATE    5.04                      3.52   1.52     2.83
  SINCE JUN 1     12.37                      7.55   4.82     9.05
  SINCE JAN 1     29.60                     26.14   3.46    26.52

SNOWFALL (IN)
  YESTERDAY        0.0           0.0         0.0    0.0      0.0
  MONTH TO DATE    0.0                       0.0    0.0      0.0
  SINCE JUN 1      0.0                       0.0    0.0      0.0
  SINCE JUL 1      0.0                       0.0    0.0      0.0
  SNOW DEPTH       0

DEGREE DAYS
 HEATING
  YESTERDAY        0                         0      0        3
  MONTH TO DATE    0                         0      0        5
  SINCE JUN 1     19                        15      4        8
  SINCE JUL 1      0                         0      0        5

 COOLING
  YESTERDAY       16                        11      5        0
  MONTH TO DATE  297                       317    -20      206
  SINCE JUN 1    556                       543     13      480
  SINCE JAN 1    705                       637     68      614
..................................................................


WIND (MPH)
  RESULTANT WIND SPEED   1   RESULTANT WIND DIRECTION   S (180)
  HIGHEST WIND SPEED    23   HIGHEST WIND DIRECTION    NW (320)
  HIGHEST GUST SPEED    29   HIGHEST GUST DIRECTION    NW (320)
  AVERAGE WIND SPEED     3.2


SKY COVER
  POSSIBLE SUNSHINE  MM
  AVERAGE SKY COVER 0.6


WEATHER CONDITIONS
 THE FOLLOWING WEATHER WAS RECORDED YESTERDAY.
  THUNDERSTORM
  HEAVY RAIN
  RAIN
  LIGHT RAIN
  FOG
  FOG W/VISIBILITY <= 1/4 MILE
  HAZE


RELATIVE HUMIDITY (PERCENT)
 HIGHEST    94          1200 AM
 LOWEST     59           100 PM
 AVERAGE    77

..........................................................


THE CINCINNATI OH CLIMATE NORMALS FOR TODAY
                         NORMAL    RECORD    YEAR
 MAXIMUM TEMPERATURE (F)   85       101      1999
                                             1940
                                             1913
 MINIMUM TEMPERATURE (F)   66        52      1965


SUNRISE AND SUNSET
JULY 30 2015..........SUNRISE   637 AM EDT   SUNSET   852 PM EDT
JULY 31 2015..........SUNRISE   638 AM EDT   SUNSET   851 PM EDT


-  INDICATES NEGATIVE NUMBERS.
R  INDICATES RECORD WAS SET OR TIED.
MM INDICATES DATA IS MISSING.
T  INDICATES TRACE AMOUNT.




$$
