000
CDUS41 KILN 242052
CLICVG


CLIMATE REPORT
NATIONAL WEATHER SERVICE WILMINGTON OH
451 PM EDT THU JUL 24 2014


...................................

...THE CINCINNATI OH CLIMATE SUMMARY FOR JULY 24 2014...
VALID TODAY AS OF 0400 PM LOCAL TIME.

CLIMATE NORMAL PERIOD 1981 TO 2010
CLIMATE RECORD PERIOD 1869 TO 2014


WEATHER ITEM   OBSERVED TIME   RECORD YEAR NORMAL DEPARTURE LAST
                VALUE   (LST)  VALUE       VALUE  FROM      YEAR
                                                  NORMAL
..................................................................
TEMPERATURE (F)
 TODAY
  MAXIMUM         78    315 PM 106    1934  86     -8       79
  MINIMUM         62    630 AM  54    1947  66     -4       59
  AVERAGE         70                        76     -6       69

PRECIPITATION (IN)
  TODAY            T             2.56 1978   0.13  -0.13     0.00
  MONTH TO DATE    2.21                      2.90  -0.69     5.05
  SINCE JUN 1      8.43                      6.93   1.50    11.07
  SINCE JAN 1     25.90                     25.52   0.38    28.95

SNOWFALL (IN)
  TODAY            0.0           0.0    MM   0.0    0.0      0.0
  MONTH TO DATE    0.0                       0.0    0.0      0.0
  SINCE JUN 1      0.0                       0.0    0.0      0.0
  SINCE JUL 1      0.0                       0.0    0.0      0.0
  SNOW DEPTH       0

DEGREE DAYS
 HEATING
  TODAY            0                         0      0        0
  MONTH TO DATE    2                         0      2        0
  SINCE JUN 1      5                        15    -10        1
  SINCE JUL 1      2                         0      2        0

 COOLING
  TODAY            5                        11     -6        4
  MONTH TO DATE  183                       262    -79      280
  SINCE JUN 1    457                       488    -31      519
  SINCE JAN 1    591                       582      9      658
..................................................................


WIND (MPH)
  HIGHEST WIND SPEED    20   HIGHEST WIND DIRECTION    NE (60)
  HIGHEST GUST SPEED    24   HIGHEST GUST DIRECTION     N (20)
  AVERAGE WIND SPEED    13.1


SKY COVER
  POSSIBLE SUNSHINE  MM
  AVERAGE SKY COVER 0.6


WEATHER CONDITIONS
 THE FOLLOWING WEATHER WAS RECORDED TODAY.
  LIGHT RAIN


RELATIVE HUMIDITY (PERCENT)
 HIGHEST    87           200 AM
 LOWEST     43           200 PM
 AVERAGE    65

..........................................................


THE CINCINNATI OH CLIMATE NORMALS FOR TOMORROW
                         NORMAL    RECORD    YEAR
 MAXIMUM TEMPERATURE (F)   86       107      1934
 MINIMUM TEMPERATURE (F)   66        56      1931
                                             1911


SUNRISE AND SUNSET
JULY 24 2014..........SUNRISE   632 AM EDT   SUNSET   858 PM EDT
JULY 25 2014..........SUNRISE   633 AM EDT   SUNSET   857 PM EDT


-  INDICATES NEGATIVE NUMBERS.
R  INDICATES RECORD WAS SET OR TIED.
MM INDICATES DATA IS MISSING.
T  INDICATES TRACE AMOUNT.




$$
