000
CDUS45 KCYS 310442
CLICYS


CLIMATE REPORT
NATIONAL WEATHER SERVICE CHEYENNE WY
942 PM MST FRI JAN 30 2015


...................................

...THE CHEYENNE WYOMING CLIMATE SUMMARY FOR JANUARY 30 2015...
VALID TODAY AS OF 0900 PM LOCAL TIME.

CLIMATE NORMAL PERIOD 1981 TO 2010
CLIMATE RECORD PERIOD 1871 TO 2015


WEATHER ITEM   OBSERVED TIME   RECORD YEAR NORMAL DEPARTURE LAST
                VALUE   (LST)  VALUE       VALUE  FROM      YEAR
                                                  NORMAL
..................................................................
TEMPERATURE (F)
 TODAY
  MAXIMUM         47    104 PM  62    1986  39      8       39
                                      1892
  MINIMUM         26    416 AM -16    1985  18      8       16
  AVERAGE         37                        28      9       28

PRECIPITATION (IN)
  TODAY            0.00          0.46 1896   0.01  -0.01     0.24
  MONTH TO DATE    0.06                      0.32  -0.26     0.93
  SINCE DEC 1      0.73                      0.81  -0.08     1.43
  SINCE JAN 1      0.06                      0.32  -0.26     0.93

SNOWFALL (IN)
  TODAY            0.0           4.6  1896   0.2   -0.2      2.9
  MONTH TO DATE    0.8                       5.7   -4.9     13.9
  SINCE JUL 1     23.4                      28.4   -5.0     39.6
  SNOW DEPTH       0

DEGREE DAYS
 HEATING
  TODAY           28                        37     -9       37
  MONTH TO DATE  984                      1086   -102     1079
  SINCE DEC 1   2089                      2241   -152     2275
  SINCE JUL 1   3687                      3989   -302     3979

 COOLING
  TODAY            0                         0      0        0
  MONTH TO DATE    0                         0      0        0
  SINCE DEC 1      0                         0      0        0
  SINCE JAN 1      0                         0      0        0
..................................................................


WIND (MPH)
  HIGHEST WIND SPEED    16   HIGHEST WIND DIRECTION     N (10)
  HIGHEST GUST SPEED    21   HIGHEST GUST DIRECTION     N (10)
  AVERAGE WIND SPEED     8.1


SKY COVER
  AVERAGE SKY COVER 0.2


WEATHER CONDITIONS
 THE FOLLOWING WEATHER WAS RECORDED TODAY.
  NO SIGNIFICANT WEATHER WAS OBSERVED.


RELATIVE HUMIDITY (PERCENT)
 HIGHEST    81           400 AM
 LOWEST     41           200 PM
 AVERAGE    61

..........................................................


THE CHEYENNE WYOMING CLIMATE NORMALS FOR TOMORROW
                         NORMAL    RECORD    YEAR
 MAXIMUM TEMPERATURE (F)   39        63      1954
 MINIMUM TEMPERATURE (F)   18       -27      1951


SUNRISE AND SUNSET
JANUARY 30 2015.......SUNRISE   712 AM MST   SUNSET   513 PM MST
JANUARY 31 2015.......SUNRISE   711 AM MST   SUNSET   515 PM MST


-  INDICATES NEGATIVE NUMBERS.
R  INDICATES RECORD WAS SET OR TIED.
MM INDICATES DATA IS MISSING.
T  INDICATES TRACE AMOUNT.




$$
