000
CDUS45 KCYS 300731
CLICYS


CLIMATE REPORT
NATIONAL WEATHER SERVICE CHEYENNE WY
130 AM MDT SAT APR 30 2016


...................................

...THE CHEYENNE WYOMING AIRPORT CLIMATE SUMMARY FOR APRIL 29 2016...

CLIMATE NORMAL PERIOD 1981 TO 2010
CLIMATE RECORD PERIOD 1871 TO 2016


WEATHER ITEM   OBSERVED TIME   RECORD YEAR NORMAL DEPARTURE LAST
                VALUE   (LST)  VALUE       VALUE  FROM      YEAR
                                                  NORMAL
..................................................................
TEMPERATURE (F)
 YESTERDAY
  MAXIMUM         35   1041 AM  80    2007  59    -24       74
  MINIMUM         30   1159 PM   9    1877  35     -5       35
  AVERAGE         33                        47    -14       55

PRECIPITATION (IN)
  YESTERDAY        0.33          1.46 1900   0.07   0.26     0.00
  MONTH TO DATE    2.84                      1.71   1.13     2.69
  SINCE JAN 1      6.37                      3.56   2.81     3.56

SNOWFALL (IN)
  YESTERDAY        1.7           6.8  1900   0.2    1.5      0.0
  MONTH TO DATE   17.1                      10.0    7.1     15.4
  SINCE JUL 1     87.8                      57.8   30.0     50.1
  SNOW DEPTH       0

DEGREE DAYS
 HEATING
  YESTERDAY       32                        18     14       10
  MONTH TO DATE  613                       647    -34      621
  SINCE MAR 1   1455                      1548    -93     1329
  SINCE JUL 1   5972                      6567   -595     5980

 COOLING
  YESTERDAY        0                         0      0        0
  MONTH TO DATE    0                         0      0        0
  SINCE MAR 1      0                         0      0        0
  SINCE JAN 1      0                         0      0        0
..................................................................


WIND (MPH)
  HIGHEST WIND SPEED    15   HIGHEST WIND DIRECTION    SE (120)
  HIGHEST GUST SPEED    18   HIGHEST GUST DIRECTION    SE (120)
  AVERAGE WIND SPEED     8.6


SKY COVER
  AVERAGE SKY COVER 1.0


WEATHER CONDITIONS
 THE FOLLOWING WEATHER WAS RECORDED YESTERDAY.
  LT FREEZING RAIN
  SNOW
  LIGHT SNOW
  FOG
  FOG W/VISIBILITY <= 1/4 MILE


RELATIVE HUMIDITY (PERCENT)
 HIGHEST   100           500 AM
 LOWEST     92          1200 AM
 AVERAGE    96

..........................................................


THE CHEYENNE WYOMING AIRPORT CLIMATE NORMALS FOR TODAY
                         NORMAL    RECORD    YEAR
 MAXIMUM TEMPERATURE (F)   60        83      1992
 MINIMUM TEMPERATURE (F)   35         8      1917


SUNRISE AND SUNSET
APRIL 30 2016.........SUNRISE   558 AM MDT   SUNSET   756 PM MDT
MAY  1 2016...........SUNRISE   556 AM MDT   SUNSET   757 PM MDT


-  INDICATES NEGATIVE NUMBERS.
R  INDICATES RECORD WAS SET OR TIED.
MM INDICATES DATA IS MISSING.
T  INDICATES TRACE AMOUNT.




$$
