000
CDUS46 KSGX 111528
CLICZZ


CLIMATE REPORT
NATIONAL WEATHER SERVICE SAN DIEGO, CA
728 AM PST THU FEB 11 2016


...................................

...THE CAMPO ASOS CA CLIMATE SUMMARY FOR FEBRUARY 10 2016...

CLIMATE NORMAL PERIOD 1981 TO 2010
CLIMATE RECORD PERIOD 1948 TO 2016


WEATHER ITEM   OBSERVED TIME   RECORD YEAR NORMAL DEPARTURE LAST
                VALUE   (LST)  VALUE       VALUE  FROM      YEAR
                                                  NORMAL
..................................................................
TEMPERATURE (F)
 YESTERDAY
  MAXIMUM         77   1158 AM  80    1951  64     13       75
  MINIMUM         35    557 AM  19    1953  35      0       27
  AVERAGE         56                        49      7       51

PRECIPITATION (IN)
  YESTERDAY        0.00          1.86 1963   0.10  -0.10     0.00
  MONTH TO DATE    0.20                      1.04  -0.84     0.00
  SINCE OCT 1      6.75                      8.24  -1.49     4.23
  SINCE JAN 1      3.80                      4.02  -0.22     0.36

DEGREE DAYS
 HEATING
  YESTERDAY        9                        16     -7       14
  MONTH TO DATE  142                       160    -18       97
  SINCE DEC 1   1302                      1206     96     1036
  SINCE JUL 1   1718                      1776    -58     1417

 COOLING
  YESTERDAY        0                         0      0        0
  MONTH TO DATE    0                         0      0        0
  SINCE DEC 1      0                         0      0        0
  SINCE JAN 1      0                         0      0        0
..................................................................


WIND (MPH)
  RESULTANT WIND SPEED   6   RESULTANT WIND DIRECTION  NE (60)
  HIGHEST WIND SPEED    21   HIGHEST WIND DIRECTION     E (80)
  HIGHEST GUST SPEED    25   HIGHEST GUST DIRECTION     E (80)
  AVERAGE WIND SPEED     7.2


SKY COVER
  POSSIBLE SUNSHINE  MM
  AVERAGE SKY COVER 0.0



RELATIVE HUMIDITY (PERCENT)
 HIGHEST    59           600 AM
 LOWEST     11          1000 AM
 AVERAGE    35

..........................................................


THE CAMPO ASOS CA CLIMATE NORMALS FOR TODAY
                         NORMAL    RECORD    YEAR
 MAXIMUM TEMPERATURE (F)   64        81      1971
 MINIMUM TEMPERATURE (F)   35        20      1953


SUNRISE AND SUNSET
FEBRUARY 11 2016......SUNRISE   633 AM PST   SUNSET   528 PM PST
FEBRUARY 12 2016......SUNRISE   632 AM PST   SUNSET   529 PM PST


-  INDICATES NEGATIVE NUMBERS.
R  INDICATES RECORD WAS SET OR TIED.
MM INDICATES DATA IS MISSING.
T  INDICATES TRACE AMOUNT.




$$
