000
CDUS46 KSGX 290016
CLICZZ


CLIMATE REPORT
NATIONAL WEATHER SERVICE SAN DIEGO, CA
516 PM PDT SUN MAY 28 2017


...................................

...THE CAMPO ASOS CA CLIMATE SUMMARY FOR MAY 28 2017...
VALID TODAY AS OF 0500 PM LOCAL TIME.

CLIMATE NORMAL PERIOD 1981 TO 2010
CLIMATE RECORD PERIOD 1948 TO 2017


WEATHER ITEM   OBSERVED TIME   RECORD YEAR NORMAL DEPARTURE LAST
                VALUE   (LST)  VALUE       VALUE  FROM      YEAR
                                                  NORMAL
..................................................................
TEMPERATURE (F)
 TODAY
  MAXIMUM         84   1258 PM 102    2003  82      2       73
  MINIMUM         38    456 AM  30    1959  43     -5       43
  AVERAGE         61                        62     -1       58

PRECIPITATION (IN)
  TODAY            0.00          0.21 1990   0.00   0.00     0.00
  MONTH TO DATE    0.89                      0.17   0.72     0.14
  SINCE OCT 1     16.58                     14.25   2.33     9.32
  SINCE JAN 1     11.35                     10.03   1.32     6.37

DEGREE DAYS
 HEATING
  TODAY            4                         4      0        7
  MONTH TO DATE  165                       147     18      205
  SINCE MAR 1    743                       864   -121      878
  SINCE JUL 1   2653                      2915   -262     2762

 COOLING
  TODAY            0                         1     -1        0
  MONTH TO DATE   25                        23      2        2
  SINCE MAR 1     27                        26      1        2
  SINCE JAN 1     27                        26      1        2
..................................................................


WIND (MPH)
  RESULTANT WIND SPEED   4   RESULTANT WIND DIRECTION  SW (210)
  HIGHEST WIND SPEED    20   HIGHEST WIND DIRECTION    SW (210)
  HIGHEST GUST SPEED    23   HIGHEST GUST DIRECTION     S (200)
  AVERAGE WIND SPEED     8.8


SKY COVER
  POSSIBLE SUNSHINE  MM
  AVERAGE SKY COVER 0.0



RELATIVE HUMIDITY (PERCENT)
 HIGHEST    93          1200 AM
 LOWEST     13           900 AM
 AVERAGE    53

..........................................................


THE CAMPO ASOS CA CLIMATE NORMALS FOR TOMORROW
                         NORMAL    RECORD    YEAR
 MAXIMUM TEMPERATURE (F)   82       102      1984
 MINIMUM TEMPERATURE (F)   43        32      2010
                                             1989


SUNRISE AND SUNSET
MAY 28 2017...........SUNRISE   540 AM PDT   SUNSET   746 PM PDT
MAY 29 2017...........SUNRISE   540 AM PDT   SUNSET   747 PM PDT


-  INDICATES NEGATIVE NUMBERS.
R  INDICATES RECORD WAS SET OR TIED.
MM INDICATES DATA IS MISSING.
T  INDICATES TRACE AMOUNT.




$$
