000
CDUS46 KSGX 240022
CLICZZ


CLIMATE REPORT
NATIONAL WEATHER SERVICE SAN DIEGO, CA
522 PM PDT TUE AUG 23 2016


...................................

...THE CAMPO ASOS CA CLIMATE SUMMARY FOR AUGUST 23 2016...
VALID TODAY AS OF 0500 PM LOCAL TIME.

CLIMATE NORMAL PERIOD 1981 TO 2010
CLIMATE RECORD PERIOD 1948 TO 2016


WEATHER ITEM   OBSERVED TIME   RECORD YEAR NORMAL DEPARTURE LAST
                VALUE   (LST)  VALUE       VALUE  FROM      YEAR
                                                  NORMAL
..................................................................
TEMPERATURE (F)
 TODAY
  MAXIMUM         91    155 PM 105    1956  94     -3       96
  MINIMUM         52    531 AM  35    1989  53     -1       52
  AVERAGE         72                        74     -2       74

PRECIPITATION (IN)
  TODAY            0.00          0.13 1988   0.02  -0.02     0.00
  MONTH TO DATE    0.00                      0.53  -0.53     0.00
  SINCE OCT 1      9.32                     15.22  -5.90    10.11
  SINCE JAN 1      6.37                     11.00  -4.63     6.24

DEGREE DAYS
 HEATING
  TODAY            0                         0      0        0
  MONTH TO DATE    0                         0      0        0
  SINCE JUN 1     27                        63    -36       60
  SINCE JUL 1      0                         7     -7       10

 COOLING
  TODAY            7                         9     -2        9
  MONTH TO DATE  227                       207     20      203
  SINCE JUN 1    748                       549    199      571
  SINCE JAN 1    751                       579    172      588
..................................................................


WIND (MPH)
  RESULTANT WIND SPEED   5   RESULTANT WIND DIRECTION  SW (220)
  HIGHEST WIND SPEED    22   HIGHEST WIND DIRECTION    SW (220)
  HIGHEST GUST SPEED    26   HIGHEST GUST DIRECTION    SW (220)
  AVERAGE WIND SPEED     8.7


SKY COVER
  POSSIBLE SUNSHINE  MM
  AVERAGE SKY COVER 0.0



RELATIVE HUMIDITY (PERCENT)
 HIGHEST    71           300 AM
 LOWEST     15          1000 AM
 AVERAGE    43

..........................................................


THE CAMPO ASOS CA CLIMATE NORMALS FOR TOMORROW
                         NORMAL    RECORD    YEAR
 MAXIMUM TEMPERATURE (F)   94       106      1985
 MINIMUM TEMPERATURE (F)   53        37      1978


SUNRISE AND SUNSET
AUGUST 23 2016........SUNRISE   615 AM PDT   SUNSET   721 PM PDT
AUGUST 24 2016........SUNRISE   616 AM PDT   SUNSET   720 PM PDT


-  INDICATES NEGATIVE NUMBERS.
R  INDICATES RECORD WAS SET OR TIED.
MM INDICATES DATA IS MISSING.
T  INDICATES TRACE AMOUNT.




$$
