000
CDUS46 KSGX 180016
CLICZZ


CLIMATE REPORT
NATIONAL WEATHER SERVICE SAN DIEGO, CA
516 PM PDT THU APR 17 2014


...................................

...THE CAMPO ASOS CA CLIMATE SUMMARY FOR APRIL 17 2014...
VALID TODAY AS OF 0500 PM LOCAL TIME.

CLIMATE NORMAL PERIOD 1981 TO 2010
CLIMATE RECORD PERIOD 1948 TO 2014


WEATHER ITEM   OBSERVED TIME   RECORD YEAR NORMAL DEPARTURE LAST
                VALUE   (LST)  VALUE       VALUE  FROM      YEAR
                                                  NORMAL
..................................................................
TEMPERATURE (F)
 TODAY
  MAXIMUM         81    957 AM  91    1954  73      8       66
  MINIMUM         39    540 AM  24    1976  38      1       31
  AVERAGE         60                        55      5       49

PRECIPITATION (IN)
  TODAY            0.00          0.78 1963   0.03  -0.03     0.00
  MONTH TO DATE    0.28                      0.66  -0.38     0.01
  SINCE JUL 1      6.54                     15.14  -8.60     8.92
  SINCE JAN 1      2.35                      9.56  -7.21     4.45

SNOWFALL (IN)
  TODAY            0.0
  MONTH TO DATE    0.0
  SINCE JAN 1      0.0
  SINCE JUL 1      0.0
  SNOW DEPTH       0

DEGREE DAYS
 HEATING
  TODAY            5                        10     -5       16
  MONTH TO DATE  169                       190    -21      203
  SINCE MAR 1    541                       607    -66      575
  SINCE JUL 1   2411                      2658   -247     2719

 COOLING
  TODAY            0                         0      0        0
  MONTH TO DATE    1                         0      1        0
  SINCE MAR 1      1                         0      1        0
  SINCE JAN 1      1                         0      1        0
..................................................................


WIND (MPH)
  RESULTANT WIND SPEED   3   RESULTANT WIND DIRECTION   S (180)
  HIGHEST WIND SPEED    22   HIGHEST WIND DIRECTION    SW (220)
  HIGHEST GUST SPEED    24   HIGHEST GUST DIRECTION    SW (220)
  AVERAGE WIND SPEED     8.0


SKY COVER
  POSSIBLE SUNSHINE  MM
  AVERAGE SKY COVER 0.0



RELATIVE HUMIDITY (PERCENT)
 HIGHEST    89           100 AM
 LOWEST     18          1000 AM
 AVERAGE    54

..........................................................


THE CAMPO ASOS CA CLIMATE NORMALS FOR TOMORROW
                         NORMAL    RECORD    YEAR
 MAXIMUM TEMPERATURE (F)   73        91      1989
 MINIMUM TEMPERATURE (F)   38        26      2002
                                             1976


SUNRISE AND SUNSET
APRIL 17 2014.........SUNRISE   614 AM PDT   SUNSET   717 PM PDT
APRIL 18 2014.........SUNRISE   613 AM PDT   SUNSET   718 PM PDT


-  INDICATES NEGATIVE NUMBERS.
R  INDICATES RECORD WAS SET OR TIED.
MM INDICATES DATA IS MISSING.
T  INDICATES TRACE AMOUNT.




$$
