721
CDUS46 KSGX 280019
CLICZZ


CLIMATE REPORT
NATIONAL WEATHER SERVICE SAN DIEGO, CA
519 PM PDT TUE SEP 27 2016


...................................

...THE CAMPO ASOS CA CLIMATE SUMMARY FOR SEPTEMBER 27 2016...
VALID TODAY AS OF 0500 PM LOCAL TIME.

CLIMATE NORMAL PERIOD 1981 TO 2010
CLIMATE RECORD PERIOD 1948 TO 2016


WEATHER ITEM   OBSERVED TIME   RECORD YEAR NORMAL DEPARTURE LAST
                VALUE   (LST)  VALUE       VALUE  FROM      YEAR
                                                  NORMAL
..................................................................
TEMPERATURE (F)
 TODAY
  MAXIMUM         81    223 PM  99    1992  86     -5       94
  MINIMUM         64    551 AM  34    1988  46     18       57
  AVERAGE         73                        66      7       76

PRECIPITATION (IN)
  TODAY            0.00          0.31 1984   0.01  -0.01     0.00
  MONTH TO DATE    1.00                      0.30   0.70     0.59
  SINCE OCT 1     10.32                     15.69  -5.37    10.71
  SINCE JAN 1      7.37                     11.47  -4.10     6.84

DEGREE DAYS
 HEATING
  TODAY            0                         2     -2        0
  MONTH TO DATE   37                        31      6        4
  SINCE SEP 1     37                        31      6        4
  SINCE JUL 1     37                        45     -8       14

 COOLING
  TODAY            8                         3      5       11
  MONTH TO DATE   89                       153    -64      200
  SINCE SEP 1     89                       153    -64      200
  SINCE JAN 1    909                       803    106      890
..................................................................


WIND (MPH)
  RESULTANT WIND SPEED  14   RESULTANT WIND DIRECTION  NE (50)
  HIGHEST WIND SPEED    26   HIGHEST WIND DIRECTION    NE (40)
  HIGHEST GUST SPEED    34   HIGHEST GUST DIRECTION    NE (50)
  AVERAGE WIND SPEED    14.5


SKY COVER
  POSSIBLE SUNSHINE  MM
  AVERAGE SKY COVER 0.0



RELATIVE HUMIDITY (PERCENT)
 HIGHEST    52           600 AM
 LOWEST     33           200 PM
 AVERAGE    43

..........................................................


THE CAMPO ASOS CA CLIMATE NORMALS FOR TOMORROW
                         NORMAL    RECORD    YEAR
 MAXIMUM TEMPERATURE (F)   85        99      1994
 MINIMUM TEMPERATURE (F)   46        29      1971


SUNRISE AND SUNSET
SEPTEMBER 27 2016.....SUNRISE   638 AM PDT   SUNSET   635 PM PDT
SEPTEMBER 28 2016.....SUNRISE   638 AM PDT   SUNSET   634 PM PDT


-  INDICATES NEGATIVE NUMBERS.
R  INDICATES RECORD WAS SET OR TIED.
MM INDICATES DATA IS MISSING.
T  INDICATES TRACE AMOUNT.




$$
