000
CDUS46 KSGX 310016
CLICZZ


CLIMATE REPORT
NATIONAL WEATHER SERVICE SAN DIEGO, CA
416 PM PST FRI JAN 30 2015


...................................

...THE CAMPO ASOS CA CLIMATE SUMMARY FOR JANUARY 30 2015...
VALID TODAY AS OF 0400 PM LOCAL TIME.

CLIMATE NORMAL PERIOD 1981 TO 2010
CLIMATE RECORD PERIOD 1948 TO 2015


WEATHER ITEM   OBSERVED TIME   RECORD YEAR NORMAL DEPARTURE LAST
                VALUE   (LST)  VALUE       VALUE  FROM      YEAR
                                                  NORMAL
..................................................................
TEMPERATURE (F)
 TODAY
  MAXIMUM         56   1137 AM  84    1971  63     -7       68
  MINIMUM         48    449 AM  15    1975  35     13       35
  AVERAGE         52                        49      3       52

PRECIPITATION (IN)
  TODAY            0.02          2.29 1980   0.10  -0.08     0.00
  MONTH TO DATE    0.36                      2.88  -2.52     0.00
  SINCE OCT 1      4.23                      7.10  -2.87     2.25
  SINCE JAN 1      0.36                      2.88  -2.52     0.00

SNOWFALL (IN)
  TODAY           MM
  MONTH TO DATE    0.0
  SINCE JAN 1      0.0
  SINCE JUL 1      0.0
  SNOW DEPTH       0

DEGREE DAYS
 HEATING
  TODAY           13                        16     -3       13
  MONTH TO DATE  414                       491    -77      346
  SINCE DEC 1    924                      1027   -103      840
  SINCE JUL 1   1305                      1597   -292     1469

 COOLING
  TODAY            0                         0      0        0
  MONTH TO DATE    0                         0      0        0
  SINCE DEC 1      0                         0      0        2
  SINCE JAN 1      0                         0      0        0
..................................................................


WIND (MPH)
  RESULTANT WIND SPEED   1   RESULTANT WIND DIRECTION  NE (60)
  HIGHEST WIND SPEED    13   HIGHEST WIND DIRECTION    SW (210)
  HIGHEST GUST SPEED    14   HIGHEST GUST DIRECTION     S (200)
  AVERAGE WIND SPEED     4.6


SKY COVER
  POSSIBLE SUNSHINE  MM
  AVERAGE SKY COVER 0.0



RELATIVE HUMIDITY (PERCENT)
 HIGHEST    89           300 PM
 LOWEST     66          1000 AM
 AVERAGE    78

..........................................................


THE CAMPO ASOS CA CLIMATE NORMALS FOR TOMORROW
                         NORMAL    RECORD    YEAR
 MAXIMUM TEMPERATURE (F)   63        79      2003
 MINIMUM TEMPERATURE (F)   35        16      2002


SUNRISE AND SUNSET
JANUARY 30 2015.......SUNRISE   642 AM PST   SUNSET   517 PM PST
JANUARY 31 2015.......SUNRISE   641 AM PST   SUNSET   518 PM PST


-  INDICATES NEGATIVE NUMBERS.
R  INDICATES RECORD WAS SET OR TIED.
MM INDICATES DATA IS MISSING.
T  INDICATES TRACE AMOUNT.




$$
