000
CDUS46 KSGX 050025
CLICZZ


CLIMATE REPORT
NATIONAL WEATHER SERVICE SAN DIEGO, CA
525 PM PDT FRI SEP 4 2015


...................................

...THE CAMPO ASOS CA CLIMATE SUMMARY FOR SEPTEMBER 4 2015...
VALID TODAY AS OF 0500 PM LOCAL TIME.

CLIMATE NORMAL PERIOD 1981 TO 2010
CLIMATE RECORD PERIOD 1948 TO 2015


WEATHER ITEM   OBSERVED TIME   RECORD YEAR NORMAL DEPARTURE LAST
                VALUE   (LST)  VALUE       VALUE  FROM      YEAR
                                                  NORMAL
..................................................................
TEMPERATURE (F)
 TODAY
  MAXIMUM         82    112 PM 105    1955  93    -11       88
  MINIMUM         46    305 AM  39    2004  51     -5       46
                                      2000
  AVERAGE         64                        72     -8       67

PRECIPITATION (IN)
  TODAY            0.00          1.57 1963   0.02  -0.02     0.00
  MONTH TO DATE    0.00                      0.06  -0.06     0.00
  SINCE OCT 1     10.12                     15.45  -5.33     5.63
  SINCE JAN 1      6.25                     11.23  -4.98     3.38

DEGREE DAYS
 HEATING
  TODAY            1                         1      0        0
  MONTH TO DATE    2                         2      0        0
  SINCE SEP 1      2                         2      0        0
  SINCE JUL 1     12                        16     -4        2

 COOLING
  TODAY            0                         8     -8        2
  MONTH TO DATE    2                        32    -30       21
  SINCE SEP 1      2                        32    -30       21
  SINCE JAN 1    692                       682     10      653
..................................................................


WIND (MPH)
  RESULTANT WIND SPEED   2   RESULTANT WIND DIRECTION  SW (230)
  HIGHEST WIND SPEED    18   HIGHEST WIND DIRECTION    SW (220)
  HIGHEST GUST SPEED    22   HIGHEST GUST DIRECTION    SW (220)
  AVERAGE WIND SPEED     6.0


SKY COVER
  POSSIBLE SUNSHINE  MM
  AVERAGE SKY COVER 0.0



RELATIVE HUMIDITY (PERCENT)
 HIGHEST   100           700 AM
 LOWEST     30          1200 PM
 AVERAGE    65

..........................................................


THE CAMPO ASOS CA CLIMATE NORMALS FOR TOMORROW
                         NORMAL    RECORD    YEAR
 MAXIMUM TEMPERATURE (F)   93       104      1955
 MINIMUM TEMPERATURE (F)   51        31      1973


SUNRISE AND SUNSET
SEPTEMBER  4 2015.....SUNRISE   622 AM PDT   SUNSET   707 PM PDT
SEPTEMBER  5 2015.....SUNRISE   623 AM PDT   SUNSET   705 PM PDT


-  INDICATES NEGATIVE NUMBERS.
R  INDICATES RECORD WAS SET OR TIED.
MM INDICATES DATA IS MISSING.
T  INDICATES TRACE AMOUNT.




$$
