000
CDUS46 KSGX 211424
CLICZZ


CLIMATE REPORT
NATIONAL WEATHER SERVICE SAN DIEGO, CA
724 AM PDT TUE OCT 21 2014


...................................

...THE CAMPO ASOS CA CLIMATE SUMMARY FOR OCTOBER 20 2014...

CLIMATE NORMAL PERIOD 1981 TO 2010
CLIMATE RECORD PERIOD 1948 TO 2014


WEATHER ITEM   OBSERVED TIME   RECORD YEAR NORMAL DEPARTURE LAST
                VALUE   (LST)  VALUE       VALUE  FROM      YEAR
                                                  NORMAL
..................................................................
TEMPERATURE (F)
 YESTERDAY
  MAXIMUM         79    212 PM  94    2003  78      1       82
  MINIMUM         45    621 AM  31    1969  41      4       36
  AVERAGE         62                        60      2       59

PRECIPITATION (IN)
  YESTERDAY        0.00          2.64 2004   0.03  -0.03     0.00
  MONTH TO DATE    0.00                      0.48  -0.48     0.76
  SINCE JUL 1      2.03                      1.84   0.19     2.70
  SINCE JAN 1      4.79                     11.99  -7.20     7.48

SNOWFALL (IN)
  YESTERDAY        0.0
  MONTH TO DATE    0.0
  SINCE JAN 1      0.0
  SINCE JUL 1      0.0
  SNOW DEPTH       0

DEGREE DAYS
 HEATING
  YESTERDAY        3                         6     -3        6
  MONTH TO DATE   29                        84    -55      147
  SINCE SEP 1     44                       120    -76      188
  SINCE JUL 1     46                       134    -88      190

 COOLING
  YESTERDAY        0                         1     -1        0
  MONTH TO DATE   31                        27      4        2
  SINCE SEP 1    261                       188     73      192
  SINCE JAN 1    893                       838     55      909
..................................................................


WIND (MPH)
  RESULTANT WIND SPEED   3   RESULTANT WIND DIRECTION  SW (210)
  HIGHEST WIND SPEED    21   HIGHEST WIND DIRECTION    SW (220)
  HIGHEST GUST SPEED    23   HIGHEST GUST DIRECTION    SW (230)
  AVERAGE WIND SPEED     8.0


SKY COVER
  POSSIBLE SUNSHINE  MM
  AVERAGE SKY COVER 0.0



RELATIVE HUMIDITY (PERCENT)
 HIGHEST    96          1100 PM
 LOWEST     38          1000 AM
 AVERAGE    67

..........................................................


THE CAMPO ASOS CA CLIMATE NORMALS FOR TODAY
                         NORMAL    RECORD    YEAR
 MAXIMUM TEMPERATURE (F)   78        95      2003
 MINIMUM TEMPERATURE (F)   41        32      1950


SUNRISE AND SUNSET
OCTOBER 21 2014.......SUNRISE   654 AM PDT   SUNSET   606 PM PDT
OCTOBER 22 2014.......SUNRISE   655 AM PDT   SUNSET   605 PM PDT


-  INDICATES NEGATIVE NUMBERS.
R  INDICATES RECORD WAS SET OR TIED.
MM INDICATES DATA IS MISSING.
T  INDICATES TRACE AMOUNT.




$$
