000
CDUS46 KSGX 291417
CLICZZ


CLIMATE REPORT
NATIONAL WEATHER SERVICE SAN DIEGO, CA
717 AM PDT TUE JUL 29 2014


...................................

...THE CAMPO ASOS CA CLIMATE SUMMARY FOR JULY 28 2014...

CLIMATE NORMAL PERIOD 1981 TO 2010
CLIMATE RECORD PERIOD 1948 TO 2014


WEATHER ITEM   OBSERVED TIME   RECORD YEAR NORMAL DEPARTURE LAST
                VALUE   (LST)  VALUE       VALUE  FROM      YEAR
                                                  NORMAL
..................................................................
TEMPERATURE (F)
 YESTERDAY
  MAXIMUM         94    229 PM 109    1995  95     -1       89
  MINIMUM         61    213 AM  43    1986  54      7       50
  AVERAGE         78                        74      4       70

PRECIPITATION (IN)
  YESTERDAY        0.00          0.33 1984   0.02  -0.02     0.00
  MONTH TO DATE    0.14                      0.27  -0.13     0.24
  SINCE JUL 1      0.14                      0.27  -0.13     0.24
  SINCE JAN 1      2.90                     10.42  -7.52     5.02

SNOWFALL (IN)
  YESTERDAY        0.0
  MONTH TO DATE    0.0
  SINCE JAN 1      0.0
  SINCE JUL 1      0.0
  SNOW DEPTH       0

DEGREE DAYS
 HEATING
  YESTERDAY        0                         0      0        0
  MONTH TO DATE    0                         4     -4        0
  SINCE JUN 1     28                        60    -32       28
  SINCE JUL 1      0                         4     -4        0

 COOLING
  YESTERDAY       13                         9      4        5
  MONTH TO DATE  245                       223     22      299
  SINCE JUN 1    305                       315    -10      406
  SINCE JAN 1    357                       345     12      433
..................................................................


WIND (MPH)
  RESULTANT WIND SPEED   4   RESULTANT WIND DIRECTION  SW (230)
  HIGHEST WIND SPEED    18   HIGHEST WIND DIRECTION    SW (230)
  HIGHEST GUST SPEED    25   HIGHEST GUST DIRECTION    SW (230)
  AVERAGE WIND SPEED     7.3


SKY COVER
  POSSIBLE SUNSHINE  MM
  AVERAGE SKY COVER 0.0



RELATIVE HUMIDITY (PERCENT)
 HIGHEST    78           100 AM
 LOWEST     24           500 PM
 AVERAGE    51

..........................................................


THE CAMPO ASOS CA CLIMATE NORMALS FOR TODAY
                         NORMAL    RECORD    YEAR
 MAXIMUM TEMPERATURE (F)   95       106      1995
 MINIMUM TEMPERATURE (F)   54        44      2002
                                             1950


SUNRISE AND SUNSET
JULY 29 2014..........SUNRISE   558 AM PDT   SUNSET   746 PM PDT
JULY 30 2014..........SUNRISE   559 AM PDT   SUNSET   745 PM PDT


-  INDICATES NEGATIVE NUMBERS.
R  INDICATES RECORD WAS SET OR TIED.
MM INDICATES DATA IS MISSING.
T  INDICATES TRACE AMOUNT.




$$
