000
CDUS43 KUNR 250830
CLID07


CLIMATE REPORT
NATIONAL WEATHER SERVICE RAPID CITY SD
230 AM MDT THU AUG 25 2016


...................................

...THE FAITH SD CLIMATE SUMMARY FOR AUGUST 24 2016...

CLIMATE NORMAL PERIOD 1981 TO 2010
CLIMATE RECORD PERIOD 9999 TO 9999


WEATHER ITEM   OBSERVED TIME   NORMAL DEPARTURE LAST
                VALUE   (LST)  VALUE  FROM      YEAR
                                      NORMAL
......................................................
TEMPERATURE (F)
 YESTERDAY
  MAXIMUM         78    220 PM  84     -6       77
  MINIMUM         52    232 AM  57     -5       47
  AVERAGE         65            70     -5       62

PRECIPITATION (IN)
  YESTERDAY        0.00          0.05  -0.05     0.00
  MONTH TO DATE    1.22          1.28  -0.06     2.51
  SINCE JUN 1      4.76          7.17  -2.41     5.73
  SINCE JAN 1     11.61         13.47  -1.86    12.97

DEGREE DAYS
 HEATING
  YESTERDAY        0             1     -1        3
  MONTH TO DATE   12             8      4       29
  SINCE JUN 1     30           110    -80       63
  SINCE JUL 1     15            20     -5       29

 COOLING
  YESTERDAY        0             6     -6        0
  MONTH TO DATE  191           192     -1      188
  SINCE JUN 1    648           525    123      540
  SINCE JAN 1    650           537    113      542
......................................................


WIND (MPH)
  HIGHEST WIND SPEED    25   HIGHEST WIND DIRECTION    NW (320)
  HIGHEST GUST SPEED    37   HIGHEST GUST DIRECTION    NW (330)
  AVERAGE WIND SPEED    14.1




RELATIVE HUMIDITY (PERCENT)
 HIGHEST    72           500 AM
 LOWEST     33           300 PM
 AVERAGE    53

..........................................................




SUNRISE AND SUNSET
AUGUST 25 2016........SUNRISE   602 AM MDT   SUNSET   737 PM MDT
AUGUST 26 2016........SUNRISE   604 AM MDT   SUNSET   735 PM MDT


-  INDICATES NEGATIVE NUMBERS.
R  INDICATES RECORD WAS SET OR TIED.
MM INDICATES DATA IS MISSING.
T  INDICATES TRACE AMOUNT.




$$
