000
CDUS43 KUNR 250831
CLID07


CLIMATE REPORT
NATIONAL WEATHER SERVICE RAPID CITY SD
131 AM MST THU DEC 25 2014


...................................

...THE FAITH SD CLIMATE SUMMARY FOR DECEMBER 24 2014...

CLIMATE NORMAL PERIOD 1981 TO 2010
CLIMATE RECORD PERIOD 9999 TO 9999


WEATHER ITEM   OBSERVED TIME   NORMAL DEPARTURE LAST
                VALUE   (LST)  VALUE  FROM      YEAR
                                      NORMAL
......................................................
TEMPERATURE (F)
 YESTERDAY
  MAXIMUM         35    759 PM  30      5       35
  MINIMUM         10    616 AM  11     -1        4
  AVERAGE         23            20      3       20

PRECIPITATION (IN)
  YESTERDAY        0.00          0.01  -0.01     0.15
  MONTH TO DATE    0.24          0.29  -0.05     0.72
  SINCE DEC 1      0.24          0.29  -0.05     0.72
  SINCE JAN 1     18.78         17.55   1.23    17.05

DEGREE DAYS
 HEATING
  YESTERDAY       42            45     -3       45
  MONTH TO DATE  844          1048   -204     1269
  SINCE DEC 1    844          1048   -204     1269
  SINCE JUL 1   2720          2831   -111     3019

 COOLING
  YESTERDAY        0             0      0        0
  MONTH TO DATE    0             0      0        0
  SINCE DEC 1      0             0      0        0
  SINCE JAN 1    445           635   -190      720
......................................................


WIND (MPH)
  HIGHEST WIND SPEED    18   HIGHEST WIND DIRECTION     S (190)
  HIGHEST GUST SPEED    20   HIGHEST GUST DIRECTION     S (190)
  AVERAGE WIND SPEED    10.8




RELATIVE HUMIDITY (PERCENT)
 HIGHEST    88           500 AM
 LOWEST     63           200 PM
 AVERAGE    76

..........................................................




SUNRISE AND SUNSET
DECEMBER 25 2014......SUNRISE   725 AM MST   SUNSET   411 PM MST
DECEMBER 26 2014......SUNRISE   725 AM MST   SUNSET   412 PM MST


-  INDICATES NEGATIVE NUMBERS.
R  INDICATES RECORD WAS SET OR TIED.
MM INDICATES DATA IS MISSING.
T  INDICATES TRACE AMOUNT.




$$
