000
CDUS43 KUNR 270832
CLID07


CLIMATE REPORT
NATIONAL WEATHER SERVICE RAPID CITY SD
231 AM MDT WED AUG 27 2014


...................................

...THE FAITH SD CLIMATE SUMMARY FOR AUGUST 26 2014...

CLIMATE NORMAL PERIOD 1981 TO 2010
CLIMATE RECORD PERIOD 9999 TO 9999


WEATHER ITEM   OBSERVED TIME   NORMAL DEPARTURE LAST
                VALUE   (LST)  VALUE  FROM      YEAR
                                      NORMAL
......................................................
TEMPERATURE (F)
 YESTERDAY
  MAXIMUM         72    305 PM  84    -12       97
  MINIMUM         47    341 AM  56     -9       69
  AVERAGE         60            70    -10       83

PRECIPITATION (IN)
  YESTERDAY        0.00          0.04  -0.04     0.00
  MONTH TO DATE    5.45          1.36   4.09     1.90
  SINCE JUN 1     11.81          7.25   4.56     4.73
  SINCE JAN 1     16.39         13.55   2.84    12.37

DEGREE DAYS
 HEATING
  YESTERDAY        5             1      4        0
  MONTH TO DATE   16            10      6        2
  SINCE JUN 1    138           112     26       88
  SINCE JUL 1     33            22     11       15

 COOLING
  YESTERDAY        0             6     -6       18
  MONTH TO DATE  164           204    -40      167
  SINCE JUN 1    362           537   -175      512
  SINCE JAN 1    392           549   -157      525
......................................................


WIND (MPH)
  HIGHEST WIND SPEED    18   HIGHEST WIND DIRECTION    SE (140)
  HIGHEST GUST SPEED    24   HIGHEST GUST DIRECTION    SE (130)
  AVERAGE WIND SPEED     9.5




RELATIVE HUMIDITY (PERCENT)
 HIGHEST    93           300 AM
 LOWEST     59           100 PM
 AVERAGE    76

..........................................................




SUNRISE AND SUNSET
AUGUST 27 2014........SUNRISE   604 AM MDT   SUNSET   734 PM MDT
AUGUST 28 2014........SUNRISE   605 AM MDT   SUNSET   732 PM MDT


-  INDICATES NEGATIVE NUMBERS.
R  INDICATES RECORD WAS SET OR TIED.
MM INDICATES DATA IS MISSING.
T  INDICATES TRACE AMOUNT.




$$
