000
CDUS43 KUNR 190835
CLID07


CLIMATE REPORT
NATIONAL WEATHER SERVICE RAPID CITY SD
134 AM MST MON FEB 19 2018


...................................

...THE FAITH SD CLIMATE SUMMARY FOR FEBRUARY 18 2018...

CLIMATE NORMAL PERIOD 1981 TO 2010
CLIMATE RECORD PERIOD 9999 TO 9999


WEATHER ITEM   OBSERVED TIME   NORMAL DEPARTURE LAST
                VALUE   (LST)  VALUE  FROM      YEAR
                                      NORMAL
......................................................
TEMPERATURE (F)
 YESTERDAY
  MAXIMUM         21    144 AM  34    -13       62
  MINIMUM          4   1159 PM  15    -11       32
  AVERAGE         13            24    -11       47

PRECIPITATION (IN)
  YESTERDAY        0.02          0.02   0.00     0.00
  MONTH TO DATE    0.81          0.31   0.50     0.08
  SINCE DEC 1      1.57          0.91   0.66     1.07
  SINCE JAN 1      0.96          0.51   0.45     0.63

DEGREE DAYS
 HEATING
  YESTERDAY       52            41     11       18
  MONTH TO DATE 1028           768    260      741
  SINCE DEC 1   3770          3514    256     3798
  SINCE JUL 1   5393          5297     96     5049

 COOLING
  YESTERDAY        0             0      0        0
  MONTH TO DATE    0             0      0        0
  SINCE DEC 1      0             0      0        0
  SINCE JAN 1      0             0      0        0
......................................................


WIND (MPH)
  HIGHEST WIND SPEED    32   HIGHEST WIND DIRECTION     N (360)
  HIGHEST GUST SPEED    36   HIGHEST GUST DIRECTION     N (10)
  AVERAGE WIND SPEED    19.5




RELATIVE HUMIDITY (PERCENT)
 HIGHEST   100           200 AM
 LOWEST     83           400 PM
 AVERAGE    92

..........................................................




SUNRISE AND SUNSET
FEBRUARY 19 2018......SUNRISE   643 AM MST   SUNSET   522 PM MST
FEBRUARY 20 2018......SUNRISE   641 AM MST   SUNSET   523 PM MST


-  INDICATES NEGATIVE NUMBERS.
R  INDICATES RECORD WAS SET OR TIED.
MM INDICATES DATA IS MISSING.
T  INDICATES TRACE AMOUNT.




$$
