000
CDUS42 KMLB 210629
CLIDAB


CLIMATE REPORT
NATIONAL WEATHER SERVICE MELBOURNE FL
227 AM EDT THU SEP 21 2017


...................................

...THE DAYTONA BEACH CLIMATE SUMMARY FOR SEPTEMBER 20 2017...

CLIMATE NORMAL PERIOD 1981 TO 2010
CLIMATE RECORD PERIOD 1923 TO 2017


WEATHER ITEM   OBSERVED TIME   RECORD YEAR NORMAL DEPARTURE LAST
                VALUE   (LST)  VALUE       VALUE  FROM      YEAR
                                                  NORMAL
..................................................................
TEMPERATURE (F)
 YESTERDAY
  MAXIMUM         87    209 PM  92    1991  87      0       89
                                      1987
                                      1954
  MINIMUM         72    643 AM  66    1956  72      0       74
                                      1936
  AVERAGE         80                        79      1       82

PRECIPITATION (IN)
  YESTERDAY        0.00          2.25 1962   0.23  -0.23      T
  MONTH TO DATE    9.06                      4.83   4.23     5.60
  SINCE SEP 1      9.06                      4.83   4.23     5.60
  SINCE JAN 1     38.73                     37.96   0.77    33.23

SNOWFALL (IN)
  YESTERDAY        0.0
  MONTH TO DATE    0.0
  SINCE JUL 1      0.0

DEGREE DAYS
 HEATING
  YESTERDAY        0                         0      0        0
  MONTH TO DATE    0                         0      0        0
  SINCE SEP 1      0                         0      0        0
  SINCE JUL 1      0                         0      0        0

 COOLING
  YESTERDAY       15                        14      1       17
  MONTH TO DATE  322                       302     20      323
  SINCE SEP 1    322                       302     20      323
  SINCE JAN 1   2749                      2376    373     2788
..................................................................


WIND (MPH)
  HIGHEST WIND SPEED    13   HIGHEST WIND DIRECTION     E (70)
  HIGHEST GUST SPEED    17   HIGHEST GUST DIRECTION     E (70)
  AVERAGE WIND SPEED     4.2


SKY COVER
  AVERAGE SKY COVER 0.2


WEATHER CONDITIONS
 THE FOLLOWING WEATHER WAS RECORDED YESTERDAY.
  FOG


RELATIVE HUMIDITY (PERCENT)
 HIGHEST   100           200 AM
 LOWEST     55          1200 PM
 AVERAGE    78

..........................................................


THE DAYTONA BEACH CLIMATE NORMALS FOR TODAY
                         NORMAL    RECORD    YEAR
 MAXIMUM TEMPERATURE (F)   86        94      1954
 MINIMUM TEMPERATURE (F)   72        57      1938


SUNRISE AND SUNSET
SEPTEMBER 21 2017.....SUNRISE   712 AM EDT   SUNSET   722 PM EDT
SEPTEMBER 22 2017.....SUNRISE   713 AM EDT   SUNSET   720 PM EDT


-  INDICATES NEGATIVE NUMBERS.
R  INDICATES RECORD WAS SET OR TIED.
MM INDICATES DATA IS MISSING.
T  INDICATES TRACE AMOUNT.




$$
