418
CDUS42 KMLB 010631
CLIDAB


CLIMATE REPORT
NATIONAL WEATHER SERVICE MELBOURNE FL
229 AM EDT SUN MAY 1 2016


...................................

...THE DAYTONA BEACH CLIMATE SUMMARY FOR APRIL 30 2016...

CLIMATE NORMAL PERIOD 1981 TO 2010
CLIMATE RECORD PERIOD 1923 TO 2016


WEATHER ITEM   OBSERVED TIME   RECORD YEAR NORMAL DEPARTURE LAST
                VALUE   (LST)  VALUE       VALUE  FROM      YEAR
                                                  NORMAL
..................................................................
TEMPERATURE (F)
 YESTERDAY
  MAXIMUM         86   1144 AM  92    1953  82      4       77
  MINIMUM         69    148 AM  45    1940  61      8       63
  AVERAGE         78                        72      6       70

PRECIPITATION (IN)
  YESTERDAY        0.00          1.78 1989   0.05  -0.05     0.00
  MONTH TO DATE    2.16                      2.18  -0.02     5.43
  SINCE MAR 1      3.59                      6.42  -2.83     6.29
  SINCE JAN 1     14.30                     11.94   2.36    11.72

SNOWFALL (IN)
  YESTERDAY        0.0
  MONTH TO DATE    0.0
  SINCE JUL 1      0.0

DEGREE DAYS
 HEATING
  YESTERDAY        0                         0      0        0
  MONTH TO DATE    5                        27    -22        0
  SINCE MAR 1     43                       125    -82       35
  SINCE JUL 1    508                       807   -299      682

 COOLING
  YESTERDAY       13                         7      6        5
  MONTH TO DATE  204                       145     59      315
  SINCE MAR 1    384                       222    162      505
  SINCE JAN 1    434                       287    147      545
..................................................................


WIND (MPH)
  HIGHEST WIND SPEED    16   HIGHEST WIND DIRECTION     E (80)
  HIGHEST GUST SPEED    23   HIGHEST GUST DIRECTION     E (100)
  AVERAGE WIND SPEED     5.8


SKY COVER
  AVERAGE SKY COVER 0.6


WEATHER CONDITIONS
 THE FOLLOWING WEATHER WAS RECORDED YESTERDAY.
  FOG


RELATIVE HUMIDITY (PERCENT)
 HIGHEST    93          1200 AM
 LOWEST     55          1000 AM
 AVERAGE    74

..........................................................


THE DAYTONA BEACH CLIMATE NORMALS FOR TODAY
                         NORMAL    RECORD    YEAR
 MAXIMUM TEMPERATURE (F)   82        94      2002
 MINIMUM TEMPERATURE (F)   62        49      1965


SUNRISE AND SUNSET
MAY  1 2016...........SUNRISE   642 AM EDT   SUNSET   801 PM EDT
MAY  2 2016...........SUNRISE   641 AM EDT   SUNSET   801 PM EDT


-  INDICATES NEGATIVE NUMBERS.
R  INDICATES RECORD WAS SET OR TIED.
MM INDICATES DATA IS MISSING.
T  INDICATES TRACE AMOUNT.




$$
