000
CDUS42 KMLB 040631
CLIDAB


CLIMATE REPORT
NATIONAL WEATHER SERVICE MELBOURNE FL
229 AM EDT FRI SEP 4 2015


...................................

...THE DAYTONA BEACH CLIMATE SUMMARY FOR SEPTEMBER 3 2015...

CLIMATE NORMAL PERIOD 1981 TO 2010
CLIMATE RECORD PERIOD 1923 TO 2015


WEATHER ITEM   OBSERVED TIME   RECORD YEAR NORMAL DEPARTURE LAST
                VALUE   (LST)  VALUE       VALUE  FROM      YEAR
                                                  NORMAL
..................................................................
TEMPERATURE (F)
 YESTERDAY
  MAXIMUM         92    244 PM  95    1951  88      4       90
  MINIMUM         74    423 AM  64    1972  73      1       73
  AVERAGE         83                        81      2       82

PRECIPITATION (IN)
  YESTERDAY        0.00          2.64 1979   0.25  -0.25     0.00
  MONTH TO DATE    1.77                      0.73   1.04     0.00
  SINCE SEP 1      1.77                      0.73   1.04     0.00
  SINCE JAN 1     33.06                     33.86  -0.80    33.17

SNOWFALL (IN)
  YESTERDAY        0.0
  MONTH TO DATE    0.0
  SINCE JUL 1      0.0

DEGREE DAYS
 HEATING
  YESTERDAY        0                         0      0        0
  MONTH TO DATE    0                         0      0        0
  SINCE SEP 1      0                         0      0        0
  SINCE JUL 1      0                         0      0        0

 COOLING
  YESTERDAY       18                        16      2       17
  MONTH TO DATE   54                        48      6       53
  SINCE SEP 1     54                        48      6       53
  SINCE JAN 1   2548                      2122    426     2245
..................................................................


WIND (MPH)
  HIGHEST WIND SPEED    13   HIGHEST WIND DIRECTION     W (280)
  HIGHEST GUST SPEED    17   HIGHEST GUST DIRECTION     W (290)
  AVERAGE WIND SPEED     4.4


SKY COVER
  AVERAGE SKY COVER 0.6


WEATHER CONDITIONS
 THE FOLLOWING WEATHER WAS RECORDED YESTERDAY.
  NO SIGNIFICANT WEATHER WAS OBSERVED.


RELATIVE HUMIDITY (PERCENT)
 HIGHEST   100           700 AM
 LOWEST     56           100 PM
 AVERAGE    78

..........................................................


THE DAYTONA BEACH CLIMATE NORMALS FOR TODAY
                         NORMAL    RECORD    YEAR
 MAXIMUM TEMPERATURE (F)   88        97      1944
 MINIMUM TEMPERATURE (F)   73        66      1972


SUNRISE AND SUNSET
SEPTEMBER  4 2015.....SUNRISE   703 AM EDT   SUNSET   743 PM EDT
SEPTEMBER  5 2015.....SUNRISE   704 AM EDT   SUNSET   742 PM EDT


-  INDICATES NEGATIVE NUMBERS.
R  INDICATES RECORD WAS SET OR TIED.
MM INDICATES DATA IS MISSING.
T  INDICATES TRACE AMOUNT.




$$
