000
CDUS42 KMLB 222123
CLIDAB


CLIMATE REPORT
NATIONAL WEATHER SERVICE MELBOURNE FL
422 PM EST SAT NOV 22 2014


...................................

...THE DAYTONA BEACH CLIMATE SUMMARY FOR NOVEMBER 22 2014...
VALID TODAY AS OF 0400 PM LOCAL TIME.

CLIMATE NORMAL PERIOD 1981 TO 2010
CLIMATE RECORD PERIOD 1923 TO 2014


WEATHER ITEM   OBSERVED TIME   RECORD YEAR NORMAL DEPARTURE LAST
                VALUE   (LST)  VALUE       VALUE  FROM      YEAR
                                                  NORMAL
..................................................................
TEMPERATURE (F)
 TODAY
  MAXIMUM         73    202 PM  87    1948  75     -2       81
  MINIMUM         69    322 PM  33    1981  56     13       70
                                      1937
  AVERAGE         71                        65      6       76

PRECIPITATION (IN)
  TODAY            0.05          2.80 1988   0.08  -0.03      T
  MONTH TO DATE    2.37                      2.02   0.35     2.60
  SINCE SEP 1     21.10                     13.19   7.91    10.63
  SINCE JAN 1     54.27                     46.32   7.95    45.85

SNOWFALL (IN)
  TODAY            0.0
  MONTH TO DATE    0.0
  SINCE JUL 1      0.0

DEGREE DAYS
 HEATING
  TODAY            0                         3     -3        0
  MONTH TO DATE   93                        39     54        2
  SINCE SEP 1     93                        47     46        3
  SINCE JUL 1     93                        47     46        3

 COOLING
  TODAY            6                         3      3       11
  MONTH TO DATE   39                        94    -55      155
  SINCE SEP 1    755                       816    -61      919
  SINCE JAN 1   2947                      2890     57     3115
..................................................................


WIND (MPH)
  HIGHEST WIND SPEED    18   HIGHEST WIND DIRECTION     E (90)
  HIGHEST GUST SPEED    28   HIGHEST GUST DIRECTION     E (80)
  AVERAGE WIND SPEED    10.7


SKY COVER
  AVERAGE SKY COVER 0.9


WEATHER CONDITIONS
 THE FOLLOWING WEATHER WAS RECORDED TODAY.
  RAIN
  LIGHT RAIN
  FOG
  HAZE


RELATIVE HUMIDITY (PERCENT)
 HIGHEST    73           800 AM
 LOWEST     66          1200 AM
 AVERAGE    70

..........................................................


THE DAYTONA BEACH CLIMATE NORMALS FOR TOMORROW
                         NORMAL    RECORD    YEAR
 MAXIMUM TEMPERATURE (F)   75        86      1957
                                             1948
                                             1947
 MINIMUM TEMPERATURE (F)   56        34      2000
                                             1981


SUNRISE AND SUNSET
NOVEMBER 22 2014......SUNRISE   653 AM EST   SUNSET   527 PM EST
NOVEMBER 23 2014......SUNRISE   654 AM EST   SUNSET   527 PM EST


-  INDICATES NEGATIVE NUMBERS.
R  INDICATES RECORD WAS SET OR TIED.
MM INDICATES DATA IS MISSING.
T  INDICATES TRACE AMOUNT.

&&

DAYTONA BEACH SURF TEMPERATURE 63 DEGREES.

$$
