000
CDUS41 KRNK 232113
CLIDAN


CLIMATE REPORT
NATIONAL WEATHER SERVICE BLACKSBURG VA
513 PM EDT WED AUG 23 2017


...................................

...THE DANVILLE VA CLIMATE SUMMARY FOR AUGUST 23 2017...
VALID TODAY AS OF 0500 PM LOCAL TIME.

CLIMATE NORMAL PERIOD 1981 TO 2010
CLIMATE RECORD PERIOD 1948 TO 2017


WEATHER ITEM   OBSERVED TIME   RECORD YEAR NORMAL DEPARTURE LAST
                VALUE   (LST)  VALUE       VALUE  FROM      YEAR
                                                  NORMAL
..................................................................
TEMPERATURE (F)
 TODAY
  MAXIMUM         89    315 PM 105    1983  86      3       85
  MINIMUM         70    615 AM  54    2011  67      3       59
                                      1956
  AVERAGE         80                        76      4       72

PRECIPITATION (IN)
  TODAY            0.00          1.56 1971   0.15  -0.15     0.00
  MONTH TO DATE    3.28                      2.86   0.42     4.55
  SINCE JUN 1     12.31                     11.30   1.01    16.32
  SINCE JAN 1     33.31                     29.18   4.13    35.87

SNOWFALL (IN)
  TODAY            0.0                                       0.0
  MONTH TO DATE    0.0                                       0.0
  SINCE JUN 1      0.0                                       0.0
  SINCE JUL 1      0.0                                       0.0
  SNOW DEPTH       0

DEGREE DAYS
 HEATING
  TODAY            0                         0      0        0
  MONTH TO DATE    0                         0      0        0
  SINCE JUN 1      3                         3      0        0
  SINCE JUL 1      0                         0      0        0

 COOLING
  TODAY           15                        12      3        7
  MONTH TO DATE  273                       290    -17      330
  SINCE JUN 1    931                       999    -68     1058
  SINCE JAN 1   1127                      1143    -16     1197
..................................................................


WIND (MPH)
  HIGHEST WIND SPEED    14   HIGHEST WIND DIRECTION    NW (330)
  HIGHEST GUST SPEED    17   HIGHEST GUST DIRECTION     N (350)
  AVERAGE WIND SPEED     5.4


SKY COVER
  AVERAGE SKY COVER 0.1


WEATHER CONDITIONS
 THE FOLLOWING WEATHER WAS RECORDED TODAY.
  THUNDERSTORM
  FOG


RELATIVE HUMIDITY (PERCENT)
 HIGHEST   100           100 AM
 LOWEST     55           100 PM
 AVERAGE    78

..........................................................


THE DANVILLE VA CLIMATE NORMALS FOR TOMORROW
                         NORMAL    RECORD    YEAR
 MAXIMUM TEMPERATURE (F)   86        98      1983
 MINIMUM TEMPERATURE (F)   67        53      1952


SUNRISE AND SUNSET
AUGUST 23 2017........SUNRISE   642 AM EDT   SUNSET   758 PM EDT
AUGUST 24 2017........SUNRISE   642 AM EDT   SUNSET   756 PM EDT


-  INDICATES NEGATIVE NUMBERS.
R  INDICATES RECORD WAS SET OR TIED.
MM INDICATES DATA IS MISSING.
T  INDICATES TRACE AMOUNT.




$$
