153
CDUS41 KRNK 302125
CLIDAN


CLIMATE REPORT
NATIONAL WEATHER SERVICE BLACKSBURG VA
522 PM EDT SUN APR 30 2017


...................................

...THE DANVILLE VA CLIMATE SUMMARY FOR APRIL 30 2017...
VALID TODAY AS OF 0500 PM LOCAL TIME.

CLIMATE NORMAL PERIOD 1981 TO 2010
CLIMATE RECORD PERIOD 1948 TO 2017


WEATHER ITEM   OBSERVED TIME   RECORD YEAR NORMAL DEPARTURE LAST
                VALUE   (LST)  VALUE       VALUE  FROM      YEAR
                                                  NORMAL
..................................................................
TEMPERATURE (F)
 TODAY
  MAXIMUM         84    210 PM  92    1974  74     10       60
  MINIMUM         65    329 AM  30    1961  51     14       56
  AVERAGE         75                        62     13       58

PRECIPITATION (IN)
  TODAY            0.00          2.29 2014   0.10  -0.10     0.18
  MONTH TO DATE    7.54                      3.46   4.08     2.80
  SINCE MAR 1     10.19                      7.57   2.62     5.13
  SINCE JAN 1     14.96                     14.00   0.96    11.98

SNOWFALL (IN)
  TODAY            0.0                                       0.0
  MONTH TO DATE    0.0                                       0.0
  SINCE MAR 1      T                                         0.0
  SINCE JUL 1      8.8                                      11.1
  SNOW DEPTH       0

DEGREE DAYS
 HEATING
  TODAY            0                         4     -4        7
  MONTH TO DATE  136                       231    -95      227
  SINCE MAR 1    614                       742   -128      520
  SINCE JUL 1   3070                      3743   -673     2982

 COOLING
  TODAY           10                         2      8        0
  MONTH TO DATE   75                        31     44       26
  SINCE MAR 1     78                        34     44       47
  SINCE JAN 1     83                        34     49       47
..................................................................


WIND (MPH)
  HIGHEST WIND SPEED    15   HIGHEST WIND DIRECTION    SW (220)
  HIGHEST GUST SPEED    38   HIGHEST GUST DIRECTION    SW (230)
  AVERAGE WIND SPEED     5.8


SKY COVER
  AVERAGE SKY COVER 0.3


WEATHER CONDITIONS
 THE FOLLOWING WEATHER WAS RECORDED TODAY.
  NO SIGNIFICANT WEATHER WAS OBSERVED.


RELATIVE HUMIDITY (PERCENT)
 HIGHEST   100          1200 AM
 LOWEST     55           200 PM
 AVERAGE    78

..........................................................


THE DANVILLE VA CLIMATE NORMALS FOR TOMORROW
                         NORMAL    RECORD    YEAR
 MAXIMUM TEMPERATURE (F)   74        91      1962
 MINIMUM TEMPERATURE (F)   51        37      2006
                                             1996


SUNRISE AND SUNSET
APRIL 30 2017.........SUNRISE   625 AM EDT   SUNSET   805 PM EDT
MAY  1 2017...........SUNRISE   624 AM EDT   SUNSET   806 PM EDT


-  INDICATES NEGATIVE NUMBERS.
R  INDICATES RECORD WAS SET OR TIED.
MM INDICATES DATA IS MISSING.
T  INDICATES TRACE AMOUNT.




$$
