000
CDUS41 KRNK 182142
CLIDAN


CLIMATE REPORT
NATIONAL WEATHER SERVICE BLACKSBURG VA
440 PM EST THU DEC 18 2014


...................................

...THE DANVILLE VA CLIMATE SUMMARY FOR DECEMBER 18 2014...
VALID TODAY AS OF 0400 PM LOCAL TIME.

CLIMATE NORMAL PERIOD 1981 TO 2010
CLIMATE RECORD PERIOD 1948 TO 2014


WEATHER ITEM   OBSERVED TIME   RECORD YEAR NORMAL DEPARTURE LAST
                VALUE   (LST)  VALUE       VALUE  FROM      YEAR
                                                  NORMAL
..................................................................
TEMPERATURE (F)
 TODAY
  MAXIMUM         46    204 PM  73    2006  49     -3       48
  MINIMUM         30    700 AM  11    1953  30      0       28
  AVERAGE         38                        39     -1

PRECIPITATION (IN)
  TODAY            0.00          0.84 2001   0.12  -0.12     0.00
  MONTH TO DATE    0.53                      2.00  -1.47     1.05
  SINCE DEC 1      0.53                      2.00  -1.47     1.05
  SINCE JAN 1     41.01                     43.14  -2.13    47.60

SNOWFALL (IN)
  TODAY            0.0
  MONTH TO DATE    0.0
  SINCE DEC 1      0.0
  SINCE JUL 1      0.0
  SNOW DEPTH       0

DEGREE DAYS
 HEATING
  TODAY           27                        26      1
  MONTH TO DATE  369                       427    -58
  SINCE DEC 1    369                       427    -58
  SINCE JUL 1   1129                      1136     -7

 COOLING
  TODAY            0                         0      0
  MONTH TO DATE    0                         0      0
  SINCE DEC 1      0                         0      0
  SINCE JAN 1   1419                      1439    -20
..................................................................


WIND (MPH)
  HIGHEST WIND SPEED    14   HIGHEST WIND DIRECTION    NW (330)
  HIGHEST GUST SPEED    18   HIGHEST GUST DIRECTION    NW (320)
  AVERAGE WIND SPEED     5.6


SKY COVER
  POSSIBLE SUNSHINE  MM
  AVERAGE SKY COVER 0.3


WEATHER CONDITIONS
 THE FOLLOWING WEATHER WAS RECORDED TODAY.
  NO SIGNIFICANT WEATHER WAS OBSERVED.


RELATIVE HUMIDITY (PERCENT)
 HIGHEST    72           800 AM
 LOWEST     40          1200 PM
 AVERAGE    56

..........................................................


THE DANVILLE VA CLIMATE NORMALS FOR TOMORROW
                         NORMAL    RECORD    YEAR
 MAXIMUM TEMPERATURE (F)   49        76      1984
 MINIMUM TEMPERATURE (F)   30        11      1950


SUNRISE AND SUNSET
DECEMBER 18 2014......SUNRISE   724 AM EST   SUNSET   504 PM EST
DECEMBER 19 2014......SUNRISE   725 AM EST   SUNSET   504 PM EST


-  INDICATES NEGATIVE NUMBERS.
R  INDICATES RECORD WAS SET OR TIED.
MM INDICATES DATA IS MISSING.
T  INDICATES TRACE AMOUNT.




$$
