000
CDUS41 KRNK 180548
CLIDAN


CLIMATE REPORT
NATIONAL WEATHER SERVICE BLACKSBURG VA
140 AM EDT WED OCT 18 2017


...................................

...THE DANVILLE VA CLIMATE SUMMARY FOR OCTOBER 17 2017...

CLIMATE NORMAL PERIOD 1981 TO 2010
CLIMATE RECORD PERIOD 1948 TO 2017


WEATHER ITEM   OBSERVED TIME   RECORD YEAR NORMAL DEPARTURE LAST
                VALUE   (LST)  VALUE       VALUE  FROM      YEAR
                                                  NORMAL
..................................................................
TEMPERATURE (F)
 YESTERDAY
  MAXIMUM         63    357 PM  88    1989  70     -7       82
  MINIMUM         39   1159 PM  34    1955  49    -10       54
  AVERAGE         51                        59     -8       68

PRECIPITATION (IN)
  YESTERDAY        0.00          1.19 1975   0.12  -0.12     0.00
  MONTH TO DATE    1.43                      1.95  -0.52     5.01
  SINCE SEP 1      4.03                      5.91  -1.88     7.92
  SINCE JAN 1     38.13                     36.20   1.93    44.18

SNOWFALL (IN)
  YESTERDAY        0.0                                       0.0
  MONTH TO DATE    0.0                                       0.0
  SINCE SEP 1      0.0                                       0.0
  SINCE JUL 1      0.0                                       0.0
  SNOW DEPTH       0

DEGREE DAYS
 HEATING
  YESTERDAY       14                         7      7        0
  MONTH TO DATE   39                        82    -43       51
  SINCE SEP 1     71                       110    -39       51
  SINCE JUL 1     71                       110    -39       51

 COOLING
  YESTERDAY        0                         1     -1        3
  MONTH TO DATE   64                        24     40       17
  SINCE SEP 1    227                       200     27      321
  SINCE JAN 1   1401                      1427    -26     1626
..................................................................


WIND (MPH)
  HIGHEST WIND SPEED    14   HIGHEST WIND DIRECTION    NE (30)
  HIGHEST GUST SPEED    18   HIGHEST GUST DIRECTION    NE (40)
  AVERAGE WIND SPEED     4.1


SKY COVER
  AVERAGE SKY COVER 0.0


WEATHER CONDITIONS
 THE FOLLOWING WEATHER WAS RECORDED YESTERDAY.
  NO SIGNIFICANT WEATHER WAS OBSERVED.


RELATIVE HUMIDITY (PERCENT)
 HIGHEST   100           600 AM
 LOWEST     36           400 PM
 AVERAGE    68

..........................................................


THE DANVILLE VA CLIMATE NORMALS FOR TODAY
                         NORMAL    RECORD    YEAR
 MAXIMUM TEMPERATURE (F)   69        86      2007
 MINIMUM TEMPERATURE (F)   48        31      2015
                                             1982


SUNRISE AND SUNSET
OCTOBER 18 2017.......SUNRISE   728 AM EDT   SUNSET   637 PM EDT
OCTOBER 19 2017.......SUNRISE   728 AM EDT   SUNSET   635 PM EDT


-  INDICATES NEGATIVE NUMBERS.
R  INDICATES RECORD WAS SET OR TIED.
MM INDICATES DATA IS MISSING.
T  INDICATES TRACE AMOUNT.

REMARKS:
DUE TO MISSING RAINFALL ON AUGUST 21-24...ALL PRECIPITATION DATA
WILL BE CALCULATED WITHOUT DATA FROM THESE DATES.


$$
