000
CDUS41 KRNK 172216
CLIDAN


CLIMATE REPORT
NATIONAL WEATHER SERVICE BLACKSBURG VA
515 PM EST SAT FEB 17 2018


...................................

...THE DANVILLE VA CLIMATE SUMMARY FOR FEBRUARY 17 2018...
VALID TODAY AS OF 0500 PM LOCAL TIME.

CLIMATE NORMAL PERIOD 1981 TO 2010
CLIMATE RECORD PERIOD 1948 TO 2018


WEATHER ITEM   OBSERVED TIME   RECORD YEAR NORMAL DEPARTURE LAST
                VALUE   (LST)  VALUE       VALUE  FROM      YEAR
                                                  NORMAL
..................................................................
TEMPERATURE (F)
 TODAY
  MAXIMUM         48   1226 AM  76    1976  51     -3       67
  MINIMUM         38    401 PM   5    1958  32      6       32
  AVERAGE         43                        41      2       50

PRECIPITATION (IN)
  TODAY            0.05          1.56 1998   0.12  -0.07     0.00
  MONTH TO DATE    2.05                      1.90   0.15     0.69
  SINCE DEC 1      5.62                      8.59  -2.97     6.19
  SINCE JAN 1      4.88                      5.32  -0.44     4.57

SNOWFALL (IN)
  TODAY            0.0                                       0.0
  MONTH TO DATE    T                                          T
  SINCE DEC 1     13.7                                       8.8
  SINCE JUL 1     13.7                                       8.8
  SNOW DEPTH       0

DEGREE DAYS
 HEATING
  TODAY           22                        24     -2       15
  MONTH TO DATE  365                       428    -63      318
  SINCE DEC 1   1826                      2047   -221     1758
  SINCE JUL 1   2548                      2756   -208     2328

 COOLING
  TODAY            0                         0      0        0
  MONTH TO DATE    0                         0      0        5
  SINCE DEC 1      0                         0      0        5
  SINCE JAN 1      0                         0      0        5
..................................................................


WIND (MPH)
  HIGHEST WIND SPEED    10   HIGHEST WIND DIRECTION    NE (50)
  HIGHEST GUST SPEED    17   HIGHEST GUST DIRECTION     E (80)
  AVERAGE WIND SPEED     6.8


SKY COVER
  AVERAGE SKY COVER 0.6


WEATHER CONDITIONS
 THE FOLLOWING WEATHER WAS RECORDED TODAY.
  LIGHT RAIN
  FOG


RELATIVE HUMIDITY (PERCENT)
 HIGHEST   100           400 PM
 LOWEST     65          1000 AM
 AVERAGE    83

..........................................................


THE DANVILLE VA CLIMATE NORMALS FOR TOMORROW
                         NORMAL    RECORD    YEAR
 MAXIMUM TEMPERATURE (F)   51        77      2011
                                             1976
 MINIMUM TEMPERATURE (F)   32         3      1958


SUNRISE AND SUNSET
FEBRUARY 17 2018......SUNRISE   703 AM EST   SUNSET   600 PM EST
FEBRUARY 18 2018......SUNRISE   702 AM EST   SUNSET   601 PM EST


-  INDICATES NEGATIVE NUMBERS.
R  INDICATES RECORD WAS SET OR TIED.
MM INDICATES DATA IS MISSING.
T  INDICATES TRACE AMOUNT.

REMARKS:
DUE TO MISSING DATA FROM JANUARY 4-9 AND 21-22...ALL INFORMATION
WILL BE CALCULATED WITHOUT DATA FROM THESE DATES.


$$
