000
CDUS41 KRNK 020642
CLIDAN


CLIMATE REPORT
NATIONAL WEATHER SERVICE BLACKSBURG VA
240 AM EDT MON MAY 2 2016


...................................

...THE DANVILLE VA CLIMATE SUMMARY FOR MAY 1 2016...

CLIMATE NORMAL PERIOD 1981 TO 2010
CLIMATE RECORD PERIOD 1948 TO 2016


WEATHER ITEM   OBSERVED TIME   RECORD YEAR NORMAL DEPARTURE LAST
                VALUE   (LST)  VALUE       VALUE  FROM      YEAR
                                                  NORMAL
..................................................................
TEMPERATURE (F)
 YESTERDAY
  MAXIMUM         75    530 PM  91    1962  74      1       66
  MINIMUM         56    441 AM  37    2006  51      5       51
                                      1996
  AVERAGE         66                        62      4       59

PRECIPITATION (IN)
  YESTERDAY        0.61          0.69 1953   0.09   0.52     0.39
  MONTH TO DATE    0.61                      0.09   0.52     0.39
  SINCE MAR 1      5.74                      7.66  -1.92     5.36
  SINCE JAN 1     12.59                     14.09  -1.50     9.15

SNOWFALL (IN)
  YESTERDAY        0.0                                       0.0
  MONTH TO DATE    0.0                                       0.0
  SINCE MAR 1      0.0                                        T
  SINCE JUL 1     11.1                                       9.8
  SNOW DEPTH       0

DEGREE DAYS
 HEATING
  YESTERDAY        0                         4     -4        6
  MONTH TO DATE    0                         4     -4        6
  SINCE MAR 1    520                       746   -226      662
  SINCE JUL 1   2982                      3747   -765     3756

 COOLING
  YESTERDAY        1                         2     -1        0
  MONTH TO DATE    1                         2     -1        0
  SINCE MAR 1     48                        36     12       34
  SINCE JAN 1     48                        36     12       34
..................................................................


WIND (MPH)
  HIGHEST WIND SPEED    15   HIGHEST WIND DIRECTION    SW (230)
  HIGHEST GUST SPEED    20   HIGHEST GUST DIRECTION    SW (210)
  AVERAGE WIND SPEED     3.9


SKY COVER
  AVERAGE SKY COVER 0.7


WEATHER CONDITIONS
 THE FOLLOWING WEATHER WAS RECORDED YESTERDAY.
  HEAVY RAIN
  RAIN
  LIGHT RAIN
  FOG


RELATIVE HUMIDITY (PERCENT)
 HIGHEST   100          1200 AM
 LOWEST     73           300 PM
 AVERAGE    87

..........................................................


THE DANVILLE VA CLIMATE NORMALS FOR TODAY
                         NORMAL    RECORD    YEAR
 MAXIMUM TEMPERATURE (F)   75        93      1951
 MINIMUM TEMPERATURE (F)   51        30      1963


SUNRISE AND SUNSET
MAY  2 2016...........SUNRISE   622 AM EDT   SUNSET   807 PM EDT
MAY  3 2016...........SUNRISE   621 AM EDT   SUNSET   808 PM EDT


-  INDICATES NEGATIVE NUMBERS.
R  INDICATES RECORD WAS SET OR TIED.
MM INDICATES DATA IS MISSING.
T  INDICATES TRACE AMOUNT.

REMARKS:

DUE TO A SENSOR FAILURE CAUSING MISSING TEMPERATURES ON FEBRUARY
25...THE SEASONAL HEATING DEGREE DAY TOTAL AND DEPARTURE FROM
NORMAL WILL BE CALCULATED WITHOUT DATA FROM THIS DATE.

$$

RAB
