000
CDUS41 KILN 220545
CLIDAY


CLIMATE REPORT
NATIONAL WEATHER SERVICE WILMINGTON OH
138 AM EDT TUE JUL 22 2014


...................................

...THE DAYTON OH CLIMATE SUMMARY FOR JULY 21 2014...

CLIMATE NORMAL PERIOD 1981 TO 2010
CLIMATE RECORD PERIOD 1869 TO 2014


WEATHER ITEM   OBSERVED TIME   RECORD YEAR NORMAL DEPARTURE LAST
                VALUE   (LST)  VALUE       VALUE  FROM      YEAR
                                                  NORMAL
..................................................................
TEMPERATURE (F)
 YESTERDAY
  MAXIMUM         86    458 PM 105    1934  84      2       84
  MINIMUM         63    607 AM  49    1974  65     -2       68
  AVERAGE         75                        74      1       76

PRECIPITATION (IN)
  YESTERDAY        0.00          3.24 1931   0.13  -0.13     0.00
  MONTH TO DATE    2.91                      2.91   0.00     1.80
  SINCE JUN 1      6.44                      7.08  -0.64     4.92
  SINCE JAN 1     24.52                     24.12   0.40    19.22

SNOWFALL (IN)
  YESTERDAY        0.0           0.0         0.0    0.0      0.0
  MONTH TO DATE    0.0                       0.0    0.0      0.0
  SINCE JUN 1      0.0                       0.0    0.0      0.0
  SINCE JUL 1      0.0                       0.0    0.0      0.0
  SNOW DEPTH       0

DEGREE DAYS
 HEATING
  YESTERDAY        0                         0      0        0
  MONTH TO DATE    2                         0      2        0
  SINCE JUN 1      4                        22    -18       11
  SINCE JUL 1      2                         0      2        0

 COOLING
  YESTERDAY       10                         9      1       11
  MONTH TO DATE  139                       189    -50      249
  SINCE JUN 1    402                       379     23      457
  SINCE JAN 1    531                       449     82      588
..................................................................


WIND (MPH)
  RESULTANT WIND SPEED   2   RESULTANT WIND DIRECTION  NE (40)
  HIGHEST WIND SPEED     9   HIGHEST WIND DIRECTION    NE (40)
  HIGHEST GUST SPEED    12   HIGHEST GUST DIRECTION    NE (40)
  AVERAGE WIND SPEED     2.5



WEATHER CONDITIONS
 THE FOLLOWING WEATHER WAS RECORDED YESTERDAY.
  FOG


RELATIVE HUMIDITY (PERCENT)
 HIGHEST    93           300 AM
 LOWEST     48           500 PM
 AVERAGE    71

..........................................................


THE DAYTON OH CLIMATE NORMALS FOR TODAY
                         NORMAL    RECORD    YEAR
 MAXIMUM TEMPERATURE (F)   84       108      1901
 MINIMUM TEMPERATURE (F)   65        50      2007


SUNRISE AND SUNSET
JULY 22 2014..........SUNRISE   627 AM EDT   SUNSET   859 PM EDT
JULY 23 2014..........SUNRISE   627 AM EDT   SUNSET   859 PM EDT


-  INDICATES NEGATIVE NUMBERS.
R  INDICATES RECORD WAS SET OR TIED.
MM INDICATES DATA IS MISSING.
T  INDICATES TRACE AMOUNT.




$$
