864
CDUS41 KILN 240601
CLIDAY


CLIMATE REPORT
NATIONAL WEATHER SERVICE WILMINGTON OH
100 AM EST FRI FEB 24 2017


...................................

...THE DAYTON OH CLIMATE SUMMARY FOR FEBRUARY 23 2017...

CLIMATE NORMAL PERIOD 1981 TO 2010
CLIMATE RECORD PERIOD 1869 TO 2017


WEATHER ITEM   OBSERVED TIME   RECORD YEAR NORMAL DEPARTURE LAST
                VALUE   (LST)  VALUE       VALUE  FROM      YEAR
                                                  NORMAL
..................................................................
TEMPERATURE (F)
 YESTERDAY
  MAXIMUM         70R   300 PM  68    1985  41     29       54
  MINIMUM         55    729 AM   0    2015  25     30       25
  AVERAGE         63                        33     30       40

PRECIPITATION (IN)
  YESTERDAY        T             2.04 1975   0.08  -0.08     0.00
  MONTH TO DATE    1.01                      1.83  -0.82     1.46
  SINCE DEC 1      7.42                      7.66  -0.24     7.35
  SINCE JAN 1      4.43                      4.54  -0.11     2.96

SNOWFALL (IN)
  YESTERDAY        0.0           7.4  1914   0.2   -0.2      0.0
  MONTH TO DATE    1.2                       4.9   -3.7      4.1
  SINCE DEC 1      7.2                      17.3  -10.1      9.1
  SINCE JUL 1      7.2                      18.3  -11.1      9.1
  SNOW DEPTH       0

DEGREE DAYS
 HEATING
  YESTERDAY        2                        32    -30       25
  MONTH TO DATE  550                       797   -247      760
  SINCE DEC 1   2561                      3009   -448     2555
  SINCE JUL 1   3334                      4120   -786     3391

 COOLING
  YESTERDAY        0                         0      0        0
  MONTH TO DATE    0                         0      0        0
  SINCE DEC 1      0                         0      0        0
  SINCE JAN 1      0                         0      0        0
..................................................................


WIND (MPH)
  RESULTANT WIND SPEED   9   RESULTANT WIND DIRECTION   S (200)
  HIGHEST WIND SPEED    17   HIGHEST WIND DIRECTION    SW (240)
  HIGHEST GUST SPEED    22   HIGHEST GUST DIRECTION    SW (240)
  AVERAGE WIND SPEED     9.5



WEATHER CONDITIONS
 THE FOLLOWING WEATHER WAS RECORDED YESTERDAY.
  LIGHT RAIN
  FOG


RELATIVE HUMIDITY (PERCENT)
 HIGHEST    93           200 AM
 LOWEST     57           300 PM
 AVERAGE    75

..........................................................


THE DAYTON OH CLIMATE NORMALS FOR TODAY
                         NORMAL    RECORD    YEAR
 MAXIMUM TEMPERATURE (F)   42        67      1961
                                             1930
 MINIMUM TEMPERATURE (F)   25        -3      1914


SUNRISE AND SUNSET
FEBRUARY 24 2017......SUNRISE   717 AM EST   SUNSET   623 PM EST
FEBRUARY 25 2017......SUNRISE   715 AM EST   SUNSET   625 PM EST


-  INDICATES NEGATIVE NUMBERS.
R  INDICATES RECORD WAS SET OR TIED.
MM INDICATES DATA IS MISSING.
T  INDICATES TRACE AMOUNT.




$$
