000
CDUS41 KILN 280555
CLIDAY


CLIMATE REPORT
NATIONAL WEATHER SERVICE WILMINGTON OH
154 AM EDT SAT MAR 28 2015


...................................

...THE DAYTON OH CLIMATE SUMMARY FOR MARCH 27 2015...

CLIMATE NORMAL PERIOD 1981 TO 2010
CLIMATE RECORD PERIOD 1869 TO 2015


WEATHER ITEM   OBSERVED TIME   RECORD YEAR NORMAL DEPARTURE LAST
                VALUE   (LST)  VALUE       VALUE  FROM      YEAR
                                                  NORMAL
..................................................................
TEMPERATURE (F)
 YESTERDAY
  MAXIMUM         35    149 AM  83    1910  54    -19       56
  MINIMUM         24   1031 PM  11    1955  35    -11       30
  AVERAGE         30                        44    -14       43

PRECIPITATION (IN)
  YESTERDAY        T             1.90 1913   0.12  -0.12     0.03
  MONTH TO DATE    3.79                      2.83   0.96     1.30
  SINCE MAR 1      3.79                      2.83   0.96     1.30
  SINCE JAN 1      8.15                      7.78   0.37     6.28

SNOWFALL (IN)
  YESTERDAY        T             1.2  1930   0.1   -0.1       T
  MONTH TO DATE    5.7                       3.2    2.5      5.8
  SINCE MAR 1      5.7                       3.2    2.5      5.8
  SINCE JUL 1     27.7                      22.5    5.2     51.2
  SNOW DEPTH       0

DEGREE DAYS
 HEATING
  YESTERDAY       35                        21     14       22
  MONTH TO DATE  706                       686     20      791
  SINCE MAR 1    706                       686     20      791
  SINCE JUL 1   5269                      4961    308     5390

 COOLING
  YESTERDAY        0                         0      0        0
  MONTH TO DATE    0                         0      0        0
  SINCE MAR 1      0                         0      0        0
  SINCE JAN 1      0                         0      0        0
..................................................................


WIND (MPH)
  RESULTANT WIND SPEED  10   RESULTANT WIND DIRECTION   N (340)
  HIGHEST WIND SPEED    22   HIGHEST WIND DIRECTION    NW (330)
  HIGHEST GUST SPEED    25   HIGHEST GUST DIRECTION    NW (310)
  AVERAGE WIND SPEED    11.3



WEATHER CONDITIONS
 THE FOLLOWING WEATHER WAS RECORDED YESTERDAY.
  LIGHT SNOW


RELATIVE HUMIDITY (PERCENT)
 HIGHEST    85           600 AM
 LOWEST     49           500 PM
 AVERAGE    67

..........................................................


THE DAYTON OH CLIMATE NORMALS FOR TODAY
                         NORMAL    RECORD    YEAR
 MAXIMUM TEMPERATURE (F)   55        85      1910
 MINIMUM TEMPERATURE (F)   35        16      1955


SUNRISE AND SUNSET
MARCH 28 2015.........SUNRISE   728 AM EDT   SUNSET   757 PM EDT
MARCH 29 2015.........SUNRISE   726 AM EDT   SUNSET   758 PM EDT


-  INDICATES NEGATIVE NUMBERS.
R  INDICATES RECORD WAS SET OR TIED.
MM INDICATES DATA IS MISSING.
T  INDICATES TRACE AMOUNT.




$$
