000
CDUS41 KILN 250542
CLIDAY


CLIMATE REPORT
NATIONAL WEATHER SERVICE WILMINGTON OH
142 AM EDT FRI APR 25 2014


...................................

...THE DAYTON OH CLIMATE SUMMARY FOR APRIL 24 2014...

CLIMATE NORMAL PERIOD 1981 TO 2010
CLIMATE RECORD PERIOD 1869 TO 2014


WEATHER ITEM   OBSERVED TIME   RECORD YEAR NORMAL DEPARTURE LAST
                VALUE   (LST)  VALUE       VALUE  FROM      YEAR
                                                  NORMAL
..................................................................
TEMPERATURE (F)
 YESTERDAY
  MAXIMUM         63    551 PM  88    1925  65     -2       65
  MINIMUM         45    633 AM  24    1911  44      1       35
  AVERAGE         54                        55     -1       50

PRECIPITATION (IN)
  YESTERDAY        0.00          1.76 1937   0.14  -0.14     0.77
  MONTH TO DATE    3.95                      3.25   0.70     3.60
  SINCE MAR 1      6.57                      6.59  -0.02     6.76
  SINCE JAN 1     11.55                     11.54   0.01    11.15

SNOWFALL (IN)
  YESTERDAY        0.0           0.2  1995   0.0    0.0      0.0
  MONTH TO DATE    1.1                       0.6    0.5      0.4
  SINCE MAR 1      8.2                       4.0    4.2     14.6
  SINCE JUL 1     53.6                      23.3   30.3     36.3
  SNOW DEPTH       0

DEGREE DAYS
 HEATING
  YESTERDAY       11                        11      0       15
  MONTH TO DATE  297                       353    -56      313
  SINCE MAR 1   1174                      1117     57     1225
  SINCE JUL 1   5773                      5392    381     5275

 COOLING
  YESTERDAY        0                         1     -1        0
  MONTH TO DATE    8                         4      4       16
  SINCE MAR 1      8                         4      4       16
  SINCE JAN 1      8                         4      4       16
..................................................................


WIND (MPH)
  RESULTANT WIND SPEED  12   RESULTANT WIND DIRECTION   E (110)
  HIGHEST WIND SPEED    21   HIGHEST WIND DIRECTION     E (110)
  HIGHEST GUST SPEED    24   HIGHEST GUST DIRECTION     E (110)
  AVERAGE WIND SPEED    12.6



WEATHER CONDITIONS
 THE FOLLOWING WEATHER WAS RECORDED YESTERDAY.
  NO SIGNIFICANT WEATHER WAS OBSERVED.


RELATIVE HUMIDITY (PERCENT)
 HIGHEST    56          1200 AM
 LOWEST     19           600 PM
 AVERAGE    38

..........................................................


THE DAYTON OH CLIMATE NORMALS FOR TODAY
                         NORMAL    RECORD    YEAR
 MAXIMUM TEMPERATURE (F)   65        89      1915
 MINIMUM TEMPERATURE (F)   45        26      1919


SUNRISE AND SUNSET
APRIL 25 2014.........SUNRISE   645 AM EDT   SUNSET   825 PM EDT
APRIL 26 2014.........SUNRISE   644 AM EDT   SUNSET   826 PM EDT


-  INDICATES NEGATIVE NUMBERS.
R  INDICATES RECORD WAS SET OR TIED.
MM INDICATES DATA IS MISSING.
T  INDICATES TRACE AMOUNT.




$$
