000
CDUS41 KILN 010540
CLIDAY


CLIMATE REPORT
NATIONAL WEATHER SERVICE WILMINGTON OH
140 AM EDT SAT AUG 1 2015


...................................

...THE DAYTON OH CLIMATE SUMMARY FOR JULY 31 2015...

CLIMATE NORMAL PERIOD 1981 TO 2010
CLIMATE RECORD PERIOD 1869 TO 2015


WEATHER ITEM   OBSERVED TIME   RECORD YEAR NORMAL DEPARTURE LAST
                VALUE   (LST)  VALUE       VALUE  FROM      YEAR
                                                  NORMAL
..................................................................
TEMPERATURE (F)
 YESTERDAY
  MAXIMUM         86    326 PM  98    1913  83      3       83
  MINIMUM         63    543 AM  51    1997  64     -1       61
  AVERAGE         75                        74      1       72

PRECIPITATION (IN)
  YESTERDAY        T             1.23 1958   0.11  -0.11      T
  MONTH TO DATE    4.60                      4.11   0.49     3.23
  SINCE JUN 1     12.48                      8.28   4.20     6.76
  SINCE JAN 1     27.80                     25.32   2.48    24.84

SNOWFALL (IN)
  YESTERDAY        0.0           0.0    MM   0.0    0.0      0.0
  MONTH TO DATE    0.0                       0.0    0.0      0.0
  SINCE JUN 1      0.0                       0.0    0.0      0.0
  SINCE JUL 1      0.0                       0.0    0.0      0.0
  SNOW DEPTH       0

DEGREE DAYS
 HEATING
  YESTERDAY        0                         0      0        0
  MONTH TO DATE    0                         0      0        4
  SINCE JUN 1     20                        22     -2        6
  SINCE JUL 1      0                         0      0        4

 COOLING
  YESTERDAY       10                         9      1        7
  MONTH TO DATE  279                       279      0      192
  SINCE JUN 1    533                       469     64      455
  SINCE JAN 1    708                       539    169      584
..................................................................


WIND (MPH)
  RESULTANT WIND SPEED   8   RESULTANT WIND DIRECTION   W (270)
  HIGHEST WIND SPEED    23   HIGHEST WIND DIRECTION    NW (330)
  HIGHEST GUST SPEED    26   HIGHEST GUST DIRECTION    NW (330)
  AVERAGE WIND SPEED     9.2



WEATHER CONDITIONS
 THE FOLLOWING WEATHER WAS RECORDED YESTERDAY.
  LIGHT RAIN


RELATIVE HUMIDITY (PERCENT)
 HIGHEST    93           500 AM
 LOWEST     43           300 PM
 AVERAGE    68

..........................................................


THE DAYTON OH CLIMATE NORMALS FOR TODAY
                         NORMAL    RECORD    YEAR
 MAXIMUM TEMPERATURE (F)   83        96      1935
                                             1894
 MINIMUM TEMPERATURE (F)   64        52      1903


SUNRISE AND SUNSET
AUGUST  1 2015........SUNRISE   635 AM EDT   SUNSET   850 PM EDT
AUGUST  2 2015........SUNRISE   636 AM EDT   SUNSET   849 PM EDT


-  INDICATES NEGATIVE NUMBERS.
R  INDICATES RECORD WAS SET OR TIED.
MM INDICATES DATA IS MISSING.
T  INDICATES TRACE AMOUNT.




$$
