000
CDUS41 KILN 270559
CLIDAY


CLIMATE REPORT
NATIONAL WEATHER SERVICE WILMINGTON OH
1258 AM EST FRI FEB 27 2015


...................................

...THE DAYTON OH CLIMATE SUMMARY FOR FEBRUARY 26 2015...

CLIMATE NORMAL PERIOD 1981 TO 2010
CLIMATE RECORD PERIOD 1869 TO 2015


WEATHER ITEM   OBSERVED TIME   RECORD YEAR NORMAL DEPARTURE LAST
                VALUE   (LST)  VALUE       VALUE  FROM      YEAR
                                                  NORMAL
..................................................................
TEMPERATURE (F)
 YESTERDAY
  MAXIMUM         22   1242 AM  72    2000  42    -20       23
  MINIMUM          5   1159 PM  -8    1963  26    -21       10
  AVERAGE         14                        34    -20       17

PRECIPITATION (IN)
  YESTERDAY        0.01          1.28 1957   0.08  -0.07      T
  MONTH TO DATE    1.34                      2.07  -0.73     2.14
  SINCE DEC 1      7.10                      7.90  -0.80     9.56
  SINCE JAN 1      4.31                      4.78  -0.47     4.98

SNOWFALL (IN)
  YESTERDAY        0.4           3.5  1986   0.2    0.2       T
  MONTH TO DATE    9.6                       5.5    4.1      9.5
  SINCE DEC 1     17.4                      17.9   -0.5     43.4
  SINCE JUL 1     21.5                      18.9    2.6     45.4
  SNOW DEPTH       3

DEGREE DAYS
 HEATING
  YESTERDAY       51                        31     20       48
  MONTH TO DATE 1137                       891    246     1037
  SINCE DEC 1   3243                      3103    140     3379
  SINCE JUL 1   4459                      4214    245     4503

 COOLING
  YESTERDAY        0                         0      0        0
  MONTH TO DATE    0                         0      0        0
  SINCE DEC 1      0                         0      0        0
  SINCE JAN 1      0                         0      0        0
..................................................................


WIND (MPH)
  RESULTANT WIND SPEED  12   RESULTANT WIND DIRECTION   N (10)
  HIGHEST WIND SPEED    20   HIGHEST WIND DIRECTION     N (10)
  HIGHEST GUST SPEED    28   HIGHEST GUST DIRECTION     N (340)
  AVERAGE WIND SPEED    12.0



WEATHER CONDITIONS
 THE FOLLOWING WEATHER WAS RECORDED YESTERDAY.
  LIGHT SNOW
  HAZE


RELATIVE HUMIDITY (PERCENT)
 HIGHEST    80          1000 AM
 LOWEST     61           600 AM
 AVERAGE    71

..........................................................


THE DAYTON OH CLIMATE NORMALS FOR TODAY
                         NORMAL    RECORD    YEAR
 MAXIMUM TEMPERATURE (F)   43        70      1996
 MINIMUM TEMPERATURE (F)   26        -2      1963
                                             1934


SUNRISE AND SUNSET
FEBRUARY 27 2015......SUNRISE   713 AM EST   SUNSET   626 PM EST
FEBRUARY 28 2015......SUNRISE   712 AM EST   SUNSET   627 PM EST


-  INDICATES NEGATIVE NUMBERS.
R  INDICATES RECORD WAS SET OR TIED.
MM INDICATES DATA IS MISSING.
T  INDICATES TRACE AMOUNT.




$$
