000
CDUS41 KILN 020559
CLIDAY


CLIMATE REPORT
NATIONAL WEATHER SERVICE WILMINGTON OH
147 AM EDT TUE JUN 2 2015


...................................

...THE DAYTON OH CLIMATE SUMMARY FOR JUNE 1 2015...

CLIMATE NORMAL PERIOD 1981 TO 2010
CLIMATE RECORD PERIOD 1869 TO 2015


WEATHER ITEM   OBSERVED TIME   RECORD YEAR NORMAL DEPARTURE LAST
                VALUE   (LST)  VALUE       VALUE  FROM      YEAR
                                                  NORMAL
..................................................................
TEMPERATURE (F)
 YESTERDAY
  MAXIMUM         58    408 PM  97    1895  76    -18       86
  MINIMUM         49   1159 PM  41    2003  57     -8       60
  AVERAGE         54                        66    -12       73

PRECIPITATION (IN)
  YESTERDAY        0.07          2.58 1947   0.15  -0.08     0.00
  MONTH TO DATE    0.07                      0.15  -0.08     0.00
  SINCE JUN 1      0.07                      0.15  -0.08     0.00
  SINCE JAN 1     15.39                     17.19  -1.80    18.08

SNOWFALL (IN)
  YESTERDAY        0.0           0.0         0.0    0.0      0.0
  MONTH TO DATE    0.0                       0.0    0.0      0.0
  SINCE JUN 1      0.0                       0.0    0.0      0.0
  SINCE JUL 1     27.7                      23.3    4.4     53.6
  SNOW DEPTH       0

DEGREE DAYS
 HEATING
  YESTERDAY       11                         2      9        0
  MONTH TO DATE   11                         2      9        0
  SINCE JUN 1     11                         2      9        0
  SINCE JUL 1   5775                      5622    153     5938

 COOLING
  YESTERDAY        0                         4     -4        8
  MONTH TO DATE    0                         4     -4        8
  SINCE JUN 1      0                         4     -4        8
  SINCE JAN 1    175                        74    101      137
..................................................................


WIND (MPH)
  RESULTANT WIND SPEED  11   RESULTANT WIND DIRECTION  NE (30)
  HIGHEST WIND SPEED    18   HIGHEST WIND DIRECTION    NE (30)
  HIGHEST GUST SPEED    23   HIGHEST GUST DIRECTION     N (20)
  AVERAGE WIND SPEED    11.0



WEATHER CONDITIONS
 THE FOLLOWING WEATHER WAS RECORDED YESTERDAY.
  LIGHT RAIN
  FOG


RELATIVE HUMIDITY (PERCENT)
 HIGHEST    89           200 AM
 LOWEST     77          1200 AM
 AVERAGE    83

..........................................................


THE DAYTON OH CLIMATE NORMALS FOR TODAY
                         NORMAL    RECORD    YEAR
 MAXIMUM TEMPERATURE (F)   76        98      1895
 MINIMUM TEMPERATURE (F)   57        41      1910


SUNRISE AND SUNSET
JUNE  2 2015..........SUNRISE   610 AM EDT   SUNSET   900 PM EDT
JUNE  3 2015..........SUNRISE   610 AM EDT   SUNSET   900 PM EDT


-  INDICATES NEGATIVE NUMBERS.
R  INDICATES RECORD WAS SET OR TIED.
MM INDICATES DATA IS MISSING.
T  INDICATES TRACE AMOUNT.




$$
