019
CDUS41 KILN 060607
CLIDAY


CLIMATE REPORT
NATIONAL WEATHER SERVICE WILMINGTON OH
106 AM EST TUE DEC 6 2016


...................................

...THE DAYTON OH CLIMATE SUMMARY FOR DECEMBER 5 2016...

CLIMATE NORMAL PERIOD 1981 TO 2010
CLIMATE RECORD PERIOD 1869 TO 2016


WEATHER ITEM   OBSERVED TIME   RECORD YEAR NORMAL DEPARTURE LAST
                VALUE   (LST)  VALUE       VALUE  FROM      YEAR
                                                  NORMAL
..................................................................
TEMPERATURE (F)
 YESTERDAY
  MAXIMUM         42    232 PM  68    2001  42      0       44
  MINIMUM         32   1134 PM   6    1901  27      5       27
  AVERAGE         37                        34      3       36

PRECIPITATION (IN)
  YESTERDAY        0.00          1.94 2011   0.10  -0.10     0.00
  MONTH TO DATE    0.22                      0.51  -0.29     0.05
  SINCE DEC 1      0.22                      0.51  -0.29     0.05
  SINCE JAN 1     33.01                     38.44  -5.43    36.78

SNOWFALL (IN)
  YESTERDAY        0.0           4.8  1984   0.1   -0.1      0.0
  MONTH TO DATE    0.0                       0.4   -0.4      0.2
  SINCE DEC 1      0.0                       0.4   -0.4      0.2
  SINCE JUL 1      T                         1.4   -1.4      0.2
  SNOW DEPTH       0

DEGREE DAYS
 HEATING
  YESTERDAY       28                        31     -3       29
  MONTH TO DATE  142                       149     -7      141
  SINCE DEC 1    142                       149     -7      141
  SINCE JUL 1    915                      1260   -345      977

 COOLING
  YESTERDAY        0                         0      0        0
  MONTH TO DATE    0                         0      0        0
  SINCE DEC 1      0                         0      0        0
  SINCE JAN 1   1247                       891    356     1078
..................................................................


WIND (MPH)
  RESULTANT WIND SPEED   2   RESULTANT WIND DIRECTION   W (260)
  HIGHEST WIND SPEED    25   HIGHEST WIND DIRECTION     W (270)
  HIGHEST GUST SPEED    32   HIGHEST GUST DIRECTION     W (280)
  AVERAGE WIND SPEED     7.8



WEATHER CONDITIONS
 THE FOLLOWING WEATHER WAS RECORDED YESTERDAY.
  NO SIGNIFICANT WEATHER WAS OBSERVED.


RELATIVE HUMIDITY (PERCENT)
 HIGHEST    92          1200 AM
 LOWEST     65           300 PM
 AVERAGE    79

..........................................................


THE DAYTON OH CLIMATE NORMALS FOR TODAY
                         NORMAL    RECORD    YEAR
 MAXIMUM TEMPERATURE (F)   41        72      1998
 MINIMUM TEMPERATURE (F)   27        -1      1977


SUNRISE AND SUNSET
DECEMBER  6 2016......SUNRISE   744 AM EST   SUNSET   512 PM EST
DECEMBER  7 2016......SUNRISE   745 AM EST   SUNSET   512 PM EST


-  INDICATES NEGATIVE NUMBERS.
R  INDICATES RECORD WAS SET OR TIED.
MM INDICATES DATA IS MISSING.
T  INDICATES TRACE AMOUNT.




$$
