000
CDUS43 KDVN 022121
CLIDBQ


CLIMATE REPORT
NATIONAL WEATHER SERVICE QUAD CITIES IA IL
420 PM CDT MON MAY 2 2016


...................................

...THE DUBUQUE IA CLIMATE SUMMARY FOR MAY 2 2016...
VALID TODAY AS OF 0400 PM LOCAL TIME.

CLIMATE NORMAL PERIOD 1981 TO 2010
CLIMATE RECORD PERIOD 1873 TO 2016


WEATHER ITEM   OBSERVED TIME   RECORD YEAR NORMAL DEPARTURE LAST
                VALUE   (LST)  VALUE       VALUE  FROM      YEAR
                                                  NORMAL
..................................................................
TEMPERATURE (F)
 TODAY
  MAXIMUM         62    250 PM  88    1901  65     -3       76
  MINIMUM         44    551 AM  24    2005  44      0       51
  AVERAGE         53                        54     -1       64

PRECIPITATION (IN)
  TODAY            0.00          1.45 1915   0.14  -0.14     0.03
  MONTH TO DATE    0.13                      0.27  -0.14     0.03
  SINCE MAR 1      5.67                      6.34  -0.67     2.73
  SINCE JAN 1      6.75                      8.95  -2.20     5.02

SNOWFALL (IN)
  TODAY            0.0          MM      MM   0.0    0.0      0.0
  MONTH TO DATE    0.0                       0.0    0.0      0.0
  SINCE MAR 1      3.3                       8.3   -5.0      4.1
  SINCE JUL 1     34.8                      41.9   -7.1     33.7
  SNOW DEPTH       0

DEGREE DAYS
 HEATING
  TODAY           12                        11      1        1
  MONTH TO DATE   31                        22      9       15
  SINCE MAR 1   1292                      1450   -158     1370
  SINCE JUL 1   5769                      6843  -1074     7218

 COOLING
  TODAY            0                         0      0        0
  MONTH TO DATE    0                         0      0        0
  SINCE MAR 1      3                         5     -2        0
  SINCE JAN 1      3                         5     -2        0
..................................................................


WIND (MPH)
  HIGHEST WIND SPEED    13   HIGHEST WIND DIRECTION     N (20)
  HIGHEST GUST SPEED    16   HIGHEST GUST DIRECTION    NE (30)
  AVERAGE WIND SPEED     7.5


SKY COVER
  POSSIBLE SUNSHINE  MM
  AVERAGE SKY COVER 0.7


WEATHER CONDITIONS
 THE FOLLOWING WEATHER WAS RECORDED TODAY.
  NO SIGNIFICANT WEATHER WAS OBSERVED.


RELATIVE HUMIDITY (PERCENT)
 HIGHEST    92           200 AM
 LOWEST     46           300 PM
 AVERAGE    69

..........................................................


THE DUBUQUE IA CLIMATE NORMALS FOR TOMORROW
                         NORMAL    RECORD    YEAR
 MAXIMUM TEMPERATURE (F)   65        88      1949
                                             1918
 MINIMUM TEMPERATURE (F)   44        21      2005


SUNRISE AND SUNSET
MAY  2 2016...........SUNRISE   556 AM CDT   SUNSET   804 PM CDT
MAY  3 2016...........SUNRISE   555 AM CDT   SUNSET   805 PM CDT


-  INDICATES NEGATIVE NUMBERS.
R  INDICATES RECORD WAS SET OR TIED.
MM INDICATES DATA IS MISSING.
T  INDICATES TRACE AMOUNT.




$$
