750
CDUS43 KDVN 290636
CLIDBQ

CHICLIDBY 000
TTAA00 KDMX 290629


CLIMATE REPORT
NATIONAL WEATHER SERVICE DES MOINES IA
129 AM CDT THU JUN 29 2017


...................................

...THE DUBUQUE IA CLIMATE SUMMARY FOR JUNE 28 2017...

CLIMATE NORMAL PERIOD 1981 TO 2010
CLIMATE RECORD PERIOD 9999 TO 9999


WEATHER ITEM   OBSERVED TIME   RECORD YEAR NORMAL DEPARTURE LAST
                VALUE   (LST)  VALUE       VALUE  FROM      YEAR
                                                  NORMAL
..................................................................
TEMPERATURE (F)
 YESTERDAY
  MAXIMUM         80    249 PM 104    1934  81     -1       70
  MINIMUM         59    122 AM  46    1968  61     -2       53
  AVERAGE         70                        71     -1       62

PRECIPITATION (IN)
  YESTERDAY        1.26          1.97 1945   0.14   1.12     0.00
  MONTH TO DATE    2.95                      4.13  -1.18     7.01
  SINCE JUN 1      2.95                      4.13  -1.18     7.01
  SINCE JAN 1     16.66                     17.00  -0.34    17.96

SNOWFALL (IN)
  YESTERDAY        0.0                       0.0    0.0      0.0
  MONTH TO DATE    0.0                       0.0    0.0      0.0
  SINCE JUN 1      0.0                       0.0    0.0      0.0
  SINCE JUL 1     27.2                      41.9  -14.7     34.8
  SNOW DEPTH       0

DEGREE DAYS
 HEATING
  YESTERDAY        0                         0      0        3
  MONTH TO DATE   26                        40    -14       12
  SINCE JUN 1     26                        40    -14       12
  SINCE JUL 1   6078                      7086  -1008     5979

 COOLING
  YESTERDAY        5                         7     -2        0
  MONTH TO DATE  163                       126     37      173
  SINCE JUN 1    163                       126     37      173
  SINCE JAN 1    187                       163     24      224
..................................................................


WIND (MPH)
  HIGHEST WIND SPEED    48   HIGHEST WIND DIRECTION     S (200)
  HIGHEST GUST SPEED    61   HIGHEST GUST DIRECTION     S (200)
  AVERAGE WIND SPEED    15.2




RELATIVE HUMIDITY (PERCENT)
 HIGHEST    93           700 AM
 LOWEST     63           400 AM
 AVERAGE    78

..........................................................


THE DUBUQUE IA CLIMATE NORMALS FOR TODAY
                         NORMAL    RECORD    YEAR
 MAXIMUM TEMPERATURE (F)   82       101      1931
 MINIMUM TEMPERATURE (F)   61        47      1951


SUNRISE AND SUNSET
JUNE 29 2017..........SUNRISE   529 AM CDT   SUNSET   844 PM CDT
JUNE 30 2017..........SUNRISE   529 AM CDT   SUNSET   844 PM CDT


-  INDICATES NEGATIVE NUMBERS.
R  INDICATES RECORD WAS SET OR TIED.
MM INDICATES DATA IS MISSING.
T  INDICATES TRACE AMOUNT.




$$
