498
CDUS43 KDVN 172226
CLIDBQ


CLIMATE REPORT
NATIONAL WEATHER SERVICE QUAD CITIES IA IL
426 PM CST SAT FEB 17 2018


...................................

...THE DUBUQUE IA CLIMATE SUMMARY FOR FEBRUARY 17 2018...
VALID TODAY AS OF 0400 PM LOCAL TIME.

CLIMATE NORMAL PERIOD 1981 TO 2010
CLIMATE RECORD PERIOD 1873 TO 2018


WEATHER ITEM   OBSERVED TIME   RECORD YEAR NORMAL DEPARTURE LAST
                VALUE   (LST)  VALUE       VALUE  FROM      YEAR
                                                  NORMAL
..................................................................
TEMPERATURE (F)
 TODAY
  MAXIMUM         28    352 PM  65    2017  32     -4       65
  MINIMUM         12   1233 AM -13    1973  16     -4       28
                                      1958
                                      1903
  AVERAGE         20                        24     -4       47

PRECIPITATION (IN)
  TODAY            0.09          1.21 1887   0.06   0.03     0.00
  MONTH TO DATE    1.13                      0.80   0.33     0.99
  SINCE DEC 1      3.03                      3.81  -0.78     4.54
  SINCE JAN 1      2.32                      1.97   0.35     3.00

SNOWFALL (IN)
  TODAY           MM            MM      MM   0.3   MM        0.0
  MONTH TO DATE   11.7                       5.9    5.8       T
  SINCE DEC 1     20.9                      27.7   -6.8     21.2
  SINCE JUL 1     20.9                      30.5   -9.6     21.2
  SNOW DEPTH       4

DEGREE DAYS
 HEATING
  TODAY           45                        41      4       18
  MONTH TO DATE  852                       732    120      616
  SINCE DEC 1   3579                      3469    110     3241
  SINCE JUL 1   4944                      4969    -25     4233

 COOLING
  TODAY            0                         0      0        0
  MONTH TO DATE    0                         0      0        0
  SINCE DEC 1      0                         0      0        0
  SINCE JAN 1      0                         0      0        0
..................................................................


WIND (MPH)
  HIGHEST WIND SPEED    20   HIGHEST WIND DIRECTION    NW (300)
  HIGHEST GUST SPEED    25   HIGHEST GUST DIRECTION    NW (300)
  AVERAGE WIND SPEED    11.3


SKY COVER
  POSSIBLE SUNSHINE  MM
  AVERAGE SKY COVER 0.6


WEATHER CONDITIONS
 THE FOLLOWING WEATHER WAS RECORDED TODAY.
  HEAVY SNOW
  SNOW
  LIGHT SNOW
  FOG
  FOG W/VISIBILITY <= 1/4 MILE
  HAZE


RELATIVE HUMIDITY (PERCENT)
 HIGHEST    92           100 PM
 LOWEST     67          1200 AM
 AVERAGE    80

..........................................................


THE DUBUQUE IA CLIMATE NORMALS FOR TOMORROW
                         NORMAL    RECORD    YEAR
 MAXIMUM TEMPERATURE (F)   32        64      2017
 MINIMUM TEMPERATURE (F)   17       -18      2006


SUNRISE AND SUNSET
FEBRUARY 17 2018......SUNRISE   656 AM CST   SUNSET   538 PM CST
FEBRUARY 18 2018......SUNRISE   655 AM CST   SUNSET   539 PM CST


-  INDICATES NEGATIVE NUMBERS.
R  INDICATES RECORD WAS SET OR TIED.
MM INDICATES DATA IS MISSING.
T  INDICATES TRACE AMOUNT.




$$
