000
CDUS43 KDVN 281026
CLIDBQ


CLIMATE REPORT
NATIONAL WEATHER SERVICE QUAD CITIES IA IL
426 AM CST TUE FEB 28 2017


...................................

...THE DUBUQUE IA CLIMATE SUMMARY FOR FEBRUARY 27 2017...

CLIMATE NORMAL PERIOD 1981 TO 2010
CLIMATE RECORD PERIOD 1873 TO 2017


WEATHER ITEM   OBSERVED TIME   RECORD YEAR NORMAL DEPARTURE LAST
                VALUE   (LST)  VALUE       VALUE  FROM      YEAR
                                                  NORMAL
..................................................................
TEMPERATURE (F)
 YESTERDAY
  MAXIMUM         50    358 PM  62    1896  36     14       58
  MINIMUM         22    350 AM -21    2015  20      2       26
  AVERAGE         36                        28      8       42

PRECIPITATION (IN)
  YESTERDAY        0.03          1.39 1948   0.06  -0.03     0.00
  MONTH TO DATE    1.72                      1.38   0.34     0.55
  SINCE DEC 1      5.27                      4.39   0.88     5.20
  SINCE JAN 1      3.73                      2.55   1.18     1.01

SNOWFALL (IN)
  YESTERDAY        0.0          MM      MM   0.2   -0.2      0.0
  MONTH TO DATE    1.4                       8.7   -7.3      7.0
  SINCE DEC 1     22.6                      30.5   -7.9     19.1
  SINCE JUL 1     22.6                      33.3  -10.7     30.9
  SNOW DEPTH       0

DEGREE DAYS
 HEATING
  YESTERDAY       29                        37     -8       23
  MONTH TO DATE  851                      1119   -268     1044
  SINCE DEC 1   3476                      3856   -380     3222
  SINCE JUL 1   4468                      5356   -888     4429

 COOLING
  YESTERDAY        0                         0      0        0
  MONTH TO DATE    0                         0      0        0
  SINCE DEC 1      0                         0      0        0
  SINCE JAN 1      0                         0      0        0
..................................................................


WIND (MPH)
  HIGHEST WIND SPEED    20   HIGHEST WIND DIRECTION     S (170)
  HIGHEST GUST SPEED    23   HIGHEST GUST DIRECTION     S (170)
  AVERAGE WIND SPEED     8.5


SKY COVER
  POSSIBLE SUNSHINE  MM
  AVERAGE SKY COVER 0.4


WEATHER CONDITIONS
 THE FOLLOWING WEATHER WAS RECORDED YESTERDAY.
  LIGHT RAIN
  FOG


RELATIVE HUMIDITY (PERCENT)
 HIGHEST    92          1100 AM
 LOWEST     46           400 PM
 AVERAGE    69

..........................................................


THE DUBUQUE IA CLIMATE NORMALS FOR TODAY
                         NORMAL    RECORD    YEAR
 MAXIMUM TEMPERATURE (F)   36        62      1895
 MINIMUM TEMPERATURE (F)   21       -17      2015


SUNRISE AND SUNSET
FEBRUARY 28 2017......SUNRISE   639 AM CST   SUNSET   552 PM CST
MARCH  1 2017.........SUNRISE   638 AM CST   SUNSET   553 PM CST


-  INDICATES NEGATIVE NUMBERS.
R  INDICATES RECORD WAS SET OR TIED.
MM INDICATES DATA IS MISSING.
T  INDICATES TRACE AMOUNT.




$$
