000
CDUS43 KDVN 281022
CLIDBQ


CLIMATE REPORT
NATIONAL WEATHER SERVICE QUAD CITIES IA IL
421 AM CST SUN DEC 28 2014


...................................

...THE DUBUQUE IA CLIMATE SUMMARY FOR DECEMBER 27 2014...

CLIMATE NORMAL PERIOD 1981 TO 2010
CLIMATE RECORD PERIOD 1873 TO 2014


WEATHER ITEM   OBSERVED TIME   RECORD YEAR NORMAL DEPARTURE LAST
                VALUE   (LST)  VALUE       VALUE  FROM      YEAR
                                                  NORMAL
..................................................................
TEMPERATURE (F)
 YESTERDAY
  MAXIMUM         42    526 AM  56    1946  27     15       35
  MINIMUM         18   1159 PM -24    1886  12      6        8
  AVERAGE         30                        20     10       22

PRECIPITATION (IN)
  YESTERDAY        0.05          1.23 1959   0.04   0.01     0.00
  MONTH TO DATE    0.93                      1.66  -0.73     1.07
  SINCE DEC 1      0.93                      1.66  -0.73     1.07
  SINCE JAN 1     37.45                     36.11   1.34    37.88

SNOWFALL (IN)
  YESTERDAY        0.0          MM      MM   0.4   -0.4      0.0
  MONTH TO DATE    T                        10.3  -10.3     15.0
  SINCE DEC 1      T                        10.3  -10.3     15.0
  SINCE JUL 1      3.5                      13.1   -9.6     18.9
  SNOW DEPTH       0

DEGREE DAYS
 HEATING
  YESTERDAY       35                        45    -10       43
  MONTH TO DATE  940                      1129   -189     1304
  SINCE DEC 1    940                      1129   -189     1304
  SINCE JUL 1   2722                      2629     93     2903

 COOLING
  YESTERDAY        0                         0      0        0
  MONTH TO DATE    0                         0      0        0
  SINCE DEC 1      0                         0      0        0
  SINCE JAN 1    526                       643   -117      640
..................................................................


WIND (MPH)
  HIGHEST WIND SPEED    26   HIGHEST WIND DIRECTION     W (260)
  HIGHEST GUST SPEED    34   HIGHEST GUST DIRECTION     W (250)
  AVERAGE WIND SPEED    13.7


SKY COVER
  POSSIBLE SUNSHINE  MM
  AVERAGE SKY COVER 0.9


WEATHER CONDITIONS
 THE FOLLOWING WEATHER WAS RECORDED YESTERDAY.
  LIGHT RAIN
  FOG


RELATIVE HUMIDITY (PERCENT)
 HIGHEST   100           400 AM
 LOWEST     78           200 PM
 AVERAGE    89

..........................................................


THE DUBUQUE IA CLIMATE NORMALS FOR TODAY
                         NORMAL    RECORD    YEAR
 MAXIMUM TEMPERATURE (F)   27        63      1984
 MINIMUM TEMPERATURE (F)   12       -19      1924
                                             1880


SUNRISE AND SUNSET
DECEMBER 28 2014......SUNRISE   731 AM CST   SUNSET   437 PM CST
DECEMBER 29 2014......SUNRISE   732 AM CST   SUNSET   438 PM CST


-  INDICATES NEGATIVE NUMBERS.
R  INDICATES RECORD WAS SET OR TIED.
MM INDICATES DATA IS MISSING.
T  INDICATES TRACE AMOUNT.




$$
