000
CDUS43 KDVN 200918
CLIDBQ


CLIMATE REPORT
NATIONAL WEATHER SERVICE QUAD CITIES IA IL
416 AM CDT SUN APR 20 2014


...................................

...THE DUBUQUE IA CLIMATE SUMMARY FOR APRIL 19 2014...

CLIMATE NORMAL PERIOD 1981 TO 2010
CLIMATE RECORD PERIOD 1873 TO 2014


WEATHER ITEM   OBSERVED TIME   RECORD YEAR NORMAL DEPARTURE LAST
                VALUE   (LST)  VALUE       VALUE  FROM      YEAR
                                                  NORMAL
..................................................................
TEMPERATURE (F)
 YESTERDAY
  MAXIMUM         70    349 PM  83    1985  60     10       37
                                      1946
  MINIMUM         35    544 AM  22    1988  39     -4       30
  AVERAGE         53                        50      3       34

PRECIPITATION (IN)
  YESTERDAY        0.00          1.98 1877   0.13  -0.13      T
  MONTH TO DATE    3.71                      2.22   1.49     8.48
  SINCE MAR 1      4.85                      4.63   0.22    11.05
  SINCE JAN 1      7.33                      7.24   0.09    14.47

SNOWFALL (IN)
  YESTERDAY        0.0          MM      MM   0.0    0.0       T
  MONTH TO DATE    0.7                       1.6   -0.9       T
  SINCE MAR 1     11.6                       7.9    3.7     12.6
  SINCE JUL 1     63.3                      41.5   21.8     54.5
  SNOW DEPTH       0

DEGREE DAYS
 HEATING
  YESTERDAY       12                        16     -4       31
  MONTH TO DATE  403                       362     41      455
  SINCE MAR 1   1562                      1280    282     1628
  SINCE JUL 1   7938                      6673   1265     6878

 COOLING
  YESTERDAY        0                         0      0        0
  MONTH TO DATE    0                         0      0        0
  SINCE MAR 1      0                         0      0        0
  SINCE JAN 1      0                         0      0        0
..................................................................


WIND (MPH)
  HIGHEST WIND SPEED    25   HIGHEST WIND DIRECTION     S (160)
  HIGHEST GUST SPEED    30   HIGHEST GUST DIRECTION     S (170)
  AVERAGE WIND SPEED    14.3


SKY COVER
  POSSIBLE SUNSHINE  MM
  AVERAGE SKY COVER 0.1


WEATHER CONDITIONS
 THE FOLLOWING WEATHER WAS RECORDED YESTERDAY.
  NO SIGNIFICANT WEATHER WAS OBSERVED.


RELATIVE HUMIDITY (PERCENT)
 HIGHEST    76           100 AM
 LOWEST     28           500 PM
 AVERAGE    52

..........................................................


THE DUBUQUE IA CLIMATE NORMALS FOR TODAY
                         NORMAL    RECORD    YEAR
 MAXIMUM TEMPERATURE (F)   61        86      1987
 MINIMUM TEMPERATURE (F)   40        26      1956


SUNRISE AND SUNSET
APRIL 20 2014.........SUNRISE   614 AM CDT   SUNSET   750 PM CDT
APRIL 21 2014.........SUNRISE   612 AM CDT   SUNSET   751 PM CDT


-  INDICATES NEGATIVE NUMBERS.
R  INDICATES RECORD WAS SET OR TIED.
MM INDICATES DATA IS MISSING.
T  INDICATES TRACE AMOUNT.




$$
