000
CDUS43 KDVN 300925
CLIDBQ


CLIMATE REPORT
NATIONAL WEATHER SERVICE QUAD CITIES IA IL
422 AM CDT MON MAY 30 2016


...................................

...THE DUBUQUE IA CLIMATE SUMMARY FOR MAY 29 2016...

CLIMATE NORMAL PERIOD 1981 TO 2010
CLIMATE RECORD PERIOD 1873 TO 2016


WEATHER ITEM   OBSERVED TIME   RECORD YEAR NORMAL DEPARTURE LAST
                VALUE   (LST)  VALUE       VALUE  FROM      YEAR
                                                  NORMAL
..................................................................
TEMPERATURE (F)
 YESTERDAY
  MAXIMUM         78    454 PM  97    1934  73      5       77
  MINIMUM         61    416 AM  31    1965  53      8       63
  AVERAGE         70                        63      7       70

PRECIPITATION (IN)
  YESTERDAY        0.00          3.55 1962   0.13  -0.13     0.18
  MONTH TO DATE    3.79                      3.90  -0.11     5.71
  SINCE MAR 1      9.33                      9.97  -0.64     8.41
  SINCE JAN 1     10.41                     12.58  -2.17    10.70

SNOWFALL (IN)
  YESTERDAY        0.0          MM      MM   0.0    0.0      0.0
  MONTH TO DATE    0.0                       0.1   -0.1      0.0
  SINCE MAR 1      3.3                       8.4   -5.1      4.1
  SINCE JUL 1     34.8                      42.0   -7.2     33.7
  SNOW DEPTH       0

DEGREE DAYS
 HEATING
  YESTERDAY        0                         4     -4        0
  MONTH TO DATE  229                       217     12      163
  SINCE MAR 1   1490                      1645   -155     1518
  SINCE JUL 1   5967                      7038  -1071     7366

 COOLING
  YESTERDAY        5                         2      3        5
  MONTH TO DATE   38                        28     10       36
  SINCE MAR 1     41                        33      8       36
  SINCE JAN 1     41                        33      8       36
..................................................................


WIND (MPH)
  HIGHEST WIND SPEED    22   HIGHEST WIND DIRECTION     W (280)
  HIGHEST GUST SPEED    26   HIGHEST GUST DIRECTION     W (260)
  AVERAGE WIND SPEED    10.1


SKY COVER
  POSSIBLE SUNSHINE  MM
  AVERAGE SKY COVER 0.5


WEATHER CONDITIONS
 THE FOLLOWING WEATHER WAS RECORDED YESTERDAY.
  THUNDERSTORM


RELATIVE HUMIDITY (PERCENT)
 HIGHEST    90          1200 AM
 LOWEST     46           600 PM
 AVERAGE    68

..........................................................


THE DUBUQUE IA CLIMATE NORMALS FOR TODAY
                         NORMAL    RECORD    YEAR
 MAXIMUM TEMPERATURE (F)   74        94      1934
 MINIMUM TEMPERATURE (F)   53        37      1965


SUNRISE AND SUNSET
MAY 30 2016...........SUNRISE   529 AM CDT   SUNSET   832 PM CDT
MAY 31 2016...........SUNRISE   529 AM CDT   SUNSET   833 PM CDT


-  INDICATES NEGATIVE NUMBERS.
R  INDICATES RECORD WAS SET OR TIED.
MM INDICATES DATA IS MISSING.
T  INDICATES TRACE AMOUNT.




$$
