000
CDUS43 KDVN 180909
CLIDBQ


CLIMATE REPORT
NATIONAL WEATHER SERVICE QUAD CITIES IA IL
408 AM CDT THU SEP 18 2014


...................................

...THE DUBUQUE IA CLIMATE SUMMARY FOR SEPTEMBER 17 2014...

CLIMATE NORMAL PERIOD 1981 TO 2010
CLIMATE RECORD PERIOD 1873 TO 2014


WEATHER ITEM   OBSERVED TIME   RECORD YEAR NORMAL DEPARTURE LAST
                VALUE   (LST)  VALUE       VALUE  FROM      YEAR
                                                  NORMAL
..................................................................
TEMPERATURE (F)
 YESTERDAY
  MAXIMUM         69    509 PM  91    1927  72     -3       66
                                      1925
                                      1895
  MINIMUM         43    252 AM  38    1916  51     -8       46
                                      1875
  AVERAGE         56                        62     -6       56

PRECIPITATION (IN)
  YESTERDAY        0.00          2.09 1938   0.12  -0.12     0.00
  MONTH TO DATE    2.08                      2.00   0.08     0.44
  SINCE SEP 1      2.08                      2.00   0.08     0.44
  SINCE JAN 1     32.23                     27.98   4.25    31.13

SNOWFALL (IN)
  YESTERDAY        0.0          MM      MM   0.0    0.0      0.0
  MONTH TO DATE    0.0                       0.0    0.0      0.0
  SINCE SEP 1      0.0                       0.0    0.0      0.0
  SINCE JUL 1      0.0                       0.0    0.0      0.0
  SNOW DEPTH       0

DEGREE DAYS
 HEATING
  YESTERDAY        9                         5      4        9
  MONTH TO DATE  119                        54     65       48
  SINCE SEP 1    119                        54     65       48
  SINCE JUL 1    148                        81     67       80

 COOLING
  YESTERDAY        0                         2     -2        0
  MONTH TO DATE   28                        47    -19       78
  SINCE SEP 1     28                        47    -19       78
  SINCE JAN 1    510                       623   -113      614
..................................................................


WIND (MPH)
  HIGHEST WIND SPEED     9   HIGHEST WIND DIRECTION     S (190)
  HIGHEST GUST SPEED    17   HIGHEST GUST DIRECTION    SW (230)
  AVERAGE WIND SPEED     2.0


SKY COVER
  POSSIBLE SUNSHINE  MM
  AVERAGE SKY COVER 0.4


WEATHER CONDITIONS
 THE FOLLOWING WEATHER WAS RECORDED YESTERDAY.
  NO SIGNIFICANT WEATHER WAS OBSERVED.


RELATIVE HUMIDITY (PERCENT)
 HIGHEST    92          1200 AM
 LOWEST     55           200 PM
 AVERAGE    74

..........................................................


THE DUBUQUE IA CLIMATE NORMALS FOR TODAY
                         NORMAL    RECORD    YEAR
 MAXIMUM TEMPERATURE (F)   72        90      1955
                                             1948
                                             1891
 MINIMUM TEMPERATURE (F)   51        35      1929
                                             1903


SUNRISE AND SUNSET
SEPTEMBER 18 2014.....SUNRISE   646 AM CDT   SUNSET   707 PM CDT
SEPTEMBER 19 2014.....SUNRISE   647 AM CDT   SUNSET   705 PM CDT


-  INDICATES NEGATIVE NUMBERS.
R  INDICATES RECORD WAS SET OR TIED.
MM INDICATES DATA IS MISSING.
T  INDICATES TRACE AMOUNT.




$$
