000
CDUS41 KLWX 270527
CLIDCA


CLIMATE REPORT
NATIONAL WEATHER SERVICE BALTIMORE MD/WASHINGTON DC
126 AM EDT FRI MAY 27 2016


...................................

...THE WASHINGTON NATIONAL DC CLIMATE SUMMARY FOR MAY 26 2016...

CLIMATE NORMAL PERIOD 1981 TO 2010
CLIMATE RECORD PERIOD 1871 TO 2016


WEATHER ITEM   OBSERVED TIME   RECORD YEAR NORMAL DEPARTURE LAST
                VALUE   (LST)  VALUE       VALUE  FROM      YEAR
                                                  NORMAL
..................................................................
TEMPERATURE (F)
 YESTERDAY
  MAXIMUM         88    352 PM  96    1880  78     10       88
  MINIMUM         63    543 AM  42    1899  60      3       69
  AVERAGE         76                        69      7       79

PRECIPITATION (IN)
  YESTERDAY        0.00          1.65 2009   0.13  -0.13     0.00
  MONTH TO DATE    5.22                      3.34   1.88     1.91
  SINCE MAR 1      8.43                      9.88  -1.45     9.36
  SINCE JAN 1     14.90                     15.31  -0.41    14.77

SNOWFALL (IN)
  YESTERDAY        0.0          MM      MM   0.0    0.0
  MONTH TO DATE    T                         0.0    0.0
  SINCE JUL 1     22.2                      15.4    6.8
  SNOW DEPTH       0

DEGREE DAYS
 HEATING
  YESTERDAY        0                         1     -1        0
  MONTH TO DATE  119                        74     45       16
  SINCE MAR 1    739                       912   -173      800
  SINCE JUL 1   3340                      4020   -680     3924

 COOLING
  YESTERDAY       11                         5      6       14
  MONTH TO DATE   31                        78    -47      192
  SINCE MAR 1     67                       104    -37      212
  SINCE JAN 1     67                       104    -37      212
..................................................................


WIND (MPH)
  HIGHEST WIND SPEED    15   HIGHEST WIND DIRECTION     S (170)
  HIGHEST GUST SPEED    21   HIGHEST GUST DIRECTION     S (190)
  AVERAGE WIND SPEED     7.8


SKY COVER
  POSSIBLE SUNSHINE  MM
  AVERAGE SKY COVER 0.7


WEATHER CONDITIONS
 THE FOLLOWING WEATHER WAS RECORDED YESTERDAY.
  NO SIGNIFICANT WEATHER WAS OBSERVED.


RELATIVE HUMIDITY (PERCENT)
 HIGHEST    93           300 AM
 LOWEST     46           200 PM
 AVERAGE    70

..........................................................


THE WASHINGTON NATIONAL DC CLIMATE NORMALS FOR TODAY
                         NORMAL    RECORD    YEAR
 MAXIMUM TEMPERATURE (F)   78        95      1965
                                             1914
                                             1880
 MINIMUM TEMPERATURE (F)   60        42      1915


SUNRISE AND SUNSET
MAY 27 2016...........SUNRISE   547 AM EDT   SUNSET   824 PM EDT
MAY 28 2016...........SUNRISE   546 AM EDT   SUNSET   825 PM EDT


-  INDICATES NEGATIVE NUMBERS.
R  INDICATES RECORD WAS SET OR TIED.
MM INDICATES DATA IS MISSING.
T  INDICATES TRACE AMOUNT.




$$
