000
CDUS41 KLWX 250528
CLIDCA


CLIMATE REPORT
NATIONAL WEATHER SERVICE BALTIMORE MD/WASHINGTON DC
127 AM EDT FRI APR 25 2014


...................................

...THE WASHINGTON NATIONAL DC CLIMATE SUMMARY FOR APRIL 24 2014...

CLIMATE NORMAL PERIOD 1981 TO 2010
CLIMATE RECORD PERIOD 1871 TO 2014


WEATHER ITEM   OBSERVED TIME   RECORD YEAR NORMAL DEPARTURE LAST
                VALUE   (LST)  VALUE       VALUE  FROM      YEAR
                                                  NORMAL
..................................................................
TEMPERATURE (F)
 YESTERDAY
  MAXIMUM         66    406 PM  94    1960  69     -3       79
                                      1925
  MINIMUM         45    557 AM  34    1930  50     -5       48
                                      1882
  AVERAGE         56                        60     -4       64

PRECIPITATION (IN)
  YESTERDAY        0.00          1.23 1977   0.10  -0.10      T
  MONTH TO DATE    2.04                      2.44  -0.40     2.50
  SINCE MAR 1      6.30                      5.92   0.38     5.30
  SINCE JAN 1     12.90                     11.35   1.55     9.50

SNOWFALL (IN)
  YESTERDAY        0.0           T    2011   0.0    0.0
                                      1930
                                      1927
  MONTH TO DATE    T                         0.0    0.0
  SINCE JUL 1     32.0                      15.4   16.6
  SNOW DEPTH       0

DEGREE DAYS
 HEATING
  YESTERDAY        9                         7      2        1
  MONTH TO DATE  202                       235    -33      179
  SINCE MAR 1    880                       803     77      830
  SINCE JUL 1   4046                      3911    135     3644

 COOLING
  YESTERDAY        0                         1     -1        0
  MONTH TO DATE   21                        15      6       41
  SINCE MAR 1     21                        17      4       41
  SINCE JAN 1     21                        17      4       41
..................................................................


WIND (MPH)
  HIGHEST WIND SPEED    20   HIGHEST WIND DIRECTION    NW (320)
  HIGHEST GUST SPEED    24   HIGHEST GUST DIRECTION     N (340)
  AVERAGE WIND SPEED     7.9


SKY COVER
  POSSIBLE SUNSHINE  MM
  AVERAGE SKY COVER 0.4


WEATHER CONDITIONS
 THE FOLLOWING WEATHER WAS RECORDED YESTERDAY.
  NO SIGNIFICANT WEATHER WAS OBSERVED.


RELATIVE HUMIDITY (PERCENT)
 HIGHEST    46          1200 AM
 LOWEST     20           200 PM
 AVERAGE    33

..........................................................


THE WASHINGTON NATIONAL DC CLIMATE NORMALS FOR TODAY
                         NORMAL    RECORD    YEAR
 MAXIMUM TEMPERATURE (F)   70        93      1960
                                             1915
 MINIMUM TEMPERATURE (F)   50        32      1883


SUNRISE AND SUNSET
APRIL 25 2014.........SUNRISE   618 AM EDT   SUNSET   755 PM EDT
APRIL 26 2014.........SUNRISE   617 AM EDT   SUNSET   756 PM EDT


-  INDICATES NEGATIVE NUMBERS.
R  INDICATES RECORD WAS SET OR TIED.
MM INDICATES DATA IS MISSING.
T  INDICATES TRACE AMOUNT.




$$
