000
CDUS41 KLWX 250528
CLIDCA


CLIMATE REPORT
NATIONAL WEATHER SERVICE BALTIMORE MD/WASHINGTON DC
127 AM EDT MON JUL 25 2016


...................................

...THE WASHINGTON NATIONAL DC CLIMATE SUMMARY FOR JULY 24 2016...

CLIMATE NORMAL PERIOD 1981 TO 2010
CLIMATE RECORD PERIOD 1871 TO 2016


WEATHER ITEM   OBSERVED TIME   RECORD YEAR NORMAL DEPARTURE LAST
                VALUE   (LST)  VALUE       VALUE  FROM      YEAR
                                                  NORMAL
..................................................................
TEMPERATURE (F)
 YESTERDAY
  MAXIMUM         97    359 PM 101    2010  88      9       90
  MINIMUM         80    533 AM  57    1947  71      9       69
  AVERAGE         89                        80      9       80

PRECIPITATION (IN)
  YESTERDAY        T             2.20 1904   0.12  -0.12     0.00
  MONTH TO DATE    2.43                      2.92  -0.49     3.54
  SINCE JUN 1      6.11                      6.70  -0.59    15.48
  SINCE JAN 1     21.44                     22.66  -1.22    30.26

SNOWFALL (IN)
  YESTERDAY        0.0          MM      MM   0.0    0.0
  MONTH TO DATE    0.0                       0.0    0.0
  SINCE JUL 1      0.0                       0.0    0.0
  SNOW DEPTH       0

DEGREE DAYS
 HEATING
  YESTERDAY        0                         0      0        0
  MONTH TO DATE    0                         0      0        0
  SINCE JUN 1      0                         6     -6        6
  SINCE JUL 1      0                         0      0        0

 COOLING
  YESTERDAY       24                        15      9       15
  MONTH TO DATE  407                       355     52      390
  SINCE JUN 1    752                       669     83      797
  SINCE JAN 1    880                       803     77     1095
..................................................................


WIND (MPH)
  HIGHEST WIND SPEED    14   HIGHEST WIND DIRECTION     S (180)
  HIGHEST GUST SPEED    16   HIGHEST GUST DIRECTION     S (170)
  AVERAGE WIND SPEED     6.9


SKY COVER
  POSSIBLE SUNSHINE  MM
  AVERAGE SKY COVER 0.6


WEATHER CONDITIONS
 THE FOLLOWING WEATHER WAS RECORDED YESTERDAY.
  THUNDERSTORM
  LIGHT RAIN


RELATIVE HUMIDITY (PERCENT)
 HIGHEST    82          1200 AM
 LOWEST     38           300 PM
 AVERAGE    60

..........................................................


THE WASHINGTON NATIONAL DC CLIMATE NORMALS FOR TODAY
                         NORMAL    RECORD    YEAR
 MAXIMUM TEMPERATURE (F)   88       100      1930
 MINIMUM TEMPERATURE (F)   71        58      1915
                                             1876


SUNRISE AND SUNSET
JULY 25 2016..........SUNRISE   604 AM EDT   SUNSET   825 PM EDT
JULY 26 2016..........SUNRISE   604 AM EDT   SUNSET   824 PM EDT


-  INDICATES NEGATIVE NUMBERS.
R  INDICATES RECORD WAS SET OR TIED.
MM INDICATES DATA IS MISSING.
T  INDICATES TRACE AMOUNT.




$$
