000
CDUS41 KALY 290631
CLIDDH


CLIMATE REPORT
NATIONAL WEATHER SERVICE ALBANY NY
229 AM EDT SAT APR 29 2017


...................................

...THE BENNINGTON VT CLIMATE SUMMARY FOR APRIL 28 2017...

CLIMATE NORMAL PERIOD 1981 TO 2010
CLIMATE RECORD PERIOD 9999 TO 9999


WEATHER ITEM   OBSERVED TIME   NORMAL DEPARTURE LAST
                VALUE   (LST)  VALUE  FROM      YEAR
                                      NORMAL
......................................................
TEMPERATURE (F)
 YESTERDAY
  MAXIMUM         77    330 PM  62     15       56
  MINIMUM         53   1043 PM  39     14       27
  AVERAGE         65            50     15       42

PRECIPITATION (IN)
  YESTERDAY        T             0.11  -0.11     0.00
  MONTH TO DATE    2.35          3.04  -0.69     2.63
  SINCE MAR 1      5.46          6.19  -0.73     5.09
  SINCE JAN 1      9.09         11.18  -2.09    10.13

DEGREE DAYS
 HEATING
  YESTERDAY        0            15    -15       23
  MONTH TO DATE  416           558   -142      618
  SINCE MAR 1   1522          1542    -20     1382
  SINCE JUL 1   6057          6793   -736     5715

 COOLING
  YESTERDAY        0             0      0        0
  MONTH TO DATE    3             0      3        1
  SINCE MAR 1      3             0      3        1
  SINCE JAN 1      3             0      3        1
......................................................


WIND (MPH)
  HIGHEST WIND SPEED    15   HIGHEST WIND DIRECTION    SW (210)
  HIGHEST GUST SPEED    24   HIGHEST GUST DIRECTION    SW (210)
  AVERAGE WIND SPEED     3.7


SKY COVER
  AVERAGE SKY COVER 0.5



RELATIVE HUMIDITY (PERCENT)
 HIGHEST    90           500 AM
 LOWEST     29           200 PM
 AVERAGE    60

..........................................................


THE BENNINGTON VT CLIMATE NORMALS FOR TODAY
                         NORMAL
 MAXIMUM TEMPERATURE (F)   62
 MINIMUM TEMPERATURE (F)   39


SUNRISE AND SUNSET
APRIL 29 2017.........SUNRISE   550 AM EDT   SUNSET   752 PM EDT
APRIL 30 2017.........SUNRISE   548 AM EDT   SUNSET   753 PM EDT


-  INDICATES NEGATIVE NUMBERS.
R  INDICATES RECORD WAS SET OR TIED.
MM INDICATES DATA IS MISSING.
T  INDICATES TRACE AMOUNT.




$$
