000
CDUS41 KALY 270627
CLIDDH


CLIMATE REPORT
NATIONAL WEATHER SERVICE ALBANY NY
127 AM EST MON FEB 27 2017


...................................

...THE BENNINGTON VT CLIMATE SUMMARY FOR FEBRUARY 26 2017...

CLIMATE NORMAL PERIOD 1981 TO 2010
CLIMATE RECORD PERIOD 9999 TO 9999


WEATHER ITEM   OBSERVED TIME   NORMAL DEPARTURE LAST
                VALUE   (LST)  VALUE  FROM      YEAR
                                      NORMAL
......................................................
TEMPERATURE (F)
 YESTERDAY
  MAXIMUM         36   1209 AM  38     -2       31
  MINIMUM         22   1134 PM  18      4       18
  AVERAGE         29            28      1       25

PRECIPITATION (IN)
  YESTERDAY        T             0.09  -0.09     0.02
  MONTH TO DATE    1.92          2.05  -0.13     3.80
  SINCE DEC 1      5.72          7.59  -1.87     8.66
  SINCE JAN 1      3.63          4.80  -1.17     4.91

DEGREE DAYS
 HEATING
  YESTERDAY       36            37     -1       40
  MONTH TO DATE  891          1046   -155      940
  SINCE DEC 1   3115          3564   -449     2902
  SINCE JUL 1   4485          5177   -692     4245

 COOLING
  YESTERDAY        0             0      0        0
  MONTH TO DATE    0             0      0        0
  SINCE DEC 1      0             0      0        0
  SINCE JAN 1      0             0      0        0
......................................................


WIND (MPH)
  HIGHEST WIND SPEED    22   HIGHEST WIND DIRECTION     W (290)
  HIGHEST GUST SPEED    31   HIGHEST GUST DIRECTION     W (290)
  AVERAGE WIND SPEED     9.9


SKY COVER
  AVERAGE SKY COVER 0.8



RELATIVE HUMIDITY (PERCENT)
 HIGHEST    89          1200 AM
 LOWEST     41           200 PM
 AVERAGE    65

..........................................................


THE BENNINGTON VT CLIMATE NORMALS FOR TODAY
                         NORMAL
 MAXIMUM TEMPERATURE (F)   38
 MINIMUM TEMPERATURE (F)   18


SUNRISE AND SUNSET
FEBRUARY 27 2017......SUNRISE   632 AM EST   SUNSET   540 PM EST
FEBRUARY 28 2017......SUNRISE   630 AM EST   SUNSET   541 PM EST


-  INDICATES NEGATIVE NUMBERS.
R  INDICATES RECORD WAS SET OR TIED.
MM INDICATES DATA IS MISSING.
T  INDICATES TRACE AMOUNT.




$$
