000
CDUS41 KALY 210623
CLIDDH


CLIMATE REPORT
NATIONAL WEATHER SERVICE ALBANY NY
223 AM EDT MON AUG 21 2017


...................................

...THE BENNINGTON VT CLIMATE SUMMARY FOR AUGUST 20 2017...

CLIMATE NORMAL PERIOD 1981 TO 2010
CLIMATE RECORD PERIOD 9999 TO 9999


WEATHER ITEM   OBSERVED TIME   NORMAL DEPARTURE LAST
                VALUE   (LST)  VALUE  FROM      YEAR
                                      NORMAL
......................................................
TEMPERATURE (F)
 YESTERDAY
  MAXIMUM         80    102 PM  77      3       86
  MINIMUM         57   1153 PM  55      2       52
  AVERAGE         69            66      3       69

PRECIPITATION (IN)
  YESTERDAY        0.00          0.13  -0.13     0.00
  MONTH TO DATE    2.61          2.72  -0.11     2.98
  SINCE JUN 1     15.89         11.19   4.70     7.11
  SINCE JAN 1     32.13         26.26   5.87    20.16

DEGREE DAYS
 HEATING
  YESTERDAY        0             1     -1        0
  MONTH TO DATE    9            20    -11        0
  SINCE JUN 1    117           141    -24       79
  SINCE JUL 1     22            44    -22       10

 COOLING
  YESTERDAY        4             3      1        4
  MONTH TO DATE   70            72     -2      136
  SINCE JUN 1    276           253     23      360
  SINCE JAN 1    291           267     24      402
......................................................


WIND (MPH)
  HIGHEST WIND SPEED    14   HIGHEST WIND DIRECTION     W (270)
  HIGHEST GUST SPEED    19   HIGHEST GUST DIRECTION     W (260)
  AVERAGE WIND SPEED     5.1


SKY COVER
  AVERAGE SKY COVER 0.4



RELATIVE HUMIDITY (PERCENT)
 HIGHEST    97           900 PM
 LOWEST     47           100 PM
 AVERAGE    72

..........................................................


THE BENNINGTON VT CLIMATE NORMALS FOR TODAY
                         NORMAL
 MAXIMUM TEMPERATURE (F)   77
 MINIMUM TEMPERATURE (F)   55


SUNRISE AND SUNSET
AUGUST 21 2017........SUNRISE   606 AM EDT   SUNSET   745 PM EDT
AUGUST 22 2017........SUNRISE   607 AM EDT   SUNSET   744 PM EDT


-  INDICATES NEGATIVE NUMBERS.
R  INDICATES RECORD WAS SET OR TIED.
MM INDICATES DATA IS MISSING.
T  INDICATES TRACE AMOUNT.




$$
