000
CDUS41 KALY 250638
CLIDDH


CLIMATE REPORT
NATIONAL WEATHER SERVICE ALBANY NY
222 AM EDT MON JUL 25 2016


...................................

...THE BENNINGTON VT CLIMATE SUMMARY FOR JULY 24 2016...

CLIMATE NORMAL PERIOD 1981 TO 2010
CLIMATE RECORD PERIOD 9999 TO 9999


WEATHER ITEM   OBSERVED TIME   NORMAL DEPARTURE LAST
                VALUE   (LST)  VALUE  FROM      YEAR
                                      NORMAL
......................................................
TEMPERATURE (F)
 YESTERDAY
  MAXIMUM         84    414 PM  80      4       78
  MINIMUM         53    501 AM  57     -4       48
  AVERAGE         69            68      1       63

PRECIPITATION (IN)
  YESTERDAY        0.00          0.14  -0.14      T
  MONTH TO DATE    1.34          3.35  -2.01     1.92
  SINCE JUN 1      3.08          7.48  -4.40     4.87
  SINCE JAN 1     16.13         22.55  -6.42    12.43

DEGREE DAYS
 HEATING
  YESTERDAY        0             1     -1        2
  MONTH TO DATE   10            24    -14       27
  SINCE JUN 1     79           121    -42      122
  SINCE JUL 1     10            24    -14       27

 COOLING
  YESTERDAY        4             4      0        0
  MONTH TO DATE  117            95     22       83
  SINCE JUN 1    175           153     22      130
  SINCE JAN 1    217           167     50      194
......................................................


WIND (MPH)
  HIGHEST WIND SPEED    10   HIGHEST WIND DIRECTION     N (340)
  HIGHEST GUST SPEED    14   HIGHEST GUST DIRECTION     W (290)
  AVERAGE WIND SPEED     2.3


SKY COVER
  AVERAGE SKY COVER 0.3



RELATIVE HUMIDITY (PERCENT)
 HIGHEST   100           200 AM
 LOWEST     37           400 PM
 AVERAGE    69

..........................................................


THE BENNINGTON VT CLIMATE NORMALS FOR TODAY
                         NORMAL
 MAXIMUM TEMPERATURE (F)   80
 MINIMUM TEMPERATURE (F)   57


SUNRISE AND SUNSET
JULY 25 2016..........SUNRISE   538 AM EDT   SUNSET   821 PM EDT
JULY 26 2016..........SUNRISE   538 AM EDT   SUNSET   820 PM EDT


-  INDICATES NEGATIVE NUMBERS.
R  INDICATES RECORD WAS SET OR TIED.
MM INDICATES DATA IS MISSING.
T  INDICATES TRACE AMOUNT.




$$
