000
CDUS43 KILX 300642
CLIDEC


CLIMATE REPORT
NATIONAL WEATHER SERVICE LINCOLN IL
141 AM CDT MON MAY 30 2016


...................................

...THE DECATUR IL AIRPORT CLIMATE SUMMARY FOR MAY 29 2016...

CLIMATE NORMAL PERIOD 1981 TO 2010
CLIMATE RECORD PERIOD 9999 TO 9999


WEATHER ITEM   OBSERVED TIME   RECORD YEAR NORMAL DEPARTURE LAST
                VALUE   (LST)  VALUE       VALUE  FROM      YEAR
                                                  NORMAL
..................................................................
TEMPERATURE (F)
 YESTERDAY
  MAXIMUM         85    240 PM  MM      MM  78      7       84
  MINIMUM         65   1156 PM  MM      MM  56      9       64
  AVERAGE         75                        67      8       74

PRECIPITATION (IN)
  YESTERDAY        0.00         MM      MM   0.10  -0.10     0.02
  MONTH TO DATE    3.04                      4.07  -1.03     4.55
  SINCE MAR 1      9.56                     10.51  -0.95     8.18
  SINCE JAN 1     10.75                     14.23  -3.48     9.43

DEGREE DAYS
 HEATING
  YESTERDAY        0                         2     -2        0
  MONTH TO DATE  138                       137      1       79
  SINCE MAR 1    993                      1243   -250     1169
  SINCE JUL 1   4485                      5500  -1015     5815

 COOLING
  YESTERDAY       10                         4      6        9
  MONTH TO DATE   65                        65      0      141
  SINCE MAR 1     72                        79     -7      144
  SINCE JAN 1     72                        79     -7      144
..................................................................


WIND (MPH)
  HIGHEST WIND SPEED    17   HIGHEST WIND DIRECTION     W (270)
  HIGHEST GUST SPEED    22   HIGHEST GUST DIRECTION    SW (220)
  AVERAGE WIND SPEED     7.6


SKY COVER
  POSSIBLE SUNSHINE  MM
  AVERAGE SKY COVER 0.1


WEATHER CONDITIONS
 THE FOLLOWING WEATHER WAS RECORDED YESTERDAY.
  NO SIGNIFICANT WEATHER WAS OBSERVED.


RELATIVE HUMIDITY (PERCENT)
 HIGHEST    93           300 AM
 LOWEST     34           400 PM
 AVERAGE    64

..........................................................


THE DECATUR IL AIRPORT CLIMATE NORMALS FOR TODAY
                         NORMAL    RECORD    YEAR
 MAXIMUM TEMPERATURE (F)   78        MM        MM
 MINIMUM TEMPERATURE (F)   56        MM        MM


SUNRISE AND SUNSET
MAY 30 2016...........SUNRISE   530 AM CDT   SUNSET   817 PM CDT
MAY 31 2016...........SUNRISE   529 AM CDT   SUNSET   817 PM CDT


-  INDICATES NEGATIVE NUMBERS.
R  INDICATES RECORD WAS SET OR TIED.
MM INDICATES DATA IS MISSING.
T  INDICATES TRACE AMOUNT.




$$
