050
CDUS43 KILX 290635
CLIDEC


CLIMATE REPORT
NATIONAL WEATHER SERVICE LINCOLN IL
135 AM CDT FRI JUL 29 2016


...................................

...THE DECATUR IL AIRPORT CLIMATE SUMMARY FOR JULY 28 2016...

CLIMATE NORMAL PERIOD 1981 TO 2010
CLIMATE RECORD PERIOD 9999 TO 9999


WEATHER ITEM   OBSERVED TIME   RECORD YEAR NORMAL DEPARTURE LAST
                VALUE   (LST)  VALUE       VALUE  FROM      YEAR
                                                  NORMAL
..................................................................
TEMPERATURE (F)
 YESTERDAY
  MAXIMUM         86    259 PM  MM      MM  86      0       92
  MINIMUM         69   1147 PM  MM      MM  64      5       70
  AVERAGE         78                        75      3       81

PRECIPITATION (IN)
  YESTERDAY        0.32         MM      MM   0.11   0.21     0.01
  MONTH TO DATE    4.77                      3.53   1.24     4.66
  SINCE JUN 1      6.93                      7.88  -0.95     9.92
  SINCE JAN 1     17.79                     22.33  -4.54    20.62

DEGREE DAYS
 HEATING
  YESTERDAY        0                         0      0        0
  MONTH TO DATE    5                         0      5        1
  SINCE JUN 1      5                        17    -12        8
  SINCE JUL 1      5                         0      5        1

 COOLING
  YESTERDAY       13                        10      3       16
  MONTH TO DATE  327                       302     25      256
  SINCE JUN 1    650                       531    119      514
  SINCE JAN 1    740                       618    122      658
..................................................................


WIND (MPH)
  HIGHEST WIND SPEED    17   HIGHEST WIND DIRECTION     N (350)
  HIGHEST GUST SPEED    21   HIGHEST GUST DIRECTION     N (350)
  AVERAGE WIND SPEED     3.9


SKY COVER
  POSSIBLE SUNSHINE  MM
  AVERAGE SKY COVER 0.1


WEATHER CONDITIONS
 THE FOLLOWING WEATHER WAS RECORDED YESTERDAY.
  THUNDERSTORM
  RAIN
  LIGHT RAIN
  FOG


RELATIVE HUMIDITY (PERCENT)
 HIGHEST    93           200 AM
 LOWEST     61           500 PM
 AVERAGE    77

..........................................................


THE DECATUR IL AIRPORT CLIMATE NORMALS FOR TODAY
                         NORMAL    RECORD    YEAR
 MAXIMUM TEMPERATURE (F)   86        MM        MM
 MINIMUM TEMPERATURE (F)   64        MM        MM


SUNRISE AND SUNSET
JULY 29 2016..........SUNRISE   552 AM CDT   SUNSET   811 PM CDT
JULY 30 2016..........SUNRISE   553 AM CDT   SUNSET   810 PM CDT


-  INDICATES NEGATIVE NUMBERS.
R  INDICATES RECORD WAS SET OR TIED.
MM INDICATES DATA IS MISSING.
T  INDICATES TRACE AMOUNT.




$$
