000
CDUS43 KILX 280632
CLIDEC


CLIMATE REPORT
NATIONAL WEATHER SERVICE LINCOLN IL
130 AM CDT TUE JUL 28 2015


...................................

...THE DECATUR IL AIRPORT CLIMATE SUMMARY FOR JULY 27 2015...

CLIMATE NORMAL PERIOD 1981 TO 2010
CLIMATE RECORD PERIOD 9999 TO 9999


WEATHER ITEM   OBSERVED TIME   RECORD YEAR NORMAL DEPARTURE LAST
                VALUE   (LST)  VALUE       VALUE  FROM      YEAR
                                                  NORMAL
..................................................................
TEMPERATURE (F)
 YESTERDAY
  MAXIMUM         89    128 PM  MM      MM  86      3       87
  MINIMUM         68    330 AM  MM      MM  64      4       67
  AVERAGE         79                        75      4       77

PRECIPITATION (IN)
  YESTERDAY        0.00         MM      MM   0.12  -0.12     0.00
  MONTH TO DATE    4.65                      3.42   1.23     2.44
  SINCE JUN 1      9.91                      7.77   2.14     9.34
  SINCE JAN 1     20.61                     22.22  -1.61    19.00

DEGREE DAYS
 HEATING
  YESTERDAY        0                         0      0        0
  MONTH TO DATE    1                         0      1        2
  SINCE JUN 1      8                        17     -9        3
  SINCE JUL 1      1                         0      1        2

 COOLING
  YESTERDAY       14                        10      4       12
  MONTH TO DATE  240                       292    -52      166
  SINCE JUN 1    498                       521    -23      442
  SINCE JAN 1    642                       608     34      587
..................................................................


WIND (MPH)
  HIGHEST WIND SPEED    10   HIGHEST WIND DIRECTION    NE (60)
  HIGHEST GUST SPEED    14   HIGHEST GUST DIRECTION    NE (60)
  AVERAGE WIND SPEED     4.5


SKY COVER
  POSSIBLE SUNSHINE  MM
  AVERAGE SKY COVER 0.3


WEATHER CONDITIONS
 THE FOLLOWING WEATHER WAS RECORDED YESTERDAY.
  FOG


RELATIVE HUMIDITY (PERCENT)
 HIGHEST    97           300 AM
 LOWEST     63           100 PM
 AVERAGE    80

..........................................................


THE DECATUR IL AIRPORT CLIMATE NORMALS FOR TODAY
                         NORMAL    RECORD    YEAR
 MAXIMUM TEMPERATURE (F)   86        MM        MM
 MINIMUM TEMPERATURE (F)   64        MM        MM


SUNRISE AND SUNSET
JULY 28 2015..........SUNRISE   550 AM CDT   SUNSET   813 PM CDT
JULY 29 2015..........SUNRISE   551 AM CDT   SUNSET   812 PM CDT


-  INDICATES NEGATIVE NUMBERS.
R  INDICATES RECORD WAS SET OR TIED.
MM INDICATES DATA IS MISSING.
T  INDICATES TRACE AMOUNT.




$$
