000
CDUS43 KILX 010650
CLIDEC


CLIMATE REPORT
NATIONAL WEATHER SERVICE LINCOLN IL
149 AM CDT SAT NOV 1 2014


...................................

...THE DECATUR IL AIRPORT CLIMATE SUMMARY FOR OCTOBER 31 2014...

CLIMATE NORMAL PERIOD 1981 TO 2010
CLIMATE RECORD PERIOD 9999 TO 9999


WEATHER ITEM   OBSERVED TIME   RECORD YEAR NORMAL DEPARTURE LAST
                VALUE   (LST)  VALUE       VALUE  FROM      YEAR
                                                  NORMAL
..................................................................
TEMPERATURE (F)
 YESTERDAY
  MAXIMUM         47    426 AM  MM      MM  60    -13       66
  MINIMUM         32   1158 PM  MM      MM  40     -8       48
  AVERAGE         40                        50    -10       57

PRECIPITATION (IN)
  YESTERDAY        0.00         MM      MM   0.11  -0.11     1.65
  MONTH TO DATE    5.17                      3.28   1.89     3.99
  SINCE SEP 1      9.09                      6.17   2.92     4.58
  SINCE JAN 1     33.02                     32.48   0.54    30.95

DEGREE DAYS
 HEATING
  YESTERDAY       25                        16      9        8
  MONTH TO DATE  323                       346    -23      336
  SINCE SEP 1    410                       412     -2      379
  SINCE JUL 1    412                       418     -6      389

 COOLING
  YESTERDAY        0                         0      0        0
  MONTH TO DATE   14                        19     -5       40
  SINCE SEP 1    107                       130    -23      207
  SINCE JAN 1   1011                      1048    -37     1079
..................................................................


WIND (MPH)
  HIGHEST WIND SPEED    33   HIGHEST WIND DIRECTION     N (350)
  HIGHEST GUST SPEED    42   HIGHEST GUST DIRECTION     N (350)
  AVERAGE WIND SPEED    19.4


SKY COVER
  POSSIBLE SUNSHINE  MM
  AVERAGE SKY COVER 0.7


WEATHER CONDITIONS
 THE FOLLOWING WEATHER WAS RECORDED YESTERDAY.
  NO SIGNIFICANT WEATHER WAS OBSERVED.


RELATIVE HUMIDITY (PERCENT)
 HIGHEST    93          1200 AM
 LOWEST     46           400 PM
 AVERAGE    70

..........................................................


THE DECATUR IL AIRPORT CLIMATE NORMALS FOR TODAY
                         NORMAL    RECORD    YEAR
 MAXIMUM TEMPERATURE (F)   59        MM        MM
 MINIMUM TEMPERATURE (F)   39        MM        MM


SUNRISE AND SUNSET
NOVEMBER  1 2014......SUNRISE   724 AM CDT   SUNSET   553 PM CDT
NOVEMBER  2 2014......SUNRISE   625 AM CST   SUNSET   452 PM CST


-  INDICATES NEGATIVE NUMBERS.
R  INDICATES RECORD WAS SET OR TIED.
MM INDICATES DATA IS MISSING.
T  INDICATES TRACE AMOUNT.




$$
