000
CDUS43 KILX 020633
CLIDEC


CLIMATE REPORT
NATIONAL WEATHER SERVICE LINCOLN IL
132 AM CDT TUE JUN 2 2015


...................................

...THE DECATUR IL AIRPORT CLIMATE SUMMARY FOR JUNE 1 2015...

CLIMATE NORMAL PERIOD 1981 TO 2010
CLIMATE RECORD PERIOD 9999 TO 9999


WEATHER ITEM   OBSERVED TIME   RECORD YEAR NORMAL DEPARTURE LAST
                VALUE   (LST)  VALUE       VALUE  FROM      YEAR
                                                  NORMAL
..................................................................
TEMPERATURE (F)
 YESTERDAY
  MAXIMUM         68    415 PM  MM      MM  79    -11       90
  MINIMUM         53   1124 PM  MM      MM  57     -4       65
  AVERAGE         61                        68     -7       78

PRECIPITATION (IN)
  YESTERDAY        0.00         MM      MM   0.15  -0.15     0.02
  MONTH TO DATE    0.00                      0.15  -0.15     0.02
  SINCE JUN 1      0.00                      0.15  -0.15     0.02
  SINCE JAN 1     10.70                     14.60  -3.90     9.68

DEGREE DAYS
 HEATING
  YESTERDAY        4                         2      2        0
  MONTH TO DATE    4                         2      2        0
  SINCE JUN 1      4                         2      2        0
  SINCE JUL 1   5831                      5506    325     6151

 COOLING
  YESTERDAY        0                         5     -5       13
  MONTH TO DATE    0                         5     -5       13
  SINCE JUN 1      0                         5     -5       13
  SINCE JAN 1    144                        92     52      158
..................................................................


WIND (MPH)
  HIGHEST WIND SPEED    15   HIGHEST WIND DIRECTION    NE (50)
  HIGHEST GUST SPEED    21   HIGHEST GUST DIRECTION     E (70)
  AVERAGE WIND SPEED     9.4


SKY COVER
  POSSIBLE SUNSHINE  MM
  AVERAGE SKY COVER 0.9


WEATHER CONDITIONS
 THE FOLLOWING WEATHER WAS RECORDED YESTERDAY.
  NO SIGNIFICANT WEATHER WAS OBSERVED.


RELATIVE HUMIDITY (PERCENT)
 HIGHEST    93          1200 AM
 LOWEST     68           200 PM
 AVERAGE    81

..........................................................


THE DECATUR IL AIRPORT CLIMATE NORMALS FOR TODAY
                         NORMAL    RECORD    YEAR
 MAXIMUM TEMPERATURE (F)   79        MM        MM
 MINIMUM TEMPERATURE (F)   57        MM        MM


SUNRISE AND SUNSET
JUNE  2 2015..........SUNRISE   529 AM CDT   SUNSET   818 PM CDT
JUNE  3 2015..........SUNRISE   529 AM CDT   SUNSET   819 PM CDT


-  INDICATES NEGATIVE NUMBERS.
R  INDICATES RECORD WAS SET OR TIED.
MM INDICATES DATA IS MISSING.
T  INDICATES TRACE AMOUNT.




$$
