574
CDUS45 KBOU 180752
CLIDEN


CLIMATE REPORT
NATIONAL WEATHER SERVICE DENVER/BOULDER CO
151 AM MDT WED OCT 18 2017


...................................

...THE DENVER CO CLIMATE SUMMARY FOR OCTOBER 17 2017...

CLIMATE NORMAL PERIOD 1981 TO 2010
CLIMATE RECORD PERIOD 1872 TO 2017


WEATHER ITEM   OBSERVED TIME   RECORD YEAR NORMAL DEPARTURE LAST
                VALUE   (LST)  VALUE       VALUE  FROM      YEAR
                                                  NORMAL
..................................................................
TEMPERATURE (F)
 YESTERDAY
  MAXIMUM         77    334 PM  86    1926  65     12       77
  MINIMUM         41    155 AM  18    1969  36      5       36
  AVERAGE         59                        50      9       57

PRECIPITATION (IN)
  YESTERDAY        0.00          1.06 1993   0.04  -0.04     0.00
  MONTH TO DATE    0.94                      0.61   0.33     0.26
  SINCE SEP 1      2.20                      1.57   0.63     0.54
  SINCE JAN 1     11.17                     12.93  -1.76    10.55

SNOWFALL (IN)
  YESTERDAY        0.0
  MONTH TO DATE    2.8
  SINCE SEP 1      2.8
  SINCE JUL 1      2.8
  SNOW DEPTH       0


DEGREE DAYS
 HEATING
  YESTERDAY        6                        15     -9        8
  MONTH TO DATE  225                       198     27      125
  SINCE SEP 1    347                       323     24      189
  SINCE JUL 1    355                       339     16      204

 COOLING
  YESTERDAY        0                         0      0        0
  MONTH TO DATE    0                         1     -1       13
  SINCE SEP 1    131                        77     54      112
  SINCE JAN 1    880                       765    115      874
..................................................................


WIND (MPH)
  HIGHEST WIND SPEED    18   HIGHEST WIND DIRECTION    SW (210)
  HIGHEST GUST SPEED    21   HIGHEST GUST DIRECTION     S (200)
  AVERAGE WIND SPEED     9.5


SKY COVER **
  POSSIBLE SUNSHINE  MM
  AVERAGE SKY COVER 0.2


WEATHER CONDITIONS
 THE FOLLOWING WEATHER WAS RECORDED YESTERDAY.
  NO SIGNIFICANT WEATHER WAS OBSERVED.


RELATIVE HUMIDITY (PERCENT)
 HIGHEST    39          1200 AM
 LOWEST      7          1200 PM
 AVERAGE    23

..........................................................


THE DENVER CO CLIMATE NORMALS FOR TODAY
                         NORMAL    RECORD    YEAR
 MAXIMUM TEMPERATURE (F)   64        84      2009
                                             2003
                                             1958
 MINIMUM TEMPERATURE (F)   36        19      1916


SUNRISE AND SUNSET
OCTOBER 18 2017.......SUNRISE   713 AM MDT   SUNSET   615 PM MDT
OCTOBER 19 2017.......SUNRISE   714 AM MDT   SUNSET   613 PM MDT


-  INDICATES NEGATIVE NUMBERS.
R  INDICATES RECORD WAS SET OR TIED.
MM INDICATES DATA IS MISSING.
T  INDICATES TRACE AMOUNT.

&&

** SUNSHINE DATA WILL NO LONGER BE AVAILABLE EFFECTIVE OCTOBER 1ST 2009.




$$
