000
CDUS45 KBOU 042333
CLIDEN


CLIMATE REPORT
NATIONAL WEATHER SERVICE DENVER CO
430 PM MST WED MAR 4 2015


...................................

...THE DENVER CO CLIMATE SUMMARY FOR MARCH 4 2015...
VALID TODAY AS OF 0400 PM LOCAL TIME.

CLIMATE NORMAL PERIOD 1981 TO 2010
CLIMATE RECORD PERIOD 1872 TO 2015


WEATHER ITEM   OBSERVED TIME   RECORD YEAR NORMAL DEPARTURE LAST
                VALUE   (LST)  VALUE       VALUE  FROM      YEAR
                                                  NORMAL
..................................................................
TEMPERATURE (F)
 TODAY
  MAXIMUM         16    359 PM  76    2009  51    -35       61
  MINIMUM         10    813 AM  -3    1978  23    -13       32
                                      1960
                                      1948
  AVERAGE         13                        37    -24       47

PRECIPITATION (IN)
  TODAY            0.04          1.04 1992   0.02   0.02     0.22
  MONTH TO DATE    0.12                      0.07   0.05     0.26
  SINCE MAR 1      0.12                      0.07   0.05     0.26
  SINCE JAN 1      1.75                      0.85   0.90     1.39

DEGREE DAYS
 HEATING
  TODAY           52                        28     24       18
  MONTH TO DATE  180                       114     66      142
  SINCE MAR 1    180                       114     66      142
  SINCE JUL 1   4293                      4553   -260     4661

 COOLING
  TODAY            0                         0      0        0
  MONTH TO DATE    0                         0      0        0
  SINCE MAR 1      0                         0      0        0
  SINCE JAN 1      0                         0      0        0
..................................................................


WIND (MPH)
  HIGHEST WIND SPEED    17   HIGHEST WIND DIRECTION    NE (30)
  HIGHEST GUST SPEED    19   HIGHEST GUST DIRECTION    NE (30)
  AVERAGE WIND SPEED     8.7


SKY COVER **
  POSSIBLE SUNSHINE  MM
  AVERAGE SKY COVER 0.8


WEATHER CONDITIONS
 THE FOLLOWING WEATHER WAS RECORDED TODAY.
  SNOW
  LIGHT SNOW
  FOG
  FOG W/VISIBILITY <= 1/4 MILE
  HAZE


RELATIVE HUMIDITY (PERCENT)
 HIGHEST    92           100 AM
 LOWEST     61           200 PM
 AVERAGE    77

..........................................................


THE DENVER CO CLIMATE NORMALS FOR TOMORROW
                         NORMAL    RECORD    YEAR
 MAXIMUM TEMPERATURE (F)   51        76      1910
 MINIMUM TEMPERATURE (F)   24        -5      1989


SUNRISE AND SUNSET
MARCH  4 2015.........SUNRISE   627 AM MST   SUNSET   553 PM MST
MARCH  5 2015.........SUNRISE   626 AM MST   SUNSET   554 PM MST


-  INDICATES NEGATIVE NUMBERS.
R  INDICATES RECORD WAS SET OR TIED.
MM INDICATES DATA IS MISSING.
T  INDICATES TRACE AMOUNT.




$$
