000
CDUS45 KBOU 142345
CLIDEN


CLIMATE REPORT
NATIONAL WEATHER SERVICE DENVER/BOULDER CO
443 PM MST THU DEC 14 2017


...................................

...THE DENVER CO CLIMATE SUMMARY FOR DECEMBER 14 2017...
VALID TODAY AS OF 0400 PM LOCAL TIME.

CLIMATE NORMAL PERIOD 1981 TO 2010
CLIMATE RECORD PERIOD 1872 TO 2017


WEATHER ITEM   OBSERVED TIME   RECORD YEAR NORMAL DEPARTURE LAST
                VALUE   (LST)  VALUE       VALUE  FROM      YEAR
                                                  NORMAL
..................................................................
TEMPERATURE (F)
 TODAY
  MAXIMUM         38   1220 PM  70    2010  42     -4       29
  MINIMUM         26    804 AM -18    2008  17      9       11
  AVERAGE         32                        30      2       20

PRECIPITATION (IN)
  TODAY            0.03          0.34 1891   0.01   0.02     0.00
  MONTH TO DATE    0.03                      0.17  -0.14     0.15
  SINCE DEC 1      0.03                      0.17  -0.14     0.15
  SINCE JAN 1     11.51                     14.12  -2.61    11.22

DEGREE DAYS
 HEATING
  TODAY           33                        36     -3       45
  MONTH TO DATE  345                       483   -138      554
  SINCE DEC 1    345                       483   -138      554
  SINCE JUL 1   1516                      1865   -349     1450

 COOLING
  TODAY            0                         0      0        0
  MONTH TO DATE    0                         0      0        0
  SINCE DEC 1      0                         0      0        0
  SINCE JAN 1    881                       769    112      878
..................................................................


WIND (MPH)
  HIGHEST WIND SPEED    21   HIGHEST WIND DIRECTION     N (10)
  HIGHEST GUST SPEED    24   HIGHEST GUST DIRECTION     N (10)
  AVERAGE WIND SPEED    10.7


SKY COVER
  POSSIBLE SUNSHINE  MM
  AVERAGE SKY COVER 0.7


WEATHER CONDITIONS
 THE FOLLOWING WEATHER WAS RECORDED TODAY.
  LIGHT SNOW
  FOG


RELATIVE HUMIDITY (PERCENT)
 HIGHEST    92           300 AM
 LOWEST     52           300 PM
 AVERAGE    72

..........................................................


THE DENVER CO CLIMATE NORMALS FOR TOMORROW
                         NORMAL    RECORD    YEAR
 MAXIMUM TEMPERATURE (F)   42        68      1921
 MINIMUM TEMPERATURE (F)   17       -19      2008


SUNRISE AND SUNSET
DECEMBER 14 2017......SUNRISE   712 AM MST   SUNSET   435 PM MST
DECEMBER 15 2017......SUNRISE   713 AM MST   SUNSET   435 PM MST


-  INDICATES NEGATIVE NUMBERS.
R  INDICATES RECORD WAS SET OR TIED.
MM INDICATES DATA IS MISSING.
T  INDICATES TRACE AMOUNT.




$$
