000
CDUS45 KBOU 251230
CLIDEN


CLIMATE REPORT
NATIONAL WEATHER SERVICE DENVER/BOULDER CO
629 AM MDT SAT MAR 25 2017


...................................

...THE DENVER CO CLIMATE SUMMARY FOR MARCH 25 2017...
VALID AS OF 0600 AM LOCAL TIME.

CLIMATE NORMAL PERIOD 1981 TO 2010
CLIMATE RECORD PERIOD 1872 TO 2017


WEATHER ITEM   OBSERVED TIME   RECORD YEAR NORMAL DEPARTURE LAST
                VALUE   (LST)  VALUE       VALUE  FROM      YEAR
                                                  NORMAL
..................................................................
TEMPERATURE (F)
 TODAY
  MAXIMUM         36   1224 AM  75    2012  57    -21       43
                                      1998
                                      1956
  MINIMUM         28    455 AM  -2    1996  29     -1       27
  AVERAGE         32                        43    -11       35

PRECIPITATION (IN)
  TODAY            0.00          1.39 1959   0.03  -0.03     0.01
  MONTH TO DATE    0.55                      0.68  -0.13     1.07
  SINCE MAR 1      0.55                      0.68  -0.13     1.07
  SINCE JAN 1      1.32                      1.46  -0.14     2.05

..................................................................


WIND (MPH)
  HIGHEST WIND SPEED    12   HIGHEST WIND DIRECTION     S (200)
  HIGHEST GUST SPEED    12   HIGHEST GUST DIRECTION     S (200)
  AVERAGE WIND SPEED     7.9




RELATIVE HUMIDITY (PERCENT)
 HIGHEST    85          1200 AM
 LOWEST     75           200 AM
 AVERAGE    80

..........................................................


THE DENVER CO CLIMATE NORMALS FOR TOMORROW
                         NORMAL    RECORD    YEAR
 MAXIMUM TEMPERATURE (F)   57        84      1971
 MINIMUM TEMPERATURE (F)   29        -4      1955


SUNRISE AND SUNSET
MARCH 25 2017.........SUNRISE   653 AM MDT   SUNSET   716 PM MDT
MARCH 26 2017.........SUNRISE   651 AM MDT   SUNSET   717 PM MDT


-  INDICATES NEGATIVE NUMBERS.
R  INDICATES RECORD WAS SET OR TIED.
MM INDICATES DATA IS MISSING.
T  INDICATES TRACE AMOUNT.




$$
