000
CDUS45 KBOU 022325
CLIDEN


CLIMATE REPORT
NATIONAL WEATHER SERVICE DENVER CO
524 PM MDT TUE SEP 2 2014


...................................

...THE DENVER CO CLIMATE SUMMARY FOR SEPTEMBER 2 2014...
VALID TODAY AS OF 0500 PM LOCAL TIME.

CLIMATE NORMAL PERIOD 1981 TO 2010
CLIMATE RECORD PERIOD 1872 TO 2014


WEATHER ITEM   OBSERVED TIME   RECORD YEAR NORMAL DEPARTURE LAST
                VALUE   (LST)  VALUE       VALUE  FROM      YEAR
                                                  NORMAL
..................................................................
TEMPERATURE (F)
 TODAY
  MAXIMUM         88    319 PM  95    1983  84      4       92
  MINIMUM         46    508 AM  40    1952  54     -8       60
  AVERAGE         67                        69     -2       76

PRECIPITATION (IN)
  TODAY            0.00          1.05 1938   0.03  -0.03     0.00
  MONTH TO DATE    0.00                      0.06  -0.06     0.00
  SINCE SEP 1      0.00                      0.06  -0.06     0.00
  SINCE JAN 1     15.11                     11.42   3.69    10.75

DEGREE DAYS
 HEATING
  TODAY            0                         1     -1        0
  MONTH TO DATE    0                         2     -2        0
  SINCE SEP 1      0                         2     -2        0
  SINCE JUL 1      7                        18    -11        0

 COOLING
  TODAY            2                         5     -3       11
  MONTH TO DATE    2                        10     -8       18
  SINCE SEP 1      2                        10     -8       18
  SINCE JAN 1    615                       698    -83      884
..................................................................


WIND (MPH)
  HIGHEST WIND SPEED    14   HIGHEST WIND DIRECTION    NW (330)
  HIGHEST GUST SPEED    17   HIGHEST GUST DIRECTION    NW (320)
  AVERAGE WIND SPEED     6.2


SKY COVER **
  POSSIBLE SUNSHINE  MM
  AVERAGE SKY COVER 0.1


WEATHER CONDITIONS
 THE FOLLOWING WEATHER WAS RECORDED TODAY.
  NO SIGNIFICANT WEATHER WAS OBSERVED.


RELATIVE HUMIDITY (PERCENT)
 HIGHEST    80           600 AM
 LOWEST     16           200 PM
 AVERAGE    48

..........................................................


THE DENVER CO CLIMATE NORMALS FOR TOMORROW
                         NORMAL    RECORD    YEAR
 MAXIMUM TEMPERATURE (F)   83        95      1995
 MINIMUM TEMPERATURE (F)   53        33      1961


SUNRISE AND SUNSET
SEPTEMBER  2 2014.....SUNRISE   628 AM MDT   SUNSET   730 PM MDT
SEPTEMBER  3 2014.....SUNRISE   628 AM MDT   SUNSET   728 PM MDT


-  INDICATES NEGATIVE NUMBERS.
R  INDICATES RECORD WAS SET OR TIED.
MM INDICATES DATA IS MISSING.
T  INDICATES TRACE AMOUNT.




$$
