000
CDUS45 KBOU 202324
CLIDEN


CLIMATE REPORT
NATIONAL WEATHER SERVICE DENVER/BOULDER CO
423 PM MST FRI JAN 20 2017


...................................

...THE DENVER CO CLIMATE SUMMARY FOR JANUARY 20 2017...
VALID TODAY AS OF 0400 PM LOCAL TIME.

CLIMATE NORMAL PERIOD 1981 TO 2010
CLIMATE RECORD PERIOD 1872 TO 2017


WEATHER ITEM   OBSERVED TIME   RECORD YEAR NORMAL DEPARTURE LAST
                VALUE   (LST)  VALUE       VALUE  FROM      YEAR
                                                  NORMAL
..................................................................
TEMPERATURE (F)
 TODAY
  MAXIMUM         45    246 PM  70    2005  44      1       49
  MINIMUM         30    138 AM -18    1883  17     13       25
  AVERAGE         38                        31      7       37

PRECIPITATION (IN)
  TODAY            T             0.87 1973   0.01  -0.01     0.00
  MONTH TO DATE    0.54                      0.26   0.28     0.40
  SINCE DEC 1      1.32                      0.61   0.71     1.11
  SINCE JAN 1      0.54                      0.26   0.28     0.40

DEGREE DAYS
 HEATING
  TODAY           27                        34     -7       28
  MONTH TO DATE  729                       685     44      715
  SINCE DEC 1   1875                      1771    104     1812
  SINCE JUL 1   2771                      3153   -382     2902

 COOLING
  TODAY            0                         0      0        0
  MONTH TO DATE    0                         0      0        0
  SINCE DEC 1      0                         0      0        0
  SINCE JAN 1      0                         0      0        0
..................................................................


WIND (MPH)
  HIGHEST WIND SPEED    14   HIGHEST WIND DIRECTION    SE (140)
  HIGHEST GUST SPEED    16   HIGHEST GUST DIRECTION     S (180)
  AVERAGE WIND SPEED     5.4


SKY COVER **
  POSSIBLE SUNSHINE  MM
  AVERAGE SKY COVER 0.9


WEATHER CONDITIONS
 THE FOLLOWING WEATHER WAS RECORDED TODAY.
  LIGHT SNOW
  FOG


RELATIVE HUMIDITY (PERCENT)
 HIGHEST    82          1000 AM
 LOWEST     52           300 AM
 AVERAGE    67

..........................................................


THE DENVER CO CLIMATE NORMALS FOR TOMORROW
                         NORMAL    RECORD    YEAR
 MAXIMUM TEMPERATURE (F)   44        71      2009
 MINIMUM TEMPERATURE (F)   17       -15      1930


SUNRISE AND SUNSET
JANUARY 20 2017.......SUNRISE   716 AM MST   SUNSET   504 PM MST
JANUARY 21 2017.......SUNRISE   715 AM MST   SUNSET   505 PM MST


-  INDICATES NEGATIVE NUMBERS.
R  INDICATES RECORD WAS SET OR TIED.
MM INDICATES DATA IS MISSING.
T  INDICATES TRACE AMOUNT.




$$
