000
CDUS45 KBOU 210743
CLIDEN


CLIMATE REPORT
NATIONAL WEATHER SERVICE DENVER CO
141 AM MDT MON APR 21 2014


...................................

...THE DENVER CO CLIMATE SUMMARY FOR APRIL 20 2014...

CLIMATE NORMAL PERIOD 1981 TO 2010
CLIMATE RECORD PERIOD 1872 TO 2014


WEATHER ITEM   OBSERVED TIME   RECORD YEAR NORMAL DEPARTURE LAST
                VALUE   (LST)  VALUE       VALUE  FROM      YEAR
                                                  NORMAL
..................................................................
TEMPERATURE (F)
 YESTERDAY
  MAXIMUM         74    259 PM  83    1989  62     12       58
                                      1962
  MINIMUM         43    556 AM  13    1966  34      9       31
  AVERAGE         59                        48     11       45

PRECIPITATION (IN)
  YESTERDAY        T             0.95 1984   0.07  -0.07     0.01
  MONTH TO DATE    0.76                      1.02  -0.26     1.37
  SINCE MAR 1      1.59                      1.94  -0.35     2.84
  SINCE JAN 1      2.72                      2.72   0.00     3.92

SNOWFALL (IN)
  YESTERDAY        0.0
  MONTH TO DATE    5.6
  SINCE MAR 1     11.6
  SINCE JUL 1     37.3
  SNOW DEPTH       0


DEGREE DAYS
 HEATING
  YESTERDAY        6                        17    -11       20
  MONTH TO DATE  339                       378    -39      522
  SINCE MAR 1   1078                      1141    -63     1362
  SINCE JUL 1   5597                      5580     17     5634

 COOLING
  YESTERDAY        0                         0      0        0
  MONTH TO DATE    0                         0      0        0
  SINCE MAR 1      0                         0      0        0
  SINCE JAN 1      0                         0      0        0
..................................................................


WIND (MPH)
  HIGHEST WIND SPEED    23   HIGHEST WIND DIRECTION     W (270)
  HIGHEST GUST SPEED    28   HIGHEST GUST DIRECTION     W (280)
  AVERAGE WIND SPEED     8.5


SKY COVER **
  POSSIBLE SUNSHINE  MM
  AVERAGE SKY COVER 0.6


WEATHER CONDITIONS
 THE FOLLOWING WEATHER WAS RECORDED YESTERDAY.
  NO SIGNIFICANT WEATHER WAS OBSERVED.


RELATIVE HUMIDITY (PERCENT)
 HIGHEST    82           600 AM
 LOWEST     25           300 PM
 AVERAGE    54

..........................................................


THE DENVER CO CLIMATE NORMALS FOR TODAY
                         NORMAL    RECORD    YEAR
 MAXIMUM TEMPERATURE (F)   63        89      1989
 MINIMUM TEMPERATURE (F)   35        14      1907


SUNRISE AND SUNSET
APRIL 21 2014.........SUNRISE   612 AM MDT   SUNSET   742 PM MDT
APRIL 22 2014.........SUNRISE   611 AM MDT   SUNSET   743 PM MDT


-  INDICATES NEGATIVE NUMBERS.
R  INDICATES RECORD WAS SET OR TIED.
MM INDICATES DATA IS MISSING.
T  INDICATES TRACE AMOUNT.

&&

** SUNSHINE DATA WILL NO LONGER BE AVAILABLE EFFECTIVE OCTOBER 1ST 2009.




$$
