000
CDUS45 KBOU 230757
CLIDEN


CLIMATE REPORT
NATIONAL WEATHER SERVICE DENVER CO
157 AM MDT WED APR 23 2014


...................................

...THE DENVER CO CLIMATE SUMMARY FOR APRIL 22 2014...

CLIMATE NORMAL PERIOD 1981 TO 2010
CLIMATE RECORD PERIOD 1872 TO 2014


WEATHER ITEM   OBSERVED TIME   RECORD YEAR NORMAL DEPARTURE LAST
                VALUE   (LST)  VALUE       VALUE  FROM      YEAR
                                                  NORMAL
..................................................................
TEMPERATURE (F)
 YESTERDAY
  MAXIMUM         80    122 PM  88    1989  63     17       49
  MINIMUM         47    343 AM  21    2013  35     12       21
  AVERAGE         64                        49     15       35

PRECIPITATION (IN)
  YESTERDAY        0.00          1.32 1999   0.06  -0.06     0.36
  MONTH TO DATE    0.76                      1.15  -0.39     1.73
  SINCE MAR 1      1.59                      2.07  -0.48     3.20
  SINCE JAN 1      2.72                      2.85  -0.13     4.28

SNOWFALL (IN)
  YESTERDAY        0.0
  MONTH TO DATE    5.6
  SINCE MAR 1     11.6
  SINCE JUL 1     37.3
  SNOW DEPTH       0


DEGREE DAYS
 HEATING
  YESTERDAY        1                        16    -15       30
  MONTH TO DATE  348                       410    -62      569
  SINCE MAR 1   1087                      1173    -86     1409
  SINCE JUL 1   5606                      5612     -6     5681

 COOLING
  YESTERDAY        0                         0      0        0
  MONTH TO DATE    0                         0      0        0
  SINCE MAR 1      0                         0      0        0
  SINCE JAN 1      0                         0      0        0
..................................................................


WIND (MPH)
  HIGHEST WIND SPEED    30   HIGHEST WIND DIRECTION     W (250)
  HIGHEST GUST SPEED    35   HIGHEST GUST DIRECTION     W (260)
  AVERAGE WIND SPEED    11.5


SKY COVER **
  POSSIBLE SUNSHINE  MM
  AVERAGE SKY COVER 0.7


WEATHER CONDITIONS
 THE FOLLOWING WEATHER WAS RECORDED YESTERDAY.
  NO SIGNIFICANT WEATHER WAS OBSERVED.


RELATIVE HUMIDITY (PERCENT)
 HIGHEST    59           600 AM
 LOWEST     13           100 PM
 AVERAGE    36

..........................................................


THE DENVER CO CLIMATE NORMALS FOR TODAY
                         NORMAL    RECORD    YEAR
 MAXIMUM TEMPERATURE (F)   63        85      1989
 MINIMUM TEMPERATURE (F)   35        17      1873


SUNRISE AND SUNSET
APRIL 23 2014.........SUNRISE   610 AM MDT   SUNSET   744 PM MDT
APRIL 24 2014.........SUNRISE   608 AM MDT   SUNSET   745 PM MDT


-  INDICATES NEGATIVE NUMBERS.
R  INDICATES RECORD WAS SET OR TIED.
MM INDICATES DATA IS MISSING.
T  INDICATES TRACE AMOUNT.

&&

** SUNSHINE DATA WILL NO LONGER BE AVAILABLE EFFECTIVE OCTOBER 1ST 2009.




$$
