000
CDUS44 KSHV 180832
CLIDEQ


CLIMATE REPORT
NATIONAL WEATHER SERVICE SHREVEPORT, LA
232 AM CST MON DEC 18 2017


...................................

...THE DE QUEEN CLIMATE SUMMARY FOR DECEMBER 17 2017...

CLIMATE NORMAL PERIOD 1981 TO 2010
CLIMATE RECORD PERIOD 1902 TO 2017


WEATHER ITEM   OBSERVED TIME   RECORD YEAR NORMAL DEPARTURE LAST
                VALUE   (LST)  VALUE       VALUE  FROM      YEAR
                                                  NORMAL
..................................................................
TEMPERATURE (F)
 YESTERDAY
  MAXIMUM         49    231 PM  77    2016  55     -6       77
  MINIMUM         44    803 AM  14    1989  30     14       26
  AVERAGE         47                        42      5       52

PRECIPITATION (IN)
  YESTERDAY        0.17          2.41 1995   0.13   0.04      T
  MONTH TO DATE    1.34                      2.09  -0.75     0.89
  SINCE DEC 1      1.34                      2.09  -0.75     0.89
  SINCE JAN 1     36.86                     46.72  -9.86    35.71

SNOWFALL (IN)
  YESTERDAY        0.3
  MONTH TO DATE    0.3
  SINCE DEC 1      0.3
  SINCE JUL 1      0.3
  SNOW DEPTH       0

DEGREE DAYS
 HEATING
  YESTERDAY       18                        23     -5       13
  MONTH TO DATE  315                       360    -45      336
  SINCE DEC 1    315                       360    -45      336
  SINCE JUL 1    778                       886   -108      650

 COOLING
  YESTERDAY        0                         0      0        0
  MONTH TO DATE    1                         0      1        0
  SINCE DEC 1      1                         0      1        0
  SINCE JAN 1   2089                      1941    148     2239
..................................................................


WIND (MPH)
  HIGHEST WIND SPEED    12   HIGHEST WIND DIRECTION     E (90)
  HIGHEST GUST SPEED    15   HIGHEST GUST DIRECTION     E (70)
  AVERAGE WIND SPEED     1.9


SKY COVER
  POSSIBLE SUNSHINE  MM
  AVERAGE SKY COVER 1.0


WEATHER CONDITIONS
 THE FOLLOWING WEATHER WAS RECORDED YESTERDAY.
  HEAVY RAIN
  RAIN
  LIGHT RAIN
  FOG


RELATIVE HUMIDITY (PERCENT)
 HIGHEST   100          1200 AM
 LOWEST     93          1200 PM
 AVERAGE    97

..........................................................


THE DE QUEEN CLIMATE NORMALS FOR TODAY
                         NORMAL    RECORD    YEAR
 MAXIMUM TEMPERATURE (F)   55        76      1957
 MINIMUM TEMPERATURE (F)   30        11      1964


SUNRISE AND SUNSET
DECEMBER 18 2017......SUNRISE   718 AM CST   SUNSET   511 PM CST
DECEMBER 19 2017......SUNRISE   718 AM CST   SUNSET   512 PM CST


-  INDICATES NEGATIVE NUMBERS.
R  INDICATES RECORD WAS SET OR TIED.
MM INDICATES DATA IS MISSING.
T  INDICATES TRACE AMOUNT.




$$
