000
CDUS44 KSHV 210823
CLIDEQ


CLIMATE REPORT
NATIONAL WEATHER SERVICE SHREVEPORT, LA
316 AM CDT THU AUG 21 2014


...................................

...THE DE QUEEN CLIMATE SUMMARY FOR AUGUST 20 2014...

CLIMATE NORMAL PERIOD 1981 TO 2010
CLIMATE RECORD PERIOD 1902 TO 2014


WEATHER ITEM   OBSERVED TIME   RECORD YEAR NORMAL DEPARTURE LAST
                VALUE   (LST)  VALUE       VALUE  FROM      YEAR
                                                  NORMAL
..................................................................
TEMPERATURE (F)
 YESTERDAY
  MAXIMUM         91    400 PM 108    2011  94     -3       92
  MINIMUM         69    550 AM  54    1940  68      1       62
  AVERAGE         80                        81     -1       77

PRECIPITATION (IN)
  YESTERDAY        0.00          4.35 1970   0.07  -0.07     0.00
  MONTH TO DATE    1.42                      1.36   0.06     0.25
  SINCE DEC 1     28.17                     35.14  -6.97    24.23
  SINCE JAN 1     26.24                     30.78  -4.54    20.18

SNOWFALL (IN)
  YESTERDAY        0.0
  MONTH TO DATE    0.0
  SINCE JUN 1      0.0
  SINCE JUL 1      0.0
  SNOW DEPTH       0

DEGREE DAYS
 HEATING
  YESTERDAY        0                         0      0        0
  MONTH TO DATE    0                         0      0        0
  SINCE JUN 1      0                         0      0        0
  SINCE JUL 1      0                         0      0        0

 COOLING
  YESTERDAY       15                        16     -1       12
  MONTH TO DATE  265                       333    -68      303
  SINCE JUN 1    944                      1208   -264     1139
  SINCE JAN 1   1151                      1425   -274     1371
..................................................................


WIND (MPH)
  HIGHEST WIND SPEED    10   HIGHEST WIND DIRECTION    SE (130)
  HIGHEST GUST SPEED    15   HIGHEST GUST DIRECTION     E (110)
  AVERAGE WIND SPEED     3.6


SKY COVER
  POSSIBLE SUNSHINE  MM
  AVERAGE SKY COVER 0.1


WEATHER CONDITIONS
 THE FOLLOWING WEATHER WAS RECORDED YESTERDAY.
  FOG
  FOG W/VISIBILITY <= 1/4 MILE


RELATIVE HUMIDITY (PERCENT)
 HIGHEST   100           300 AM
 LOWEST     52           300 PM
 AVERAGE    76

..........................................................


THE DE QUEEN CLIMATE NORMALS FOR TODAY
                         NORMAL    RECORD    YEAR
 MAXIMUM TEMPERATURE (F)   94       104      2005
                                             1993
 MINIMUM TEMPERATURE (F)   68        55      1940


SUNRISE AND SUNSET
AUGUST 21 2014........SUNRISE   643 AM CDT   SUNSET   757 PM CDT
AUGUST 22 2014........SUNRISE   644 AM CDT   SUNSET   756 PM CDT


-  INDICATES NEGATIVE NUMBERS.
R  INDICATES RECORD WAS SET OR TIED.
MM INDICATES DATA IS MISSING.
T  INDICATES TRACE AMOUNT.




$$
