000
CDUS44 KSHV 262205
CLIDEQ


CLIMATE REPORT
NATIONAL WEATHER SERVICE SHREVEPORT, LA
504 PM CDT MON SEP 26 2016


...................................

...THE DE QUEEN CLIMATE SUMMARY FOR SEPTEMBER 26 2016...
VALID TODAY AS OF 0500 PM LOCAL TIME.

CLIMATE NORMAL PERIOD 1981 TO 2010
CLIMATE RECORD PERIOD 1902 TO 2016


WEATHER ITEM   OBSERVED TIME   RECORD YEAR NORMAL DEPARTURE LAST
                VALUE   (LST)  VALUE       VALUE  FROM      YEAR
                                                  NORMAL
..................................................................
TEMPERATURE (F)
 TODAY
  MAXIMUM         76   1234 AM 100    1954  82     -6       90
  MINIMUM         70    634 AM  39    1989  57     13       55
  AVERAGE         73                        70      3       73

PRECIPITATION (IN)
  TODAY            0.00          2.50 1984   0.13  -0.13     0.00
  MONTH TO DATE    2.26                      3.16  -0.90     0.58
  SINCE DEC 1     40.27                     39.11   1.16    38.94
  SINCE JAN 1     29.99                     34.75  -4.76    37.22

DEGREE DAYS
 HEATING
  TODAY            0                         1     -1        0
  MONTH TO DATE    0                         3     -3        0
  SINCE SEP 1      0                         3     -3        0
  SINCE JUL 1      0                         3     -3        0

 COOLING
  TODAY            8                         5      3        8
  MONTH TO DATE  342                       255     87      319
  SINCE SEP 1    342                       255     87      319
  SINCE JAN 1   2079                      1847    232     2012
..................................................................


WIND (MPH)
  HIGHEST WIND SPEED    14   HIGHEST WIND DIRECTION    NE (50)
  HIGHEST GUST SPEED    19   HIGHEST GUST DIRECTION    NE (50)
  AVERAGE WIND SPEED     6.4


SKY COVER
  POSSIBLE SUNSHINE  MM
  AVERAGE SKY COVER 0.5


WEATHER CONDITIONS
 THE FOLLOWING WEATHER WAS RECORDED TODAY.
  NO SIGNIFICANT WEATHER WAS OBSERVED.


RELATIVE HUMIDITY (PERCENT)
 HIGHEST    87          1200 AM
 LOWEST     57           100 PM
 AVERAGE    72

..........................................................


THE DE QUEEN CLIMATE NORMALS FOR TOMORROW
                         NORMAL    RECORD    YEAR
 MAXIMUM TEMPERATURE (F)   82       100      1954
 MINIMUM TEMPERATURE (F)   57        34      1942


SUNRISE AND SUNSET
SEPTEMBER 26 2016.....SUNRISE   709 AM CDT   SUNSET   708 PM CDT
SEPTEMBER 27 2016.....SUNRISE   710 AM CDT   SUNSET   707 PM CDT


-  INDICATES NEGATIVE NUMBERS.
R  INDICATES RECORD WAS SET OR TIED.
MM INDICATES DATA IS MISSING.
T  INDICATES TRACE AMOUNT.




$$
