000
CDUS44 KSHV 282136
CLIDEQ


CLIMATE REPORT
NATIONAL WEATHER SERVICE SHREVEPORT, LA
433 PM CDT MON JUL 28 2014


...................................

...THE DE QUEEN CLIMATE SUMMARY FOR JULY 28 2014...
VALID TODAY AS OF 0400 PM LOCAL TIME.

CLIMATE NORMAL PERIOD 1981 TO 2010
CLIMATE RECORD PERIOD 1902 TO 2014


WEATHER ITEM   OBSERVED TIME   RECORD YEAR NORMAL DEPARTURE LAST
                VALUE   (LST)  VALUE       VALUE  FROM      YEAR
                                                  NORMAL
..................................................................
TEMPERATURE (F)
 TODAY
  MAXIMUM         90   1254 PM 104    1998  93     -3       88
  MINIMUM         74    130 AM  58    1902  70      4       66
  AVERAGE         82                        81      1       77

PRECIPITATION (IN)
  TODAY            0.00          1.72 1975   0.11  -0.11     0.00
  MONTH TO DATE    5.34                      3.45   1.89     5.97
  SINCE DEC 1     23.68                     33.45  -9.77    23.98
  SINCE JAN 1     21.75                     29.09  -7.34    19.93

DEGREE DAYS
 HEATING
  TODAY            0                         0      0        0
  MONTH TO DATE    0                         0      0        0
  SINCE JUN 1      0                         0      0        0
  SINCE JUL 1      0                         0      0        0

 COOLING
  TODAY           17                        16      1       12
  MONTH TO DATE  340                       447   -107      397
  SINCE JUN 1    662                       825   -163      785
  SINCE JAN 1    869                      1042   -173     1017
..................................................................


WIND (MPH)
  HIGHEST WIND SPEED    12   HIGHEST WIND DIRECTION    NW (330)
  HIGHEST GUST SPEED    15   HIGHEST GUST DIRECTION    NW (310)
  AVERAGE WIND SPEED     2.9


SKY COVER
  POSSIBLE SUNSHINE  MM
  AVERAGE SKY COVER 0.3


WEATHER CONDITIONS
 THE FOLLOWING WEATHER WAS RECORDED TODAY.
  FOG


RELATIVE HUMIDITY (PERCENT)
 HIGHEST    94          1200 AM
 LOWEST     44           300 PM
 AVERAGE    69

..........................................................


THE DE QUEEN CLIMATE NORMALS FOR TOMORROW
                         NORMAL    RECORD    YEAR
 MAXIMUM TEMPERATURE (F)   93       104      1998
 MINIMUM TEMPERATURE (F)   70        53      1902


SUNRISE AND SUNSET
JULY 28 2014..........SUNRISE   626 AM CDT   SUNSET   822 PM CDT
JULY 29 2014..........SUNRISE   627 AM CDT   SUNSET   821 PM CDT


-  INDICATES NEGATIVE NUMBERS.
R  INDICATES RECORD WAS SET OR TIED.
MM INDICATES DATA IS MISSING.
T  INDICATES TRACE AMOUNT.




$$
