000
CDUS44 KSHV 210737
CLIDEQ


CLIMATE REPORT
NATIONAL WEATHER SERVICE SHREVEPORT, LA
236 AM CDT MON AUG 21 2017


...................................

...THE DE QUEEN CLIMATE SUMMARY FOR AUGUST 20 2017...

CLIMATE NORMAL PERIOD 1981 TO 2010
CLIMATE RECORD PERIOD 1902 TO 2017


WEATHER ITEM   OBSERVED TIME   RECORD YEAR NORMAL DEPARTURE LAST
                VALUE   (LST)  VALUE       VALUE  FROM      YEAR
                                                  NORMAL
..................................................................
TEMPERATURE (F)
 YESTERDAY
  MAXIMUM         96    358 PM 108    2011  94      2       79
  MINIMUM         74   1159 PM  54    1940  68      6       72
  AVERAGE         85                        81      4       76

PRECIPITATION (IN)
  YESTERDAY        0.00          4.35 1970   0.07  -0.07     0.62
  MONTH TO DATE    7.47                      1.36   6.11     4.30
  SINCE DEC 1     35.95                     35.14   0.81    38.00
  SINCE JAN 1     33.24                     30.78   2.46    27.72

SNOWFALL (IN)
  YESTERDAY        0.0
  MONTH TO DATE    0.0
  SINCE JUN 1      0.0
  SINCE JUL 1      0.0
  SNOW DEPTH       0

DEGREE DAYS
 HEATING
  YESTERDAY        0                         0      0        0
  MONTH TO DATE    0                         0      0        0
  SINCE JUN 1      0                         0      0        0
  SINCE JUL 1      0                         0      0        0

 COOLING
  YESTERDAY       20                        16      4       11
  MONTH TO DATE  296                       333    -37      341
  SINCE JUN 1   1207                      1208     -1     1366
  SINCE JAN 1   1487                      1425     62     1563
..................................................................


WIND (MPH)
  HIGHEST WIND SPEED    25   HIGHEST WIND DIRECTION     S (170)
  HIGHEST GUST SPEED    32   HIGHEST GUST DIRECTION     S (160)
  AVERAGE WIND SPEED     2.1


SKY COVER
  POSSIBLE SUNSHINE  MM
  AVERAGE SKY COVER 0.2


WEATHER CONDITIONS
 THE FOLLOWING WEATHER WAS RECORDED YESTERDAY.
  FOG
  FOG W/VISIBILITY <= 1/4 MILE


RELATIVE HUMIDITY (PERCENT)
 HIGHEST   100          1200 AM
 LOWEST     56           100 PM
 AVERAGE    78

..........................................................


THE DE QUEEN CLIMATE NORMALS FOR TODAY
                         NORMAL    RECORD    YEAR
 MAXIMUM TEMPERATURE (F)   94       104      2005
                                             1993
 MINIMUM TEMPERATURE (F)   68        55      1940


SUNRISE AND SUNSET
AUGUST 21 2017........SUNRISE   644 AM CDT   SUNSET   757 PM CDT
AUGUST 22 2017........SUNRISE   644 AM CDT   SUNSET   756 PM CDT


-  INDICATES NEGATIVE NUMBERS.
R  INDICATES RECORD WAS SET OR TIED.
MM INDICATES DATA IS MISSING.
T  INDICATES TRACE AMOUNT.




$$
