000
CDUS44 KSHV 050759
CLIDEQ


CLIMATE REPORT
NATIONAL WEATHER SERVICE SHREVEPORT, LA
250 AM CDT SUN JUL 5 2015


...................................

...THE DE QUEEN CLIMATE SUMMARY FOR JULY 4 2015...

CLIMATE NORMAL PERIOD 1981 TO 2010
CLIMATE RECORD PERIOD 1902 TO 2015


WEATHER ITEM   OBSERVED TIME   RECORD YEAR NORMAL DEPARTURE LAST
                VALUE   (LST)  VALUE       VALUE  FROM      YEAR
                                                  NORMAL
..................................................................
TEMPERATURE (F)
 YESTERDAY
  MAXIMUM         82    335 PM 103    1978  92    -10       85
  MINIMUM         70   1143 PM  58    1968  70      0       64
  AVERAGE         76                        81     -5       75

PRECIPITATION (IN)
  YESTERDAY        1.46R         0.84 1985   0.15   1.31     0.00
  MONTH TO DATE    1.98                      0.60   1.38     1.02
  SINCE DEC 1     36.81                     30.60   6.21    19.36
  SINCE JAN 1     35.09                     26.24   8.85    17.43

SNOWFALL (IN)
  YESTERDAY        0.0
  MONTH TO DATE    0.0
  SINCE JUN 1      0.0
  SINCE JUL 1      0.0
  SNOW DEPTH       0

DEGREE DAYS
 HEATING
  YESTERDAY        0                         0      0        0
  MONTH TO DATE    0                         0      0        0
  SINCE JUN 1      0                         0      0        0
  SINCE JUL 1      0                         0      0        0

 COOLING
  YESTERDAY       11                        16     -5       10
  MONTH TO DATE   58                        63     -5       49
  SINCE JUN 1    491                       441     50      371
  SINCE JAN 1    725                       658     67      578
..................................................................


WIND (MPH)
  HIGHEST WIND SPEED    22   HIGHEST WIND DIRECTION    NW (300)
  HIGHEST GUST SPEED    32   HIGHEST GUST DIRECTION     W (290)
  AVERAGE WIND SPEED     3.8


SKY COVER
  POSSIBLE SUNSHINE  MM
  AVERAGE SKY COVER 0.6


WEATHER CONDITIONS
 THE FOLLOWING WEATHER WAS RECORDED YESTERDAY.
  THUNDERSTORM
  HEAVY RAIN
  RAIN
  LIGHT RAIN
  FOG


RELATIVE HUMIDITY (PERCENT)
 HIGHEST   100           200 AM
 LOWEST     69           300 PM
 AVERAGE    85

..........................................................


THE DE QUEEN CLIMATE NORMALS FOR TODAY
                         NORMAL    RECORD    YEAR
 MAXIMUM TEMPERATURE (F)   92       103      1954
 MINIMUM TEMPERATURE (F)   70        55      1970


SUNRISE AND SUNSET
JULY  5 2015..........SUNRISE   612 AM CDT   SUNSET   833 PM CDT
JULY  6 2015..........SUNRISE   612 AM CDT   SUNSET   832 PM CDT


-  INDICATES NEGATIVE NUMBERS.
R  INDICATES RECORD WAS SET OR TIED.
MM INDICATES DATA IS MISSING.
T  INDICATES TRACE AMOUNT.




$$
