000
CDUS44 KSHV 260842
CLIDEQ


CLIMATE REPORT
NATIONAL WEATHER SERVICE SHREVEPORT, LA
241 AM CST FRI DEC 26 2014


...................................

...THE DE QUEEN CLIMATE SUMMARY FOR DECEMBER 25 2014...

CLIMATE NORMAL PERIOD 1981 TO 2010
CLIMATE RECORD PERIOD 1902 TO 2014


WEATHER ITEM   OBSERVED TIME   RECORD YEAR NORMAL DEPARTURE LAST
                VALUE   (LST)  VALUE       VALUE  FROM      YEAR
                                                  NORMAL
..................................................................
TEMPERATURE (F)
 YESTERDAY
  MAXIMUM         59    420 PM  78    1955  54      5       49
  MINIMUM         24    728 AM   2    1983  30     -6       25
  AVERAGE         42                        42      0       37

PRECIPITATION (IN)
  YESTERDAY        0.00          3.35 2012   0.17  -0.17     0.00
  MONTH TO DATE    1.65                      3.33  -1.68     1.93
  SINCE DEC 1      1.65                      3.33  -1.68     1.93
  SINCE JAN 1     42.39                     47.96  -5.57    34.72

SNOWFALL (IN)
  YESTERDAY        0.0
  MONTH TO DATE    0.0
  SINCE DEC 1      0.0
  SINCE JUL 1      0.5
  SNOW DEPTH       0

DEGREE DAYS
 HEATING
  YESTERDAY       23                        23      0       28
  MONTH TO DATE  450                       544    -94      549
  SINCE DEC 1    450                       544    -94      549
  SINCE JUL 1   1072                      1070      2     1162

 COOLING
  YESTERDAY        0                         0      0        0
  MONTH TO DATE    0                         0      0        3
  SINCE DEC 1      0                         0      0        3
  SINCE JAN 1   1712                      1941   -229     2032
..................................................................


WIND (MPH)
  HIGHEST WIND SPEED    18   HIGHEST WIND DIRECTION     S (190)
  HIGHEST GUST SPEED    23   HIGHEST GUST DIRECTION    SW (210)
  AVERAGE WIND SPEED     5.2


SKY COVER
  POSSIBLE SUNSHINE  MM
  AVERAGE SKY COVER 0.0


WEATHER CONDITIONS
 THE FOLLOWING WEATHER WAS RECORDED YESTERDAY.
  FOG


RELATIVE HUMIDITY (PERCENT)
 HIGHEST   100           300 AM
 LOWEST     31           200 PM
 AVERAGE    66

..........................................................


THE DE QUEEN CLIMATE NORMALS FOR TODAY
                         NORMAL    RECORD    YEAR
 MAXIMUM TEMPERATURE (F)   54        74      2008
 MINIMUM TEMPERATURE (F)   30         4      1983


SUNRISE AND SUNSET
DECEMBER 26 2014......SUNRISE   721 AM CST   SUNSET   515 PM CST
DECEMBER 27 2014......SUNRISE   722 AM CST   SUNSET   516 PM CST


-  INDICATES NEGATIVE NUMBERS.
R  INDICATES RECORD WAS SET OR TIED.
MM INDICATES DATA IS MISSING.
T  INDICATES TRACE AMOUNT.




$$
