000
CDUS46 KOTX 290833
CLIDEW


CLIMATE REPORT
NATIONAL WEATHER SERVICE SPOKANE, WA
132 AM PDT TUE JUL 29 2014


...................................

...THE DEER_PARK WA AIRPORT CLIMATE SUMMARY FOR JULY 28 2014...

CLIMATE NORMAL PERIOD 1981 TO 2010
CLIMATE RECORD PERIOD 9999 TO 9999


WEATHER ITEM   OBSERVED TIME   RECORD YEAR NORMAL DEPARTURE LAST
                VALUE   (LST)  VALUE       VALUE  FROM      YEAR
                                                  NORMAL
..................................................................
TEMPERATURE (F)
 YESTERDAY
  MAXIMUM         97    413 PM  MM      MM  86     11       85
  MINIMUM         61   1112 PM  MM      MM  49     12       44
  AVERAGE         79                        67     12       65

PRECIPITATION (IN)
  YESTERDAY        T            MM      MM   0.01  -0.01     0.00
  MONTH TO DATE    0.09                      0.86  -0.77     0.00
  SINCE OCT 1     17.48                     20.38  -2.90    18.70
  SINCE JAN 1     13.68                     12.56   1.12     9.86

SNOWFALL (IN)
  YESTERDAY       MM            MM      MM  MM     MM       MM
  MONTH TO DATE   MM                        MM     MM       MM
  SINCE JUN 1     MM                        MM     MM       MM
  SINCE JUL 1     MM                        MM     MM       MM
  SNOW DEPTH      MM

DEGREE DAYS
 HEATING
  YESTERDAY        0                         1     -1        0
  MONTH TO DATE   18                        61    -43       22
  SINCE JUN 1    224                       261    -37      224
  SINCE JUL 1     18                        61    -43       22

 COOLING
  YESTERDAY       14                         3     11        0
  MONTH TO DATE  177                        66    111      107
  SINCE JUN 1    179                        83     96      123
  SINCE JAN 1    179                        86     93      126
..................................................................


WIND (MPH)
  HIGHEST WIND SPEED    15   HIGHEST WIND DIRECTION    NE (30)
  HIGHEST GUST SPEED    24   HIGHEST GUST DIRECTION    NE (50)
  AVERAGE WIND SPEED     4.5


SKY COVER
  POSSIBLE SUNSHINE  MM
  AVERAGE SKY COVER 0.0


WEATHER CONDITIONS
 THE FOLLOWING WEATHER WAS RECORDED YESTERDAY.
  LIGHT RAIN
  HAZE


RELATIVE HUMIDITY (PERCENT)
 HIGHEST    69          1100 PM
 LOWEST     13           400 PM
 AVERAGE    41

..........................................................


THE DEER_PARK WA AIRPORT CLIMATE NORMALS FOR TODAY
                         NORMAL    RECORD    YEAR
 MAXIMUM TEMPERATURE (F)   86        MM        MM
 MINIMUM TEMPERATURE (F)   49        MM        MM


SUNRISE AND SUNSET
JULY 29 2014..........SUNRISE   522 AM PDT   SUNSET   829 PM PDT
JULY 30 2014..........SUNRISE   523 AM PDT   SUNSET   828 PM PDT


-  INDICATES NEGATIVE NUMBERS.
R  INDICATES RECORD WAS SET OR TIED.
MM INDICATES DATA IS MISSING.
T  INDICATES TRACE AMOUNT.




$$
