000
CDUS46 KOTX 270834
CLIDEW


CLIMATE REPORT
NATIONAL WEATHER SERVICE SPOKANE, WA
1234 AM PST THU NOV 27 2014


...................................

...THE DEER_PARK WA AIRPORT CLIMATE SUMMARY FOR NOVEMBER 26 2014...

CLIMATE NORMAL PERIOD 1981 TO 2010
CLIMATE RECORD PERIOD 9999 TO 9999


WEATHER ITEM   OBSERVED TIME   RECORD YEAR NORMAL DEPARTURE LAST
                VALUE   (LST)  VALUE       VALUE  FROM      YEAR
                                                  NORMAL
..................................................................
TEMPERATURE (F)
 YESTERDAY
  MAXIMUM         37   1153 PM  MM      MM  37      0       40
  MINIMUM         32    534 AM  MM      MM  24      8       17
  AVERAGE         35                        30      5       29

PRECIPITATION (IN)
  YESTERDAY        0.01         MM      MM   0.11  -0.10     0.00
  MONTH TO DATE    1.95                      2.84  -0.89     2.60
  SINCE OCT 1      3.46                      4.46  -1.00     2.97
  SINCE JAN 1     18.68                     18.90  -0.22    17.35

SNOWFALL (IN)
  YESTERDAY       MM

DEGREE DAYS
 HEATING
  YESTERDAY       30                        35     -5       36
  MONTH TO DATE  845                       793     52      788
  SINCE SEP 1   1468                      1717   -249     1725
  SINCE JUL 1   1504                      1861   -357     1768

 COOLING
  YESTERDAY        0                         0      0        0
  MONTH TO DATE    0                         0      0        0
  SINCE SEP 1      8                        12     -4       69
  SINCE JAN 1    354                       187    167      310
..................................................................


WIND (MPH)
  HIGHEST WIND SPEED     8   HIGHEST WIND DIRECTION    NW (320)
  HIGHEST GUST SPEED     8   HIGHEST GUST DIRECTION    NE (60)
  AVERAGE WIND SPEED     1.8


SKY COVER
  POSSIBLE SUNSHINE  MM
  AVERAGE SKY COVER 0.8


WEATHER CONDITIONS
 THE FOLLOWING WEATHER WAS RECORDED YESTERDAY.
  LIGHT SNOW
  FOG
  FOG W/VISIBILITY <= 1/4 MILE


RELATIVE HUMIDITY (PERCENT)
 HIGHEST   100           400 AM
 LOWEST     92           700 PM
 AVERAGE    96

..........................................................


THE DEER_PARK WA AIRPORT CLIMATE NORMALS FOR TODAY
                         NORMAL    RECORD    YEAR
 MAXIMUM TEMPERATURE (F)   36        MM        MM
 MINIMUM TEMPERATURE (F)   23        MM        MM


SUNRISE AND SUNSET
NOVEMBER 27 2014......SUNRISE   713 AM PST   SUNSET   401 PM PST
NOVEMBER 28 2014......SUNRISE   714 AM PST   SUNSET   400 PM PST


-  INDICATES NEGATIVE NUMBERS.
R  INDICATES RECORD WAS SET OR TIED.
MM INDICATES DATA IS MISSING.
T  INDICATES TRACE AMOUNT.




$$
