000
CDUS46 KOTX 230821
CLIDEW


CLIMATE REPORT
NATIONAL WEATHER SERVICE SPOKANE, WA
120 AM PDT FRI JUN 23 2017


...................................

...THE DEER_PARK WA AIRPORT CLIMATE SUMMARY FOR JUNE 22 2017...

CLIMATE NORMAL PERIOD 1981 TO 2010
CLIMATE RECORD PERIOD 9999 TO 9999


WEATHER ITEM   OBSERVED TIME   RECORD YEAR NORMAL DEPARTURE LAST
                VALUE   (LST)  VALUE       VALUE  FROM      YEAR
                                                  NORMAL
..................................................................
TEMPERATURE (F)
 YESTERDAY
  MAXIMUM         75    447 PM  MM      MM  75      0       80
  MINIMUM         39    317 AM  MM      MM  45     -6       41
  AVERAGE         57                        60     -3       61

PRECIPITATION (IN)
  YESTERDAY        0.00         MM      MM   0.06  -0.06     0.00
  MONTH TO DATE    0.93                      1.53  -0.60     0.63
  SINCE OCT 1     27.93                     19.09   8.84    21.00
  SINCE JAN 1     16.49                     11.27   5.22    12.01

SNOWFALL (IN)
  YESTERDAY       MM

DEGREE DAYS
 HEATING
  YESTERDAY        8                         6      2        4
  MONTH TO DATE  143                       162    -19      138
  SINCE JUN 1    143                       162    -19      138
  SINCE JUL 1   7461                      7376     85     6185

 COOLING
  YESTERDAY        0                         1     -1        0
  MONTH TO DATE    9                         5      4       25
  SINCE JUN 1      9                         5      4       25
  SINCE JAN 1     15                         8      7       25
..................................................................


WIND (MPH)
  HIGHEST WIND SPEED    17   HIGHEST WIND DIRECTION    NW (310)
  HIGHEST GUST SPEED    22   HIGHEST GUST DIRECTION    NW (310)
  AVERAGE WIND SPEED     6.2


SKY COVER
  POSSIBLE SUNSHINE  MM
  AVERAGE SKY COVER 0.0


WEATHER CONDITIONS
 THE FOLLOWING WEATHER WAS RECORDED YESTERDAY.
  NO SIGNIFICANT WEATHER WAS OBSERVED.


RELATIVE HUMIDITY (PERCENT)
 HIGHEST    76          1100 PM
 LOWEST     17           300 PM
 AVERAGE    47

..........................................................


THE DEER_PARK WA AIRPORT CLIMATE NORMALS FOR TODAY
                         NORMAL    RECORD    YEAR
 MAXIMUM TEMPERATURE (F)   75        MM        MM
 MINIMUM TEMPERATURE (F)   46        MM        MM


SUNRISE AND SUNSET
JUNE 23 2017..........SUNRISE   451 AM PDT   SUNSET   853 PM PDT
JUNE 24 2017..........SUNRISE   451 AM PDT   SUNSET   853 PM PDT


-  INDICATES NEGATIVE NUMBERS.
R  INDICATES RECORD WAS SET OR TIED.
MM INDICATES DATA IS MISSING.
T  INDICATES TRACE AMOUNT.




$$
