000
CDUS44 KFWD 060717
CLIDFW


CLIMATE REPORT
NATIONAL WEATHER SERVICE FORT WORTH TX
117 AM CST FRI MAR 6 2015


...................................

...THE DALLAS FORT WORTH CLIMATE SUMMARY FOR MARCH 5 2015...

CLIMATE NORMAL PERIOD 1981 TO 2010
CLIMATE RECORD PERIOD 1898 TO 2015


WEATHER ITEM   OBSERVED TIME   RECORD YEAR NORMAL DEPARTURE LAST
                VALUE   (LST)  VALUE       VALUE  FROM      YEAR
                                                  NORMAL
..................................................................
TEMPERATURE (F)
 YESTERDAY
  MAXIMUM         39    516 PM  96    1991  65    -26       56
  MINIMUM         22    804 AM  20    1989  44    -22       31
  AVERAGE         31                        55    -24       44

PRECIPITATION (IN)
  YESTERDAY        0.06          1.60 1933   0.12  -0.06      T
  MONTH TO DATE    0.91                      0.55   0.36     0.09
  SINCE MAR 1      0.91                      0.55   0.36     0.09
  SINCE JAN 1      7.49                      5.34   2.15     0.83

SNOWFALL (IN)
  YESTERDAY        1.0           1.7  1954   0.0    1.0      0.0
  MONTH TO DATE    3.5                       0.0    3.5      0.1
  SINCE MAR 1      3.5                       0.0    3.5      0.1
  SINCE JUL 1      5.8                       1.0    4.8      2.9
  SNOW DEPTH       4

DEGREE DAYS
 HEATING
  YESTERDAY       34                        11     23       21
  MONTH TO DATE  137                        58     79      109
  SINCE MAR 1    137                        58     79      109
  SINCE JUL 1   2173                      1990    183     2282

 COOLING
  YESTERDAY        0                         1     -1        0
  MONTH TO DATE    0                         3     -3        0
  SINCE MAR 1      0                         3     -3        0
  SINCE JAN 1      0                        10    -10        0
..................................................................


WIND (MPH)
  HIGHEST WIND SPEED    25   HIGHEST WIND DIRECTION     N (360)
  HIGHEST GUST SPEED    33   HIGHEST GUST DIRECTION     N (20)
  AVERAGE WIND SPEED    11.3


SKY COVER
  POSSIBLE SUNSHINE  MM
  AVERAGE SKY COVER 0.3


WEATHER CONDITIONS
 THE FOLLOWING WEATHER WAS RECORDED YESTERDAY.
  SNOW
  LIGHT SNOW
  FOG


RELATIVE HUMIDITY (PERCENT)
 HIGHEST    92          1200 AM
 LOWEST     44           400 PM
 AVERAGE    68

..........................................................


THE DALLAS FORT WORTH CLIMATE NORMALS FOR TODAY
                         NORMAL    RECORD    YEAR
 MAXIMUM TEMPERATURE (F)   65        90      1929
                                             1916
 MINIMUM TEMPERATURE (F)   45        20      1989


SUNRISE AND SUNSET
MARCH  6 2015.........SUNRISE   650 AM CST   SUNSET   629 PM CST
MARCH  7 2015.........SUNRISE   649 AM CST   SUNSET   630 PM CST


-  INDICATES NEGATIVE NUMBERS.
R  INDICATES RECORD WAS SET OR TIED.
MM INDICATES DATA IS MISSING.
T  INDICATES TRACE AMOUNT.




$$
