000
CDUS44 KFWD 200708
CLIDFW


CLIMATE REPORT
NATIONAL WEATHER SERVICE FORT WORTH TX
207 AM CDT WED SEP 20 2017


...................................

...THE DALLAS FORT WORTH CLIMATE SUMMARY FOR SEPTEMBER 19 2017...

CLIMATE NORMAL PERIOD 1981 TO 2010
CLIMATE RECORD PERIOD 1898 TO 2017


WEATHER ITEM   OBSERVED TIME   RECORD YEAR NORMAL DEPARTURE LAST
                VALUE   (LST)  VALUE       VALUE  FROM      YEAR
                                                  NORMAL
..................................................................
TEMPERATURE (F)
 YESTERDAY
  MAXIMUM         98    341 PM 102    1956  87     11      100
  MINIMUM         76    647 AM  45    1981  66     10       78
  AVERAGE         87                        77     10       89

PRECIPITATION (IN)
  YESTERDAY        T             3.66 1958   0.07  -0.07     0.35
  MONTH TO DATE    T                         1.70  -1.70     0.48
  SINCE SEP 1      T                         1.70  -1.70     0.48
  SINCE JAN 1     28.66                     25.81   2.85    29.15

DEGREE DAYS
 HEATING
  YESTERDAY        0                         0      0        0
  MONTH TO DATE    0                         0      0        0
  SINCE SEP 1      0                         0      0        0
  SINCE JUL 1      0                         0      0        0

 COOLING
  YESTERDAY       22                        12     10       24
  MONTH TO DATE  291                       285      6      358
  SINCE SEP 1    291                       285      6      358
  SINCE JAN 1   2792                      2467    325     2709
..................................................................


WIND (MPH)
  HIGHEST WIND SPEED    22   HIGHEST WIND DIRECTION     S (170)
  HIGHEST GUST SPEED    27   HIGHEST GUST DIRECTION    SW (210)
  AVERAGE WIND SPEED    12.9


SKY COVER
  POSSIBLE SUNSHINE  MM
  AVERAGE SKY COVER 0.6


WEATHER CONDITIONS
 THE FOLLOWING WEATHER WAS RECORDED YESTERDAY.
  THUNDERSTORM
  HAZE


RELATIVE HUMIDITY (PERCENT)
 HIGHEST    94           600 AM
 LOWEST     38           400 PM
 AVERAGE    66

..........................................................


THE DALLAS FORT WORTH CLIMATE NORMALS FOR TODAY
                         NORMAL    RECORD    YEAR
 MAXIMUM TEMPERATURE (F)   87       102      1953
 MINIMUM TEMPERATURE (F)   66        46      1971


SUNRISE AND SUNSET
SEPTEMBER 20 2017.....SUNRISE   715 AM CDT   SUNSET   727 PM CDT
SEPTEMBER 21 2017.....SUNRISE   716 AM CDT   SUNSET   726 PM CDT


-  INDICATES NEGATIVE NUMBERS.
R  INDICATES RECORD WAS SET OR TIED.
MM INDICATES DATA IS MISSING.
T  INDICATES TRACE AMOUNT.




$$
