000
CDUS44 KFWD 290640
CLIDFW


CLIMATE REPORT
NATIONAL WEATHER SERVICE FORT WORTH TX
139 AM CDT FRI MAY 29 2015


...................................

...THE DALLAS FORT WORTH CLIMATE SUMMARY FOR MAY 28 2015...

CLIMATE NORMAL PERIOD 1981 TO 2010
CLIMATE RECORD PERIOD 1898 TO 2015


WEATHER ITEM   OBSERVED TIME   RECORD YEAR NORMAL DEPARTURE LAST
                VALUE   (LST)  VALUE       VALUE  FROM      YEAR
                                                  NORMAL
..................................................................
TEMPERATURE (F)
 YESTERDAY
  MAXIMUM         88    243 PM 107    1927  87      1       84
  MINIMUM         64   1037 PM  51    1907  68     -4       65
  AVERAGE         76                        77     -1       75

PRECIPITATION (IN)
  YESTERDAY        1.56          3.60 1936   0.16   1.40      T
  MONTH TO DATE   13.87                      4.43   9.44     3.39
  SINCE MAR 1     21.96                     10.99  10.97     6.58
  SINCE JAN 1     28.54                     15.78  12.76     7.32

DEGREE DAYS
 HEATING
  YESTERDAY        0                         0      0        0
  MONTH TO DATE    6                         6      0        9
  SINCE MAR 1    363                       350     13      430
  SINCE JUL 1   2399                      2282    117     2603

 COOLING
  YESTERDAY       11                        12     -1       10
  MONTH TO DATE  181                       246    -65      266
  SINCE MAR 1    304                       377    -73      433
  SINCE JAN 1    304                       384    -80      433
..................................................................


WIND (MPH)
  HIGHEST WIND SPEED    32   HIGHEST WIND DIRECTION    NW (330)
  HIGHEST GUST SPEED    36   HIGHEST GUST DIRECTION    NW (320)
  AVERAGE WIND SPEED    12.0


SKY COVER
  POSSIBLE SUNSHINE  MM
  AVERAGE SKY COVER 0.8


WEATHER CONDITIONS
 THE FOLLOWING WEATHER WAS RECORDED YESTERDAY.
  THUNDERSTORM
  HEAVY RAIN
  RAIN
  LIGHT RAIN
  FOG


RELATIVE HUMIDITY (PERCENT)
 HIGHEST   100          1100 PM
 LOWEST     55           400 PM
 AVERAGE    78

..........................................................


THE DALLAS FORT WORTH CLIMATE NORMALS FOR TODAY
                         NORMAL    RECORD    YEAR
 MAXIMUM TEMPERATURE (F)   87        99      1951
                                             1916
 MINIMUM TEMPERATURE (F)   68        46      1947


SUNRISE AND SUNSET
MAY 29 2015...........SUNRISE   622 AM CDT   SUNSET   830 PM CDT
MAY 30 2015...........SUNRISE   621 AM CDT   SUNSET   830 PM CDT


-  INDICATES NEGATIVE NUMBERS.
R  INDICATES RECORD WAS SET OR TIED.
MM INDICATES DATA IS MISSING.
T  INDICATES TRACE AMOUNT.




$$
