000
CDUS44 KFWD 240656
CLIDFW


CLIMATE REPORT
NATIONAL WEATHER SERVICE FORT WORTH TX
156 AM CDT MON JUL 24 2017


...................................

...THE DALLAS FORT WORTH CLIMATE SUMMARY FOR JULY 23 2017...

CLIMATE NORMAL PERIOD 1981 TO 2010
CLIMATE RECORD PERIOD 1898 TO 2017


WEATHER ITEM   OBSERVED TIME   RECORD YEAR NORMAL DEPARTURE LAST
                VALUE   (LST)  VALUE       VALUE  FROM      YEAR
                                                  NORMAL
..................................................................
TEMPERATURE (F)
 YESTERDAY
  MAXIMUM        101    250 PM 105    1974  96      5      100
  MINIMUM         73   1159 PM  59    1970  76     -3       81
  AVERAGE         87                        86      1       91

PRECIPITATION (IN)
  YESTERDAY        0.87          1.36 1926   0.05   0.82     0.00
  MONTH TO DATE    3.65                      1.73   1.92     3.86
  SINCE JUN 1     12.09                      5.52   6.57     7.46
  SINCE JAN 1     23.95                     21.77   2.18    24.22

DEGREE DAYS
 HEATING
  YESTERDAY        0                         0      0        0
  MONTH TO DATE    0                         0      0        0
  SINCE JUN 1      0                         0      0        0
  SINCE JUL 1      0                         0      0        0

 COOLING
  YESTERDAY       22                        21      1       26
  MONTH TO DATE  496                       462     34      509
  SINCE JUN 1   1028                       953     75     1083
  SINCE JAN 1   1710                      1375    335     1506
..................................................................


WIND (MPH)
  HIGHEST WIND SPEED    33   HIGHEST WIND DIRECTION    NE (60)
  HIGHEST GUST SPEED    42   HIGHEST GUST DIRECTION    NE (60)
  AVERAGE WIND SPEED    11.3


SKY COVER
  POSSIBLE SUNSHINE  MM
  AVERAGE SKY COVER 0.5


WEATHER CONDITIONS
 THE FOLLOWING WEATHER WAS RECORDED YESTERDAY.
  THUNDERSTORM
  HEAVY RAIN
  LIGHT RAIN
  FOG


RELATIVE HUMIDITY (PERCENT)
 HIGHEST    79           500 AM
 LOWEST     39           200 PM
 AVERAGE    59

..........................................................


THE DALLAS FORT WORTH CLIMATE NORMALS FOR TODAY
                         NORMAL    RECORD    YEAR
 MAXIMUM TEMPERATURE (F)   96       108      1977
                                             1954
 MINIMUM TEMPERATURE (F)   76        64      1911


SUNRISE AND SUNSET
JULY 24 2017..........SUNRISE   637 AM CDT   SUNSET   832 PM CDT
JULY 25 2017..........SUNRISE   637 AM CDT   SUNSET   832 PM CDT


-  INDICATES NEGATIVE NUMBERS.
R  INDICATES RECORD WAS SET OR TIED.
MM INDICATES DATA IS MISSING.
T  INDICATES TRACE AMOUNT.




$$
