000
CDUS44 KFWD 180712
CLIDFW


CLIMATE REPORT
NATIONAL WEATHER SERVICE FORT WORTH TX
112 AM CST THU JAN 18 2018


...................................

...THE DALLAS FORT WORTH CLIMATE SUMMARY FOR JANUARY 17 2018...

CLIMATE NORMAL PERIOD 1981 TO 2010
CLIMATE RECORD PERIOD 1898 TO 2018


WEATHER ITEM   OBSERVED TIME   RECORD YEAR NORMAL DEPARTURE LAST
                VALUE   (LST)  VALUE       VALUE  FROM      YEAR
                                                  NORMAL
..................................................................
TEMPERATURE (F)
 YESTERDAY
  MAXIMUM         37        MM  79    1952  56    -19       51
  MINIMUM         13    647 AM   2    1930  35    -22       43
  AVERAGE         25                        46    -21       47

PRECIPITATION (IN)
  YESTERDAY        0.00          0.59 1995   0.07  -0.07     0.29
  MONTH TO DATE    0.18                      1.07  -0.89     4.25
  SINCE DEC 1      4.74                      3.62   1.12     4.85
  SINCE JAN 1      0.18                      1.07  -0.89     4.25

SNOWFALL (IN)
  YESTERDAY        0.0           0.7  1966   0.0    0.0      0.0
  MONTH TO DATE    T                         0.1   -0.1      0.1
  SINCE DEC 1      T                         0.4   -0.4      0.1
  SINCE JUL 1      T                         0.4   -0.4      0.1
  SNOW DEPTH       0

DEGREE DAYS
 HEATING
  YESTERDAY       40                        19     21       18
  MONTH TO DATE  416                       334     82      291
  SINCE DEC 1    892                       892      0      775
  SINCE JUL 1   1095                      1246   -151      877

 COOLING
  YESTERDAY        0                         0      0        0
  MONTH TO DATE    0                         0      0        6
  SINCE DEC 1     12                         4      8       22
  SINCE JAN 1      0                         0      0        6
..................................................................


WIND (MPH)
  HIGHEST WIND SPEED     9   HIGHEST WIND DIRECTION     S (190)
  HIGHEST GUST SPEED    10   HIGHEST GUST DIRECTION    SW (230)
  AVERAGE WIND SPEED     3.6


SKY COVER
  POSSIBLE SUNSHINE  MM
  AVERAGE SKY COVER 0.0


WEATHER CONDITIONS
 THE FOLLOWING WEATHER WAS RECORDED YESTERDAY.
  NO SIGNIFICANT WEATHER WAS OBSERVED.


RELATIVE HUMIDITY (PERCENT)
 HIGHEST    67           600 AM
 LOWEST     23           300 PM
 AVERAGE    45

..........................................................


THE DALLAS FORT WORTH CLIMATE NORMALS FOR TODAY
                         NORMAL    RECORD    YEAR
 MAXIMUM TEMPERATURE (F)   56        80      1923
                                             1914
 MINIMUM TEMPERATURE (F)   35        -1      1930


SUNRISE AND SUNSET
JANUARY 18 2018.......SUNRISE   730 AM CST   SUNSET   547 PM CST
JANUARY 19 2018.......SUNRISE   730 AM CST   SUNSET   548 PM CST


-  INDICATES NEGATIVE NUMBERS.
R  INDICATES RECORD WAS SET OR TIED.
MM INDICATES DATA IS MISSING.
T  INDICATES TRACE AMOUNT.




$$
