000
CDUS43 KDDC 212325
CLIDGC


CLIMATE REPORT
NATIONAL WEATHER SERVICE DODGE CITY KS
625 PM CDT SAT OCT 21 2017


...................................

...THE DODGE CITY KS CLIMATE SUMMARY FOR OCTOBER 21 2017...
VALID TODAY AS OF 0500 PM LOCAL TIME.

CLIMATE NORMAL PERIOD 1981 TO 2010
CLIMATE RECORD PERIOD 1875 TO 2017


WEATHER ITEM   OBSERVED TIME   RECORD YEAR NORMAL DEPARTURE LAST
                VALUE   (LST)  VALUE       VALUE  FROM      YEAR
                                                  NORMAL
..................................................................
TEMPERATURE (F)
 TODAY
  MAXIMUM         69   1149 AM  87    2003  68      1       78
                                      1975
                                      1947
  MINIMUM         57    459 PM  23    1898  42     15       40
  AVERAGE         63                        55      8       59

PRECIPITATION (IN)
  TODAY            0.00          1.95 1941   0.07  -0.07     0.00
  MONTH TO DATE    0.37                      1.25  -0.88     0.09
  SINCE SEP 1      1.91                      2.92  -1.01     0.40
  SINCE JAN 1     25.56                     19.51   6.05    22.41

SNOWFALL (IN)
  TODAY            0.0           4.3  1996   0.0    0.0      0.0
  MONTH TO DATE    0.0                       0.2   -0.2      0.0
  SINCE SEP 1      0.0                       0.2   -0.2      0.0
  SINCE JUL 1      0.0                       0.2   -0.2      0.0
  SNOW DEPTH       0

DEGREE DAYS
 HEATING
  TODAY            2                        11     -9        6
  MONTH TO DATE   87                       163    -76      101
  SINCE SEP 1    117                       224   -107      127
  SINCE JUL 1    117                       228   -111      127

 COOLING
  TODAY            0                         0      0        0
  MONTH TO DATE   41                        27     14       55
  SINCE SEP 1    288                       214     74      297
  SINCE JAN 1   1520                      1460     60     1551
..................................................................


WIND (MPH)
  HIGHEST WIND SPEED    31   HIGHEST WIND DIRECTION     S (180)
  HIGHEST GUST SPEED    41   HIGHEST GUST DIRECTION     S (180)
  AVERAGE WIND SPEED    21.1


SKY COVER
  POSSIBLE SUNSHINE  MM
  AVERAGE SKY COVER 0.1


WEATHER CONDITIONS
 THE FOLLOWING WEATHER WAS RECORDED TODAY.
  NO SIGNIFICANT WEATHER WAS OBSERVED.


RELATIVE HUMIDITY (PERCENT)
 HIGHEST    90           600 AM
 LOWEST     24          1200 PM
 AVERAGE    57

..........................................................


THE DODGE CITY KS CLIMATE NORMALS FOR TOMORROW
                         NORMAL    RECORD    YEAR
 MAXIMUM TEMPERATURE (F)   68        88      1927
 MINIMUM TEMPERATURE (F)   41        23      1936


SUNRISE AND SUNSET
OCTOBER 21 2017.......SUNRISE   754 AM CDT   SUNSET   654 PM CDT
OCTOBER 22 2017.......SUNRISE   755 AM CDT   SUNSET   653 PM CDT


-  INDICATES NEGATIVE NUMBERS.
R  INDICATES RECORD WAS SET OR TIED.
MM INDICATES DATA IS MISSING.
T  INDICATES TRACE AMOUNT.




$$
