000
CDUS43 KDDC 242332
CLIDGC


CLIMATE REPORT
NATIONAL WEATHER SERVICE DODGE CITY KS
532 PM CST SAT FEB 24 2018


...................................

...THE DODGE CITY KS CLIMATE SUMMARY FOR FEBRUARY 24 2018...
VALID TODAY AS OF 0500 PM LOCAL TIME.

CLIMATE NORMAL PERIOD 1981 TO 2010
CLIMATE RECORD PERIOD 1875 TO 2018


WEATHER ITEM   OBSERVED TIME   RECORD YEAR NORMAL DEPARTURE LAST
                VALUE   (LST)  VALUE       VALUE  FROM      YEAR
                                                  NORMAL
..................................................................
TEMPERATURE (F)
 TODAY
  MAXIMUM         50    453 PM  79    1976  51     -1       38
                                      1918
  MINIMUM         27    508 AM  -6    1913  26      1       11
  AVERAGE         39                        38      1       25

PRECIPITATION (IN)
  TODAY            0.00          0.89 1903   0.03  -0.03     0.00
  MONTH TO DATE    0.06                      0.58  -0.52     0.01
  SINCE DEC 1      0.15                      2.00  -1.85     3.19
  SINCE JAN 1      0.15                      1.16  -1.01     2.57

SNOWFALL (IN)
  TODAY            0.0           8.8  1903   0.1   -0.1      0.0
  MONTH TO DATE    0.2                       3.4   -3.2      0.0
  SINCE DEC 1      1.4                      12.4  -11.0      5.0
  SINCE JUL 1      1.4                      14.6  -13.2      5.0
  SNOW DEPTH       0

DEGREE DAYS
 HEATING
  TODAY           26                        27     -1       40
  MONTH TO DATE  764                       711     53      487
  SINCE DEC 1   2709                      2729    -20     2537
  SINCE JUL 1   3563                      3743   -180     3133

 COOLING
  TODAY            0                         0      0        0
  MONTH TO DATE    0                         0      0        0
  SINCE DEC 1      0                         0      0        0
  SINCE JAN 1      0                         0      0        0
..................................................................


WIND (MPH)
  HIGHEST WIND SPEED    22   HIGHEST WIND DIRECTION    NW (330)
  HIGHEST GUST SPEED    28   HIGHEST GUST DIRECTION     W (280)
  AVERAGE WIND SPEED     9.6


SKY COVER
  POSSIBLE SUNSHINE  MM
  AVERAGE SKY COVER 0.9


WEATHER CONDITIONS
 THE FOLLOWING WEATHER WAS RECORDED TODAY.
  FOG


RELATIVE HUMIDITY (PERCENT)
 HIGHEST    92          1200 AM
 LOWEST     21           500 PM
 AVERAGE    57

..........................................................


THE DODGE CITY KS CLIMATE NORMALS FOR TOMORROW
                         NORMAL    RECORD    YEAR
 MAXIMUM TEMPERATURE (F)   51        80      1989
 MINIMUM TEMPERATURE (F)   26        -4      1960


SUNRISE AND SUNSET
FEBRUARY 24 2018......SUNRISE   718 AM CST   SUNSET   628 PM CST
FEBRUARY 25 2018......SUNRISE   717 AM CST   SUNSET   630 PM CST


-  INDICATES NEGATIVE NUMBERS.
R  INDICATES RECORD WAS SET OR TIED.
MM INDICATES DATA IS MISSING.
T  INDICATES TRACE AMOUNT.




$$
