000
CDUS45 KCYS 302133
CLIDGW


CLIMATE REPORT
NATIONAL WEATHER SERVICE CHEYENNE WY
331 PM MDT SAT MAY 30 2015


...................................

...THE DOUGLAS WY AIRPORT CLIMATE SUMMARY FOR MAY 30 2015...
VALID AS OF 0300 PM LOCAL TIME.

CLIMATE NORMAL PERIOD 1981 TO 2010
CLIMATE RECORD PERIOD 1998 TO 2015


WEATHER ITEM   OBSERVED TIME   RECORD YEAR NORMAL DEPARTURE LAST
                VALUE   (LST)  VALUE       VALUE  FROM      YEAR
                                                  NORMAL
..................................................................
TEMPERATURE (F)
 TODAY
  MAXIMUM         69    159 PM  93    2002  73     -4       61
  MINIMUM         37    241 AM  32    2010  43     -6       51
  AVERAGE         53                        58     -5       56

PRECIPITATION (IN)
  TODAY            0.00          0.64 2005   0.08  -0.08     0.28
  MONTH TO DATE    3.34                      2.41   0.93     2.21
  SINCE JAN 1      7.97                      5.56   2.41     5.76

DEGREE DAYS
 HEATING
  TODAY           12                         8      4        9
  MONTH TO DATE  458                       366     92      350
  SINCE MAR 1   1820                      1923   -103     1879
  SINCE JUL 1   6823                      7323   -500     7469

 COOLING
  TODAY            0                         1     -1        0
  MONTH TO DATE    0                         2     -2        5
  SINCE MAR 1      1                         2     -1        5
  SINCE JAN 1      1                         2     -1        5
..................................................................


WIND (MPH)
  HIGHEST WIND SPEED    20   HIGHEST WIND DIRECTION    SE (140)
  HIGHEST GUST SPEED    22   HIGHEST GUST DIRECTION    SE (140)
  AVERAGE WIND SPEED    11.0


SKY COVER
  AVERAGE SKY COVER 0.3


WEATHER CONDITIONS
 THE FOLLOWING WEATHER WAS RECORDED TODAY.
  FOG
  FOG W/VISIBILITY <= 1/4 MILE


RELATIVE HUMIDITY (PERCENT)
 HIGHEST   100           400 AM
 LOWEST     53           200 PM
 AVERAGE    77

..........................................................


THE DOUGLAS WY AIRPORT CLIMATE NORMALS FOR TOMORROW
                         NORMAL    RECORD    YEAR
 MAXIMUM TEMPERATURE (F)   73        87      2002
 MINIMUM TEMPERATURE (F)   43        35      2005


SUNRISE AND SUNSET
MAY 30 2015...........SUNRISE   527 AM MDT   SUNSET   831 PM MDT
MAY 31 2015...........SUNRISE   526 AM MDT   SUNSET   832 PM MDT


-  INDICATES NEGATIVE NUMBERS.
R  INDICATES RECORD WAS SET OR TIED.
MM INDICATES DATA IS MISSING.
T  INDICATES TRACE AMOUNT.




$$
