000
CDUS45 KCYS 250728
CLIDGW


CLIMATE REPORT
NATIONAL WEATHER SERVICE CHEYENNE WY
127 AM MDT SUN SEP 25 2016


...................................

...THE DOUGLAS WY AIRPORT CLIMATE SUMMARY FOR SEPTEMBER 24 2016...

CLIMATE NORMAL PERIOD 1981 TO 2010
CLIMATE RECORD PERIOD 1998 TO 2016


WEATHER ITEM   OBSERVED TIME   RECORD YEAR NORMAL DEPARTURE LAST
                VALUE   (LST)  VALUE       VALUE  FROM      YEAR
                                                  NORMAL
..................................................................
TEMPERATURE (F)
 YESTERDAY
  MAXIMUM         54    835 AM  88    2001  71    -17       87
  MINIMUM         41    619 AM  21    2000  38      3       41
  AVERAGE         48                        54     -6       64

PRECIPITATION (IN)
  YESTERDAY        0.22          0.23 2005   0.04   0.18     0.00
  MONTH TO DATE    0.82                      0.99  -0.17     0.11
  SINCE JAN 1      9.02                     11.04  -2.02    11.97

DEGREE DAYS
 HEATING
  YESTERDAY       17                        11      6        1
  MONTH TO DATE  135                       154    -19       53
  SINCE SEP 1    135                       154    -19       53
  SINCE JUL 1    180                       195    -15      101

 COOLING
  YESTERDAY        0                         0      0        0
  MONTH TO DATE   29                        27      2       62
  SINCE SEP 1     29                        27      2       62
  SINCE JAN 1    209                       485   -276      492
..................................................................


WIND (MPH)
  HIGHEST WIND SPEED    29   HIGHEST WIND DIRECTION     W (290)
  HIGHEST GUST SPEED    37   HIGHEST GUST DIRECTION     W (290)
  AVERAGE WIND SPEED    15.1


SKY COVER
  AVERAGE SKY COVER 0.6


WEATHER CONDITIONS
 THE FOLLOWING WEATHER WAS RECORDED YESTERDAY.
  RAIN
  LIGHT RAIN
  FOG


RELATIVE HUMIDITY (PERCENT)
 HIGHEST    92           700 AM
 LOWEST     59           900 AM
 AVERAGE    76

..........................................................


THE DOUGLAS WY AIRPORT CLIMATE NORMALS FOR TODAY
                         NORMAL    RECORD    YEAR
 MAXIMUM TEMPERATURE (F)   70        93      2014
 MINIMUM TEMPERATURE (F)   37        14      2000


SUNRISE AND SUNSET
SEPTEMBER 25 2016.....SUNRISE   653 AM MDT   SUNSET   652 PM MDT
SEPTEMBER 26 2016.....SUNRISE   654 AM MDT   SUNSET   651 PM MDT


-  INDICATES NEGATIVE NUMBERS.
R  INDICATES RECORD WAS SET OR TIED.
MM INDICATES DATA IS MISSING.
T  INDICATES TRACE AMOUNT.




$$
