000
CDUS44 KTAE 220718
CLIDHN


CLIMATE REPORT
NATIONAL WEATHER SERVICE TALLAHASSEE FL
237 AM EDT MON MAY 22 2017


...................................

...THE DOTHAN CLIMATE SUMMARY FOR MAY 21 2017...

CLIMATE NORMAL PERIOD 1981 TO 2010
CLIMATE RECORD PERIOD 1965 TO 2017


WEATHER ITEM   OBSERVED TIME   NORMAL DEPARTURE LAST
                VALUE   (LST)  VALUE  FROM      YEAR
                                      NORMAL
......................................................
TEMPERATURE (F)
 YESTERDAY
  MAXIMUM         82    501 PM  87     -5       86
  MINIMUM         67    726 AM  64      3       66
  AVERAGE         75            76     -1       76

PRECIPITATION (IN)
  YESTERDAY        1.03          0.12   0.91     0.00
  MONTH TO DATE    3.99          1.95   2.04     1.50
  SINCE MAR 1      7.10         11.35  -4.25    13.45
  SINCE JAN 1     26.69         20.75   5.94    24.30

SNOWFALL (IN)
  YESTERDAY        0.0

DEGREE DAYS
 COOLING
  YESTERDAY       10            11     -1       11
  MONTH TO DATE  173           175     -2      161
  SINCE MAR 1    442           286    156      321
  SINCE JAN 1    480           296    184      327
......................................................


WIND (MPH)
  HIGHEST WIND SPEED    30   HIGHEST WIND DIRECTION    NW (330)
  HIGHEST GUST SPEED    37   HIGHEST GUST DIRECTION    NW (330)
  AVERAGE WIND SPEED     5.4








-  INDICATES NEGATIVE NUMBERS.
R  INDICATES RECORD WAS SET OR TIED.
MM INDICATES DATA IS MISSING.
T  INDICATES TRACE AMOUNT.




$$
