000
CDUS44 KTAE 220633
CLIDHN


CLIMATE REPORT
NATIONAL WEATHER SERVICE TALLAHASSEE FL
231 AM EDT SUN OCT 22 2017

...................................

...THE DOTHAN CLIMATE SUMMARY FOR OCTOBER 21 2017...

CLIMATE NORMAL PERIOD 1981 TO 2010
CLIMATE RECORD PERIOD 1965 TO 2017


WEATHER ITEM   OBSERVED TIME   NORMAL DEPARTURE LAST
                VALUE   (LST)  VALUE  FROM      YEAR
                                      NORMAL
......................................................
TEMPERATURE (F)
 YESTERDAY
  MAXIMUM         83   1244 PM  78      5       78
  MINIMUM         63    721 AM  54      9       50
  AVERAGE         73            66      7       64

PRECIPITATION (IN)
  YESTERDAY        0.00          0.11  -0.11     0.00
  MONTH TO DATE    1.10          2.27  -1.17      T
  SINCE SEP 1      3.95          5.86  -1.91     0.76
  SINCE JAN 1     45.20         44.25   0.95    43.99

SNOWFALL (IN)
  YESTERDAY        0.0

DEGREE DAYS
 HEATING
  YESTERDAY        0             2     -2        1
  MONTH TO DATE    3            21    -18        1
  SINCE SEP 1      7            23    -16        1
  SINCE JUL 1      7            23    -16        1

 COOLING
  YESTERDAY        8             3      5        0
  MONTH TO DATE  224           107    117      187
  SINCE SEP 1    593           455    138      614
  SINCE JAN 1   2651          2335    316     2682
......................................................


WIND (MPH)
  HIGHEST WIND SPEED    17   HIGHEST WIND DIRECTION    SE (140)
  HIGHEST GUST SPEED    21   HIGHEST GUST DIRECTION    SE (140)
  AVERAGE WIND SPEED     7.0




-  INDICATES NEGATIVE NUMBERS.
R  INDICATES RECORD WAS SET OR TIED.
MM INDICATES DATA IS MISSING.
T  INDICATES TRACE AMOUNT.

$$
