713
CDUS44 KTAE 240637
CLIDHN


CLIMATE REPORT
NATIONAL WEATHER SERVICE TALLAHASSEE FL
237 AM EDT SUN JUL 24 2016


...................................

...THE DOTHAN CLIMATE SUMMARY FOR JULY 23 2016...

CLIMATE NORMAL PERIOD 1981 TO 2010
CLIMATE RECORD PERIOD 1965 TO 2016


WEATHER ITEM   OBSERVED TIME   NORMAL DEPARTURE LAST
                VALUE   (LST)  VALUE  FROM      YEAR
                                      NORMAL
......................................................
TEMPERATURE (F)
 YESTERDAY
  MAXIMUM         92    312 PM  92      0       94
  MINIMUM         73    502 AM  72      1       76
  AVERAGE         83            82      1       85

PRECIPITATION (IN)
  YESTERDAY        0.04          0.19  -0.15     0.09
  MONTH TO DATE    6.70          4.41   2.29     3.65
  SINCE JUN 1     11.79         10.01   1.78     6.85
  SINCE JAN 1     36.21         32.37   3.84    31.10

SNOWFALL (IN)
  YESTERDAY        0.0

DEGREE DAYS
 COOLING
  YESTERDAY       18            17      1       20
  MONTH TO DATE  421           390     31      426
  SINCE JUN 1    912           834     78      920
  SINCE JAN 1   1365          1247    118     1508
......................................................


WIND (MPH)
  HIGHEST WIND SPEED    14   HIGHEST WIND DIRECTION     S (190)
  HIGHEST GUST SPEED    17   HIGHEST GUST DIRECTION     S (190)
  AVERAGE WIND SPEED     3.5








-  INDICATES NEGATIVE NUMBERS.
R  INDICATES RECORD WAS SET OR TIED.
MM INDICATES DATA IS MISSING.
T  INDICATES TRACE AMOUNT.




$$
