000
CDUS44 KTAE 250631
CLIDHN


CLIMATE REPORT
NATIONAL WEATHER SERVICE TALLAHASSEE FL
230 AM EDT TUE APR 25 2017


...................................

...THE DOTHAN CLIMATE SUMMARY FOR APRIL 24 2017...

CLIMATE NORMAL PERIOD 1981 TO 2010
CLIMATE RECORD PERIOD 1965 TO 2017


WEATHER ITEM   OBSERVED TIME   NORMAL DEPARTURE LAST
                VALUE   (LST)  VALUE  FROM      YEAR
                                      NORMAL
......................................................
TEMPERATURE (F)
 YESTERDAY
  MAXIMUM         70    556 PM  81    -11       84
  MINIMUM         54    758 AM  56     -2       54
  AVERAGE         62            68     -6       69

PRECIPITATION (IN)
  YESTERDAY        0.00          0.08  -0.08     0.00
  MONTH TO DATE    1.55          3.05  -1.50     5.78
  SINCE MAR 1      3.08          8.93  -5.85    11.94
  SINCE JAN 1     22.67         18.33   4.34    22.79

SNOWFALL (IN)
  YESTERDAY        0.0

DEGREE DAYS
 HEATING
  YESTERDAY        3             1      2        0
  MONTH TO DATE   22            64    -42       38
  SINCE MAR 1    193           275    -82      160
  SINCE JUL 1   1052          1834   -782     1338

 COOLING
  YESTERDAY        0             4     -4        4
  MONTH TO DATE  128            60     68       28
  SINCE MAR 1    204            81    123      101
  SINCE JAN 1    242            91    151      107
......................................................


WIND (MPH)
  HIGHEST WIND SPEED    17   HIGHEST WIND DIRECTION    NW (320)
  HIGHEST GUST SPEED    25   HIGHEST GUST DIRECTION    NW (320)
  AVERAGE WIND SPEED     8.7








-  INDICATES NEGATIVE NUMBERS.
R  INDICATES RECORD WAS SET OR TIED.
MM INDICATES DATA IS MISSING.
T  INDICATES TRACE AMOUNT.




$$
