000
CDUS44 KTAE 300649
CLIDHN


CLIMATE REPORT
NATIONAL WEATHER SERVICE TALLAHASSEE FL
149 AM EST FRI JAN 30 2015


...................................

...THE DOTHAN CLIMATE SUMMARY FOR JANUARY 29 2015...

CLIMATE NORMAL PERIOD 1981 TO 2010
CLIMATE RECORD PERIOD 1965 TO 2015


WEATHER ITEM   OBSERVED TIME   NORMAL DEPARTURE LAST
                VALUE   (LST)  VALUE  FROM      YEAR
                                      NORMAL
......................................................
TEMPERATURE (F)
 YESTERDAY
  MAXIMUM         66    348 PM  61      5       26
  MINIMUM         34    449 AM  38     -4       21
  AVERAGE         50            50      0       24

PRECIPITATION (IN)
  YESTERDAY        0.00          0.19  -0.19      T
  MONTH TO DATE    2.95          4.25  -1.30     2.93
  SINCE DEC 1      8.39          8.64  -0.25    11.57
  SINCE JAN 1      2.95          4.25  -1.30     2.93

SNOWFALL (IN)
  YESTERDAY        0.0

DEGREE DAYS
 HEATING
  YESTERDAY       15            15      0       41
  MONTH TO DATE  440           473    -33      624
  SINCE DEC 1    767           909   -142      976
  SINCE JUL 1   1188          1186      2     1276
......................................................


WIND (MPH)
  HIGHEST WIND SPEED    16   HIGHEST WIND DIRECTION    SW (220)
  HIGHEST GUST SPEED    21   HIGHEST GUST DIRECTION    SW (220)
  AVERAGE WIND SPEED     8.0








-  INDICATES NEGATIVE NUMBERS.
R  INDICATES RECORD WAS SET OR TIED.
MM INDICATES DATA IS MISSING.
T  INDICATES TRACE AMOUNT.




$$
