000
CDUS44 KTAE 300632
CLIDHN


CLIMATE REPORT
NATIONAL WEATHER SERVICE TALLAHASSEE FL
231 AM EDT TUE SEP 30 2014


...................................

...THE DOTHAN CLIMATE SUMMARY FOR SEPTEMBER 29 2014...

CLIMATE NORMAL PERIOD 1981 TO 2010
CLIMATE RECORD PERIOD 1965 TO 2014


WEATHER ITEM   OBSERVED TIME   NORMAL DEPARTURE LAST
                VALUE   (LST)  VALUE  FROM      YEAR
                                      NORMAL
......................................................
TEMPERATURE (F)
 YESTERDAY
  MAXIMUM         82    155 PM  84     -2       81
  MINIMUM         69   1106 PM  61      8       59
  AVERAGE         76            73      3       70

PRECIPITATION (IN)
  YESTERDAY        0.29          0.09   0.20     0.00
  MONTH TO DATE    2.64          3.51  -0.87     8.37
  SINCE SEP 1      2.64          3.51  -0.87     8.37
  SINCE JAN 1     42.58         41.90   0.68    66.21

SNOWFALL (IN)
  YESTERDAY        0.0

DEGREE DAYS
 HEATING
  YESTERDAY        0             0      0        0
  MONTH TO DATE    0             0      0        0
  SINCE SEP 1      0             0      0        0
  SINCE JUL 1      0             0      0        0

 COOLING
  YESTERDAY       11             8      3        5
  MONTH TO DATE  382           340     42      377
  SINCE SEP 1    382           340     42      377
  SINCE JAN 1   2267          2220     47     2131
......................................................


WIND (MPH)
  HIGHEST WIND SPEED    16   HIGHEST WIND DIRECTION     N (20)
  HIGHEST GUST SPEED    22   HIGHEST GUST DIRECTION    NE (30)
  AVERAGE WIND SPEED     5.4








-  INDICATES NEGATIVE NUMBERS.
R  INDICATES RECORD WAS SET OR TIED.
MM INDICATES DATA IS MISSING.
T  INDICATES TRACE AMOUNT.




$$
