000
CDUS44 KAMA 220731
CLIDHT


CLIMATE REPORT
NATIONAL WEATHER SERVICE AMARILLO TX
130 AM CST SUN JAN 22 2017


...................................

...THE DALHART CLIMATE SUMMARY FOR JANUARY 21 2017...

CLIMATE NORMAL PERIOD 1981 TO 2010
CLIMATE RECORD PERIOD 1948 TO 2017


WEATHER ITEM   OBSERVED TIME   RECORD YEAR NORMAL DEPARTURE LAST
                VALUE   (LST)  VALUE       VALUE  FROM      YEAR
                                                  NORMAL
..................................................................
TEMPERATURE (F)
 YESTERDAY
  MAXIMUM         56    111 PM  80    1950  51      5       48
  MINIMUM         32    804 AM  -4    1984  20     12       27
  AVERAGE         44                        35      9       38

PRECIPITATION (IN)
  YESTERDAY        0.13          1.27 1983   0.02   0.11     0.00
  MONTH TO DATE    1.03                      0.32   0.71     0.24
  SINCE DEC 1      1.23                      0.86   0.37     0.79
  SINCE JAN 1      1.03                      0.32   0.71     0.24

SNOWFALL (IN)
  YESTERDAY        0.0          12.5  1983   0.2   -0.2      0.0
  MONTH TO DATE    0.0                       2.7   -2.7      4.0
  SINCE DEC 1      1.3                       7.0   -5.7      5.5
  SINCE JUL 1      1.3                       8.9   -7.6      6.0
  SNOW DEPTH       0

DEGREE DAYS
 HEATING
  YESTERDAY       21                        30     -9       27
  MONTH TO DATE  576                       641    -65      638
  SINCE DEC 1   1468                      1589   -121     1435
  SINCE JUL 1   2044                      2584   -540     2145

 COOLING
  YESTERDAY        0                         0      0        0
  MONTH TO DATE    0                         0      0        0
  SINCE DEC 1      0                         0      0        0
  SINCE JAN 1      0                         0      0        0
..................................................................


WIND (MPH)
  RESULTANT WIND SPEED  11   RESULTANT WIND DIRECTION  SW (240)
  HIGHEST WIND SPEED    29   HIGHEST WIND DIRECTION    SW (230)
  HIGHEST GUST SPEED    36   HIGHEST GUST DIRECTION    SW (220)
  AVERAGE WIND SPEED    15.1


SKY COVER
  AVERAGE SKY COVER 0.5


WEATHER CONDITIONS
 THE FOLLOWING WEATHER WAS RECORDED YESTERDAY.
  RAIN
  LIGHT RAIN
  FOG


RELATIVE HUMIDITY (PERCENT)
 HIGHEST    92           800 AM
 LOWEST     51           100 PM
 AVERAGE    72

..........................................................


THE DALHART CLIMATE NORMALS FOR TODAY
                         NORMAL    RECORD    YEAR
 MAXIMUM TEMPERATURE (F)   51        75      1967
 MINIMUM TEMPERATURE (F)   20        -7      1966


SUNRISE AND SUNSET
JANUARY 22 2017.......SUNRISE   757 AM CST   SUNSET   607 PM CST
JANUARY 23 2017.......SUNRISE   757 AM CST   SUNSET   608 PM CST


-  INDICATES NEGATIVE NUMBERS.
R  INDICATES RECORD WAS SET OR TIED.
MM INDICATES DATA IS MISSING.
T  INDICATES TRACE AMOUNT.




$$
