000
CDUS44 KAMA 030632
CLIDHT


CLIMATE REPORT
NATIONAL WEATHER SERVICE AMARILLO TX
130 AM CDT MON AUG 3 2015


...................................

...THE DALHART CLIMATE SUMMARY FOR AUGUST 2 2015...

CLIMATE NORMAL PERIOD 1981 TO 2010
CLIMATE RECORD PERIOD 1894 TO 2015


WEATHER ITEM   OBSERVED TIME   RECORD YEAR NORMAL DEPARTURE LAST
                VALUE   (LST)  VALUE       VALUE  FROM      YEAR
                                                  NORMAL
..................................................................
TEMPERATURE (F)
 YESTERDAY
  MAXIMUM         93    345 PM 102    1959  91      2       87
  MINIMUM         69    714 AM  55    1971  62      7       63
  AVERAGE         81                        76      5       75

PRECIPITATION (IN)
  YESTERDAY        0.00          4.52 1985   0.11  -0.11     0.00
  MONTH TO DATE    T                         0.22  -0.22     0.00
  SINCE JUN 1      5.00                      5.31  -0.31     5.92
  SINCE JAN 1     11.71                     10.72   0.99     7.76

SNOWFALL (IN)
  YESTERDAY        0.0           0.0    MM   0.0    0.0      0.0
  MONTH TO DATE    0.0                       0.0    0.0      0.0
  SINCE JUN 1      0.0                       0.0    0.0      0.0
  SINCE JUL 1      0.0                       0.0    0.0      0.0
  SNOW DEPTH       0

DEGREE DAYS
 HEATING
  YESTERDAY        0                         0      0        0
  MONTH TO DATE    0                         0      0        0
  SINCE JUN 1      0                        13    -13        4
  SINCE JUL 1      0                         1     -1        0

 COOLING
  YESTERDAY       16                        11      5       10
  MONTH TO DATE   29                        23      6       20
  SINCE JUN 1    828                       628    200      693
  SINCE JAN 1    850                       700    150      813
..................................................................


WIND (MPH)
  RESULTANT WIND SPEED   5   RESULTANT WIND DIRECTION   S (180)
  HIGHEST WIND SPEED    17   HIGHEST WIND DIRECTION     S (170)
  HIGHEST GUST SPEED    22   HIGHEST GUST DIRECTION     S (170)
  AVERAGE WIND SPEED     8.6


SKY COVER
  AVERAGE SKY COVER 0.1


WEATHER CONDITIONS
 THE FOLLOWING WEATHER WAS RECORDED YESTERDAY.
  FOG


RELATIVE HUMIDITY (PERCENT)
 HIGHEST    90           200 AM
 LOWEST     36           400 PM
 AVERAGE    63

..........................................................


THE DALHART CLIMATE NORMALS FOR TODAY
                         NORMAL    RECORD    YEAR
 MAXIMUM TEMPERATURE (F)   90       104      2012
 MINIMUM TEMPERATURE (F)   62        56      1990


SUNRISE AND SUNSET
AUGUST  3 2015........SUNRISE   659 AM CDT   SUNSET   853 PM CDT
AUGUST  4 2015........SUNRISE   700 AM CDT   SUNSET   852 PM CDT


-  INDICATES NEGATIVE NUMBERS.
R  INDICATES RECORD WAS SET OR TIED.
MM INDICATES DATA IS MISSING.
T  INDICATES TRACE AMOUNT.




$$
