000
CDUS44 KAMA 072229
CLIDHT


CLIMATE REPORT
NATIONAL WEATHER SERVICE AMARILLO TX
427 PM CST WED DEC 7 2016


...................................

...THE DALHART CLIMATE SUMMARY FOR DECEMBER 7 2016...
VALID TODAY AS OF 0400 PM LOCAL TIME.

CLIMATE NORMAL PERIOD 1981 TO 2010
CLIMATE RECORD PERIOD 1948 TO 2016


WEATHER ITEM   OBSERVED TIME   RECORD YEAR NORMAL DEPARTURE LAST
                VALUE   (LST)  VALUE       VALUE  FROM      YEAR
                                                  NORMAL
..................................................................
TEMPERATURE (F)
 TODAY
  MAXIMUM         35    152 PM  75    2003  50    -15       62
  MINIMUM         16    206 AM  -4    2005  21     -5       24
  AVERAGE         26                        35     -9       43

PRECIPITATION (IN)
  TODAY            0.00          0.18 1986   0.02  -0.02     0.00
  MONTH TO DATE    0.03                      0.12  -0.09     0.00
  SINCE DEC 1      0.03                      0.12  -0.09     0.00
  SINCE JAN 1     18.91                     17.17   1.74    20.82

SNOWFALL (IN)
  TODAY            0.0           0.6  1960   0.1   -0.1      0.0
  MONTH TO DATE    0.5                       0.8   -0.3      0.0
  SINCE DEC 1      0.5                       0.8   -0.3      0.0
  SINCE JUL 1      0.5                       2.7   -2.2      0.5
  SNOW DEPTH       0

DEGREE DAYS
 HEATING
  TODAY           39                        30      9       22
  MONTH TO DATE  210                       202      8      156
  SINCE DEC 1    210                       202      8      156
  SINCE JUL 1    786                      1197   -411      866

 COOLING
  TODAY            0                         0      0        0
  MONTH TO DATE    0                         0      0        0
  SINCE DEC 1      0                         0      0        0
  SINCE JAN 1   1556                      1138    418     1538
..................................................................


WIND (MPH)
  RESULTANT WIND SPEED   9   RESULTANT WIND DIRECTION  NE (30)
  HIGHEST WIND SPEED    32   HIGHEST WIND DIRECTION     N (20)
  HIGHEST GUST SPEED    41   HIGHEST GUST DIRECTION     N (20)
  AVERAGE WIND SPEED    14.7


SKY COVER
  AVERAGE SKY COVER 0.0


WEATHER CONDITIONS
 THE FOLLOWING WEATHER WAS RECORDED TODAY.
  NO SIGNIFICANT WEATHER WAS OBSERVED.


RELATIVE HUMIDITY (PERCENT)
 HIGHEST    84           600 AM
 LOWEST     39          1200 PM
 AVERAGE    62

..........................................................


THE DALHART CLIMATE NORMALS FOR TOMORROW
                         NORMAL    RECORD    YEAR
 MAXIMUM TEMPERATURE (F)   50        81      1970
 MINIMUM TEMPERATURE (F)   20        -5      2005


SUNRISE AND SUNSET
DECEMBER  7 2016......SUNRISE   748 AM CST   SUNSET   536 PM CST
DECEMBER  8 2016......SUNRISE   749 AM CST   SUNSET   536 PM CST


-  INDICATES NEGATIVE NUMBERS.
R  INDICATES RECORD WAS SET OR TIED.
MM INDICATES DATA IS MISSING.
T  INDICATES TRACE AMOUNT.




$$
