000
CDUS44 KAMA 121511
CLIDHT


CLIMATE REPORT
NATIONAL WEATHER SERVICE AMARILLO TX
911 AM CST TUE DEC 12 2017


...................................

...THE DALHART CLIMATE SUMMARY FOR DECEMBER 12 2017...
VALID AS OF 0900 AM LOCAL TIME.

CLIMATE NORMAL PERIOD 1981 TO 2010
CLIMATE RECORD PERIOD 1948 TO 2017


WEATHER ITEM   OBSERVED TIME   RECORD YEAR NORMAL DEPARTURE LAST
                VALUE   (LST)  VALUE       VALUE  FROM      YEAR
                                                  NORMAL
..................................................................
TEMPERATURE (F)
 TODAY
  MINIMUM         18    728 AM -12    1961  20     -2       21

PRECIPITATION (IN)
  TODAY            0.00          0.18 2015   0.02  -0.02     0.00
  MONTH TO DATE    0.00                      0.21  -0.21     0.03
  SINCE DEC 1      0.00                      0.21  -0.21     0.03
  SINCE JAN 1     24.41                     17.26   7.15    18.91

SNOWFALL (IN)
  TODAY            0.0           T    2007   0.2   -0.2      0.0
                                      1967
  MONTH TO DATE    0.0                       1.6   -1.6      0.5
  SINCE DEC 1      0.0                       1.6   -1.6      0.5
  SINCE JUL 1      2.3                       3.5   -1.2      0.5
  SNOW DEPTH       0

..................................................................


WIND (MPH)
  RESULTANT WIND SPEED   7   RESULTANT WIND DIRECTION  NW (310)
  HIGHEST WIND SPEED    13   HIGHEST WIND DIRECTION     N (360)
  HIGHEST GUST SPEED    13   HIGHEST GUST DIRECTION     N (10)
  AVERAGE WIND SPEED     8.1


SKY COVER
  AVERAGE SKY COVER 0.0


WEATHER CONDITIONS
 THE FOLLOWING WEATHER WAS RECORDED TODAY.
  NO SIGNIFICANT WEATHER WAS OBSERVED.


RELATIVE HUMIDITY (PERCENT)
 HIGHEST    62           700 AM
 LOWEST     32           100 AM
 AVERAGE    47

..........................................................


THE DALHART CLIMATE NORMALS FOR TOMORROW
                         NORMAL    RECORD    YEAR
 MAXIMUM TEMPERATURE (F)   49        73      1995
 MINIMUM TEMPERATURE (F)   20         3      1963


SUNRISE AND SUNSET
DECEMBER 12 2017......SUNRISE   752 AM CST   SUNSET   537 PM CST
DECEMBER 13 2017......SUNRISE   752 AM CST   SUNSET   537 PM CST


-  INDICATES NEGATIVE NUMBERS.
R  INDICATES RECORD WAS SET OR TIED.
MM INDICATES DATA IS MISSING.
T  INDICATES TRACE AMOUNT.




$$
