000
CDUS44 KAMA 210725
CLIDHT


CLIMATE REPORT
NATIONAL WEATHER SERVICE AMARILLO TX
125 AM CST SUN DEC 21 2014


...................................

...THE DALHART CLIMATE SUMMARY FOR DECEMBER 20 2014...

CLIMATE NORMAL PERIOD 1981 TO 2010
CLIMATE RECORD PERIOD 1894 TO 2014


WEATHER ITEM   OBSERVED TIME   RECORD YEAR NORMAL DEPARTURE LAST
                VALUE   (LST)  VALUE       VALUE  FROM      YEAR
                                                  NORMAL
..................................................................
TEMPERATURE (F)
 YESTERDAY
  MAXIMUM         46    237 PM  73    1981  48     -2       36
  MINIMUM         22   1235 AM  -1    1990  19      3       26
  AVERAGE         34                        34      0       31

PRECIPITATION (IN)
  YESTERDAY        0.00          0.29 2006   0.02  -0.02     0.00
  MONTH TO DATE    0.17                      0.36  -0.19      T
  SINCE DEC 1      0.17                      0.36  -0.19      T
  SINCE JAN 1     11.52                     17.41  -5.89     7.63

SNOWFALL (IN)
  YESTERDAY        0.0           0.2  1951   0.1   -0.1      0.0
  MONTH TO DATE    0.0                       2.8   -2.8      0.5
  SINCE DEC 1      0.0                       2.8   -2.8      0.5
  SINCE JUL 1      1.5                       4.7   -3.2      3.5
  SNOW DEPTH       0

DEGREE DAYS
 HEATING
  YESTERDAY       31                        31      0       34
  MONTH TO DATE  473                       602   -129      611
  SINCE DEC 1    473                       602   -129      611
  SINCE JUL 1   1326                      1597   -271     1557

 COOLING
  YESTERDAY        0                         0      0        0
  MONTH TO DATE    0                         0      0        0
  SINCE DEC 1      0                         0      0        0
  SINCE JAN 1   1411                      1138    273     1576
..................................................................


WIND (MPH)
  RESULTANT WIND SPEED   7   RESULTANT WIND DIRECTION  SW (220)
  HIGHEST WIND SPEED    15   HIGHEST WIND DIRECTION    SW (220)
  HIGHEST GUST SPEED    19   HIGHEST GUST DIRECTION    SW (210)
  AVERAGE WIND SPEED     7.4


SKY COVER
  AVERAGE SKY COVER 0.6


WEATHER CONDITIONS
 THE FOLLOWING WEATHER WAS RECORDED YESTERDAY.
  FOG
  FOG W/VISIBILITY <= 1/4 MILE


RELATIVE HUMIDITY (PERCENT)
 HIGHEST    96          1200 PM
 LOWEST     45           400 PM
 AVERAGE    71

..........................................................


THE DALHART CLIMATE NORMALS FOR TODAY
                         NORMAL    RECORD    YEAR
 MAXIMUM TEMPERATURE (F)   48        70      1981
 MINIMUM TEMPERATURE (F)   19        -6      1990


SUNRISE AND SUNSET
DECEMBER 21 2014......SUNRISE   757 AM CST   SUNSET   540 PM CST
DECEMBER 22 2014......SUNRISE   757 AM CST   SUNSET   540 PM CST


-  INDICATES NEGATIVE NUMBERS.
R  INDICATES RECORD WAS SET OR TIED.
MM INDICATES DATA IS MISSING.
T  INDICATES TRACE AMOUNT.




$$
