000
CDUS44 KAMA 202132
CLIDHT


CLIMATE REPORT
NATIONAL WEATHER SERVICE AMARILLO TX
432 PM CDT WED AUG 20 2014


...................................

...THE DALHART CLIMATE SUMMARY FOR AUGUST 20 2014...
VALID TODAY AS OF 0400 PM LOCAL TIME.

CLIMATE NORMAL PERIOD 1981 TO 2010
CLIMATE RECORD PERIOD 1894 TO 2014


WEATHER ITEM   OBSERVED TIME   RECORD YEAR NORMAL DEPARTURE LAST
                VALUE   (LST)  VALUE       VALUE  FROM      YEAR
                                                  NORMAL
..................................................................
TEMPERATURE (F)
 TODAY
  MAXIMUM         99    302 PM 106    2007  89     10       93
  MINIMUM         67    455 AM  51    1950  61      6       63
  AVERAGE         83                        75      8       78

PRECIPITATION (IN)
  TODAY            0.00        148.00 1970   0.09  -0.09     0.00
  MONTH TO DATE    0.37                      2.05  -1.68     1.56
  SINCE JUN 1      6.29                      7.14  -0.85     3.72
  SINCE JAN 1      8.13                     12.55  -4.42     5.02

SNOWFALL (IN)
  TODAY            0.0           0.0    MM   0.0    0.0      0.0
  MONTH TO DATE    0.0                       0.0    0.0      0.0
  SINCE JUN 1      0.0                       0.0    0.0      0.0
  SINCE JUL 1      0.0                       0.0    0.0      0.0
  SNOW DEPTH       0

DEGREE DAYS
 HEATING
  TODAY            0                         0      0        0
  MONTH TO DATE    0                         0      0        0
  SINCE JUN 1      4                        13     -9        0
  SINCE JUL 1      0                         1     -1        0

 COOLING
  TODAY           18                        10      8       13
  MONTH TO DATE  261                       217     44      237
  SINCE JUN 1    934                       822    112     1046
  SINCE JAN 1   1054                       894    160     1200
..................................................................


WIND (MPH)
  RESULTANT WIND SPEED  12   RESULTANT WIND DIRECTION   S (190)
  HIGHEST WIND SPEED    22   HIGHEST WIND DIRECTION     S (200)
  HIGHEST GUST SPEED    29   HIGHEST GUST DIRECTION     S (180)
  AVERAGE WIND SPEED    12.7


SKY COVER
  AVERAGE SKY COVER 0.0


WEATHER CONDITIONS
 THE FOLLOWING WEATHER WAS RECORDED TODAY.
  NO SIGNIFICANT WEATHER WAS OBSERVED.


RELATIVE HUMIDITY (PERCENT)
 HIGHEST    81           500 AM
 LOWEST     18           200 PM
 AVERAGE    50

..........................................................


THE DALHART CLIMATE NORMALS FOR TOMORROW
                         NORMAL    RECORD    YEAR
 MAXIMUM TEMPERATURE (F)   89       100      2007
 MINIMUM TEMPERATURE (F)   61        52      2009
                                             1964


SUNRISE AND SUNSET
AUGUST 20 2014........SUNRISE   713 AM CDT   SUNSET   834 PM CDT
AUGUST 21 2014........SUNRISE   713 AM CDT   SUNSET   833 PM CDT


-  INDICATES NEGATIVE NUMBERS.
R  INDICATES RECORD WAS SET OR TIED.
MM INDICATES DATA IS MISSING.
T  INDICATES TRACE AMOUNT.




$$
