000
CDUS44 KAMA 290632
CLIDHT


CLIMATE REPORT
NATIONAL WEATHER SERVICE AMARILLO TX
131 AM CDT SAT AUG 29 2015


...................................

...THE DALHART CLIMATE SUMMARY FOR AUGUST 28 2015...

CLIMATE NORMAL PERIOD 1981 TO 2010
CLIMATE RECORD PERIOD 1894 TO 2015


WEATHER ITEM   OBSERVED TIME   RECORD YEAR NORMAL DEPARTURE LAST
                VALUE   (LST)  VALUE       VALUE  FROM      YEAR
                                                  NORMAL
..................................................................
TEMPERATURE (F)
 YESTERDAY
  MAXIMUM         91    333 PM 101    2011  88      3       86
  MINIMUM         68    615 AM  48    1987  60      8       59
  AVERAGE         80                        74      6       73

PRECIPITATION (IN)
  YESTERDAY        T             1.87 1972   0.07  -0.07      T
  MONTH TO DATE    1.72                      2.65  -0.93     0.88
  SINCE JUN 1      6.72                      7.74  -1.02     6.80
  SINCE JAN 1     13.43                     13.15   0.28     8.64

SNOWFALL (IN)
  YESTERDAY        0.0           0.0    MM   0.0    0.0      0.0
  MONTH TO DATE    0.0                       0.0    0.0      0.0
  SINCE JUN 1      0.0                       0.0    0.0      0.0
  SINCE JUL 1      0.0                       0.0    0.0      0.0
  SNOW DEPTH       0

DEGREE DAYS
 HEATING
  YESTERDAY        0                         0      0        0
  MONTH TO DATE    0                         0      0        0
  SINCE JUN 1      0                        13    -13        4
  SINCE JUL 1      0                         1     -1        0

 COOLING
  YESTERDAY       15                         9      6        8
  MONTH TO DATE  359                       293     66      381
  SINCE JUN 1   1158                       898    260     1054
  SINCE JAN 1   1180                       970    210     1174
..................................................................


WIND (MPH)
  RESULTANT WIND SPEED   8   RESULTANT WIND DIRECTION  NE (30)
  HIGHEST WIND SPEED    22   HIGHEST WIND DIRECTION     N (10)
  HIGHEST GUST SPEED    24   HIGHEST GUST DIRECTION     N (10)
  AVERAGE WIND SPEED     9.3


SKY COVER
  AVERAGE SKY COVER 0.1


WEATHER CONDITIONS
 THE FOLLOWING WEATHER WAS RECORDED YESTERDAY.
  LIGHT RAIN


RELATIVE HUMIDITY (PERCENT)
 HIGHEST    79          1100 PM
 LOWEST     29           400 PM
 AVERAGE    54

..........................................................


THE DALHART CLIMATE NORMALS FOR TODAY
                         NORMAL    RECORD    YEAR
 MAXIMUM TEMPERATURE (F)   88        99      1990
 MINIMUM TEMPERATURE (F)   59        43      1988


SUNRISE AND SUNSET
AUGUST 29 2015........SUNRISE   719 AM CDT   SUNSET   822 PM CDT
AUGUST 30 2015........SUNRISE   720 AM CDT   SUNSET   821 PM CDT


-  INDICATES NEGATIVE NUMBERS.
R  INDICATES RECORD WAS SET OR TIED.
MM INDICATES DATA IS MISSING.
T  INDICATES TRACE AMOUNT.




$$
