000
CDUS44 KAMA 222246
CLIDHT


CLIMATE REPORT
NATIONAL WEATHER SERVICE AMARILLO TX
445 PM CST THU FEB 22 2018


...................................

...THE DALHART CLIMATE SUMMARY FOR FEBRUARY 22 2018...
VALID TODAY AS OF 0400 PM LOCAL TIME.

CLIMATE NORMAL PERIOD 1981 TO 2010
CLIMATE RECORD PERIOD 1948 TO 2018


WEATHER ITEM   OBSERVED TIME   RECORD YEAR NORMAL DEPARTURE LAST
                VALUE   (LST)  VALUE       VALUE  FROM      YEAR
                                                  NORMAL
..................................................................
TEMPERATURE (F)
 TODAY
  MAXIMUM         56    409 PM  80    2017  54      2       80
  MINIMUM         19    409 AM   8    1960  24     -5       40
  AVERAGE         38                        39     -1       60

PRECIPITATION (IN)
  TODAY            0.00          0.63 2015   0.01  -0.01     0.00
  MONTH TO DATE    T                         0.31  -0.31     0.05
  SINCE DEC 1      0.01                      1.37  -1.36     1.28
  SINCE JAN 1      0.01                      0.83  -0.82     1.08

SNOWFALL (IN)
  TODAY            0.0           4.3  2015   0.1   -0.1      0.0
  MONTH TO DATE    T                         2.5   -2.5       T
  SINCE DEC 1      T                        11.1  -11.1      1.3
  SINCE JUL 1      2.3                      13.0  -10.7      1.3
  SNOW DEPTH       0

DEGREE DAYS
 HEATING
  TODAY           27                        26      1        5
  MONTH TO DATE  606                       612     -6      399
  SINCE DEC 1   2364                      2499   -135     2113
  SINCE JUL 1   3039                      3494   -455     2689

 COOLING
  TODAY            0                         0      0        0
  MONTH TO DATE    0                         0      0        0
  SINCE DEC 1      0                         0      0        0
  SINCE JAN 1      0                         0      0        0
..................................................................


WIND (MPH)
  RESULTANT WIND SPEED   9   RESULTANT WIND DIRECTION   S (190)
  HIGHEST WIND SPEED    23   HIGHEST WIND DIRECTION     S (200)
  HIGHEST GUST SPEED    29   HIGHEST GUST DIRECTION     S (200)
  AVERAGE WIND SPEED    10.0


SKY COVER
  AVERAGE SKY COVER 0.5


WEATHER CONDITIONS
 THE FOLLOWING WEATHER WAS RECORDED TODAY.
  NO SIGNIFICANT WEATHER WAS OBSERVED.


RELATIVE HUMIDITY (PERCENT)
 HIGHEST    56           400 AM
 LOWEST     24           400 PM
 AVERAGE    40

..........................................................


THE DALHART CLIMATE NORMALS FOR TOMORROW
                         NORMAL    RECORD    YEAR
 MAXIMUM TEMPERATURE (F)   55        81      1956
 MINIMUM TEMPERATURE (F)   24         3      2010


SUNRISE AND SUNSET
FEBRUARY 22 2018......SUNRISE   729 AM CST   SUNSET   639 PM CST
FEBRUARY 23 2018......SUNRISE   728 AM CST   SUNSET   640 PM CST


-  INDICATES NEGATIVE NUMBERS.
R  INDICATES RECORD WAS SET OR TIED.
MM INDICATES DATA IS MISSING.
T  INDICATES TRACE AMOUNT.




$$
