000
CDUS43 KBIS 230728
CLIDIK


CLIMATE REPORT
NATIONAL WEATHER SERVICE BISMARCK ND
227 AM CDT SAT MAY 23 2015


...................................

...THE DICKINSON ND CLIMATE SUMMARY FOR MAY 22 2015...

CLIMATE NORMAL PERIOD 1981 TO 2010
CLIMATE RECORD PERIOD 1893 TO 2015


WEATHER ITEM   OBSERVED TIME   RECORD YEAR NORMAL DEPARTURE LAST
                VALUE   (LST)  VALUE       VALUE  FROM      YEAR
                                                  NORMAL
..................................................................
TEMPERATURE (F)
 YESTERDAY
  MAXIMUM         73    156 PM  99    1980  68      5       79
  MINIMUM         38    437 AM  24    1918  42     -4       49
  AVERAGE         56                        55      1       64

PRECIPITATION (IN)
  YESTERDAY        0.00          1.07 1986   0.08  -0.08     0.00
  MONTH TO DATE    1.53                      1.58  -0.05     1.21
  SINCE MAR 1      3.03                      3.74  -0.71     2.90
  SINCE JAN 1      3.30                      4.37  -1.07     3.07

DEGREE DAYS
 HEATING
  YESTERDAY        9                        10     -1        1
  MONTH TO DATE  350                       298     52      381
  SINCE MAR 1   1817                      2066   -249     2352
  SINCE JUL 1   7932                      8360   -428     8994

 COOLING
  YESTERDAY        0                         0      0        0
  MONTH TO DATE    0                         0      0        0
  SINCE MAR 1      0                         1     -1        0
  SINCE JAN 1      0                         1     -1        0
..................................................................


WIND (MPH)
  HIGHEST WIND SPEED    32   HIGHEST WIND DIRECTION    SE (140)
  HIGHEST GUST SPEED    40   HIGHEST GUST DIRECTION     S (160)
  AVERAGE WIND SPEED    14.2


SKY COVER
  POSSIBLE SUNSHINE  MM
  AVERAGE SKY COVER 0.0


WEATHER CONDITIONS
 THE FOLLOWING WEATHER WAS RECORDED YESTERDAY.
  NO SIGNIFICANT WEATHER WAS OBSERVED.


RELATIVE HUMIDITY (PERCENT)
 HIGHEST    76           300 AM
 LOWEST     17           200 PM
 AVERAGE    47

..........................................................


THE DICKINSON ND CLIMATE NORMALS FOR TODAY
                         NORMAL    RECORD    YEAR
 MAXIMUM TEMPERATURE (F)   68        93      1928
 MINIMUM TEMPERATURE (F)   43        25      1917


SUNRISE AND SUNSET
MAY 23 2015...........SUNRISE   508 AM MDT   SUNSET   828 PM MDT
MAY 24 2015...........SUNRISE   507 AM MDT   SUNSET   830 PM MDT


-  INDICATES NEGATIVE NUMBERS.
R  INDICATES RECORD WAS SET OR TIED.
MM INDICATES DATA IS MISSING.
T  INDICATES TRACE AMOUNT.




$$
