000
CDUS43 KBIS 280733
CLIDIK


CLIMATE REPORT
NATIONAL WEATHER SERVICE BISMARCK ND
232 AM CDT SUN AUG 28 2016


...................................

...THE DICKINSON ND CLIMATE SUMMARY FOR AUGUST 27 2016...

CLIMATE NORMAL PERIOD 1981 TO 2010
CLIMATE RECORD PERIOD 1893 TO 2016


WEATHER ITEM   OBSERVED TIME   RECORD YEAR NORMAL DEPARTURE LAST
                VALUE   (LST)  VALUE       VALUE  FROM      YEAR
                                                  NORMAL
..................................................................
TEMPERATURE (F)
 YESTERDAY
  MAXIMUM         81    318 PM 107    1905  80      1       88
  MINIMUM         48    218 AM  33    1916  51     -3       59
                                      1893
  AVERAGE         65                        66     -1       74

PRECIPITATION (IN)
  YESTERDAY        0.01          1.65 1903   0.05  -0.04     0.00
  MONTH TO DATE    0.65                      1.34  -0.69     0.76
  SINCE JUN 1      7.21                      6.98   0.23     6.06
  SINCE JAN 1     11.63                     12.09  -0.46     9.49

DEGREE DAYS
 HEATING
  YESTERDAY        0                         3     -3        0
  MONTH TO DATE   43                        39      4       44
  SINCE JUN 1    119                       210    -91      126
  SINCE JUL 1     60                        73    -13       58

 COOLING
  YESTERDAY        0                         3     -3        9
  MONTH TO DATE   81                       141    -60      127
  SINCE JUN 1    272                       360    -88      357
  SINCE JAN 1    275                       370    -95      357
..................................................................


WIND (MPH)
  HIGHEST WIND SPEED    18   HIGHEST WIND DIRECTION     S (200)
  HIGHEST GUST SPEED    25   HIGHEST GUST DIRECTION     S (200)
  AVERAGE WIND SPEED     9.2


SKY COVER
  POSSIBLE SUNSHINE  MM
  AVERAGE SKY COVER 0.1


WEATHER CONDITIONS
 THE FOLLOWING WEATHER WAS RECORDED YESTERDAY.
  LIGHT RAIN


RELATIVE HUMIDITY (PERCENT)
 HIGHEST    86           200 AM
 LOWEST     23           400 PM
 AVERAGE    55

..........................................................


THE DICKINSON ND CLIMATE NORMALS FOR TODAY
                         NORMAL    RECORD    YEAR
 MAXIMUM TEMPERATURE (F)   80       106      1905
 MINIMUM TEMPERATURE (F)   51        26      1911


SUNRISE AND SUNSET
AUGUST 28 2016........SUNRISE   606 AM MDT   SUNSET   737 PM MDT
AUGUST 29 2016........SUNRISE   608 AM MDT   SUNSET   735 PM MDT


-  INDICATES NEGATIVE NUMBERS.
R  INDICATES RECORD WAS SET OR TIED.
MM INDICATES DATA IS MISSING.
T  INDICATES TRACE AMOUNT.




$$
