000
CDUS43 KBIS 240745
CLIDIK


CLIMATE REPORT
NATIONAL WEATHER SERVICE BISMARCK ND
244 AM CDT WED MAY 24 2017


...................................

...THE DICKINSON ND CLIMATE SUMMARY FOR MAY 23 2017...

CLIMATE NORMAL PERIOD 1981 TO 2010
CLIMATE RECORD PERIOD 1893 TO 2017


WEATHER ITEM   OBSERVED TIME   RECORD YEAR NORMAL DEPARTURE LAST
                VALUE   (LST)  VALUE       VALUE  FROM      YEAR
                                                  NORMAL
..................................................................
TEMPERATURE (F)
 YESTERDAY
  MAXIMUM         64    439 PM  93    1928  68     -4       73
  MINIMUM         34    421 AM  25    1917  43     -9       41
  AVERAGE         49                        55     -6       57

PRECIPITATION (IN)
  YESTERDAY        0.00          1.56 1933   0.07  -0.07     0.02
  MONTH TO DATE    1.19                      1.65  -0.46     0.05
  SINCE MAR 1      2.03                      3.81  -1.78     2.68
  SINCE JAN 1      2.31                      4.44  -2.13     3.10

DEGREE DAYS
 HEATING
  YESTERDAY       16                        10      6        8
  MONTH TO DATE  268                       308    -40      291
  SINCE MAR 1   1984                      2076    -92     1837
  SINCE JUL 1   8114                      8370   -256     7246

 COOLING
  YESTERDAY        0                         0      0        0
  MONTH TO DATE   10                         0     10        3
  SINCE MAR 1     10                         1      9        3
  SINCE JAN 1     10                         1      9        3
..................................................................


WIND (MPH)
  HIGHEST WIND SPEED    20   HIGHEST WIND DIRECTION    NE (30)
  HIGHEST GUST SPEED    28   HIGHEST GUST DIRECTION     N (10)
  AVERAGE WIND SPEED     8.8


SKY COVER
  POSSIBLE SUNSHINE  MM
  AVERAGE SKY COVER 0.1


WEATHER CONDITIONS
 THE FOLLOWING WEATHER WAS RECORDED YESTERDAY.
  NO SIGNIFICANT WEATHER WAS OBSERVED.


RELATIVE HUMIDITY (PERCENT)
 HIGHEST    89           300 AM
 LOWEST     27           500 PM
 AVERAGE    58

..........................................................


THE DICKINSON ND CLIMATE NORMALS FOR TODAY
                         NORMAL    RECORD    YEAR
 MAXIMUM TEMPERATURE (F)   68        92      1985
                                             1926
 MINIMUM TEMPERATURE (F)   43        23      1924


SUNRISE AND SUNSET
MAY 24 2017...........SUNRISE   507 AM MDT   SUNSET   830 PM MDT
MAY 25 2017...........SUNRISE   506 AM MDT   SUNSET   831 PM MDT


-  INDICATES NEGATIVE NUMBERS.
R  INDICATES RECORD WAS SET OR TIED.
MM INDICATES DATA IS MISSING.
T  INDICATES TRACE AMOUNT.




$$
