000
CDUS43 KBIS 050019
CLIDIK


CLIMATE REPORT
NATIONAL WEATHER SERVICE BISMARCK ND
619 PM CST SUN DEC 4 2016


...................................

...THE DICKINSON ND CLIMATE SUMMARY FOR DECEMBER 4 2016...
VALID TODAY AS OF 0600 PM LOCAL TIME.

CLIMATE NORMAL PERIOD 1981 TO 2010
CLIMATE RECORD PERIOD 1893 TO 2016


WEATHER ITEM   OBSERVED TIME   RECORD YEAR NORMAL DEPARTURE LAST
                VALUE   (LST)  VALUE       VALUE  FROM      YEAR
                                                  NORMAL
..................................................................
TEMPERATURE (F)
 TODAY
  MAXIMUM         30    247 PM  67    1979  31     -1       49
  MINIMUM         18    754 AM -18    1928  11      7       24
  AVERAGE         24                        21      3       37

PRECIPITATION (IN)
  TODAY            0.00          0.30 1926   0.01  -0.01     0.00
  MONTH TO DATE    T                         0.03  -0.03     0.01
  SINCE DEC 1      T                         0.03  -0.03     0.01
  SINCE JAN 1     16.37                     15.56   0.81    11.19

DEGREE DAYS
 HEATING
  TODAY           41                        44     -3       28
  MONTH TO DATE  166                       174     -8      127
  SINCE DEC 1    166                       174     -8      127
  SINCE JUL 1   1833                      2251   -418     1801

 COOLING
  TODAY            0                         0      0        0
  MONTH TO DATE    0                         0      0        0
  SINCE DEC 1      0                         0      0        0
  SINCE JAN 1    315                       419   -104      467
..................................................................


WIND (MPH)
  RESULTANT WIND SPEED  12   RESULTANT WIND DIRECTION   W (260)
  HIGHEST WIND SPEED    20   HIGHEST WIND DIRECTION     W (270)
  HIGHEST GUST SPEED    22   HIGHEST GUST DIRECTION     W (270)
  AVERAGE WIND SPEED    12.5


SKY COVER
  POSSIBLE SUNSHINE  MM
  AVERAGE SKY COVER 0.1


WEATHER CONDITIONS
 THE FOLLOWING WEATHER WAS RECORDED TODAY.
  NO SIGNIFICANT WEATHER WAS OBSERVED.


RELATIVE HUMIDITY (PERCENT)
 HIGHEST    88           100 AM
 LOWEST     69          1100 AM
 AVERAGE    79

..........................................................


THE DICKINSON ND CLIMATE NORMALS FOR TOMORROW
                         NORMAL    RECORD    YEAR
 MAXIMUM TEMPERATURE (F)   31        68      1939
 MINIMUM TEMPERATURE (F)   10       -22      1972


SUNRISE AND SUNSET
DECEMBER  4 2016......SUNRISE   720 AM MST   SUNSET   404 PM MST
DECEMBER  5 2016......SUNRISE   721 AM MST   SUNSET   403 PM MST


-  INDICATES NEGATIVE NUMBERS.
R  INDICATES RECORD WAS SET OR TIED.
MM INDICATES DATA IS MISSING.
T  INDICATES TRACE AMOUNT.




$$
