000
CDUS43 KBIS 190728
CLIDIK


CLIMATE REPORT
NATIONAL WEATHER SERVICE BISMARCK ND
127 AM CST THU JAN 19 2017


...................................

...THE DICKINSON ND CLIMATE SUMMARY FOR JANUARY 18 2017...

CLIMATE NORMAL PERIOD 1981 TO 2010
CLIMATE RECORD PERIOD 1893 TO 2017


WEATHER ITEM   OBSERVED TIME   RECORD YEAR NORMAL DEPARTURE LAST
                VALUE   (LST)  VALUE       VALUE  FROM      YEAR
                                                  NORMAL
..................................................................
TEMPERATURE (F)
 YESTERDAY
  MAXIMUM         40    500 PM  55    1908  26     14       14
  MINIMUM         28   1134 PM -41    1943   6     22      -14
  AVERAGE         34                        16     18        0

PRECIPITATION (IN)
  YESTERDAY        0.00          0.19 1920   0.01  -0.01      T
  MONTH TO DATE    0.04                      0.19  -0.15     0.04
  SINCE DEC 1      0.20                      0.43  -0.23     0.30
  SINCE JAN 1      0.04                      0.19  -0.15     0.04

DEGREE DAYS
 HEATING
  YESTERDAY       31                        49    -18       65
  MONTH TO DATE 1107                       882    225      945
  SINCE DEC 1   2736                      2342    394     2223
  SINCE JUL 1   4403                      4419    -16     3897

 COOLING
  YESTERDAY        0                         0      0        0
  MONTH TO DATE    0                         0      0        0
  SINCE DEC 1      0                         0      0        0
  SINCE JAN 1      0                         0      0        0
..................................................................


WIND (MPH)
  HIGHEST WIND SPEED    21   HIGHEST WIND DIRECTION     W (260)
  HIGHEST GUST SPEED    24   HIGHEST GUST DIRECTION    SW (230)
  AVERAGE WIND SPEED    11.3


SKY COVER
  POSSIBLE SUNSHINE  MM
  AVERAGE SKY COVER 0.0


WEATHER CONDITIONS
 THE FOLLOWING WEATHER WAS RECORDED YESTERDAY.
  HAZE


RELATIVE HUMIDITY (PERCENT)
 HIGHEST    75          1100 PM
 LOWEST     54           300 PM
 AVERAGE    65

..........................................................


THE DICKINSON ND CLIMATE NORMALS FOR TODAY
                         NORMAL    RECORD    YEAR
 MAXIMUM TEMPERATURE (F)   26        57      1919
 MINIMUM TEMPERATURE (F)    6       -36      1943


SUNRISE AND SUNSET
JANUARY 19 2017.......SUNRISE   729 AM MST   SUNSET   436 PM MST
JANUARY 20 2017.......SUNRISE   728 AM MST   SUNSET   437 PM MST


-  INDICATES NEGATIVE NUMBERS.
R  INDICATES RECORD WAS SET OR TIED.
MM INDICATES DATA IS MISSING.
T  INDICATES TRACE AMOUNT.




$$
