000
CDUS43 KBIS 260723
CLIDIK


CLIMATE REPORT
NATIONAL WEATHER SERVICE BISMARCK ND
222 AM CDT MON JUN 26 2017


...................................

...THE DICKINSON ND CLIMATE SUMMARY FOR JUNE 25 2017...

CLIMATE NORMAL PERIOD 1981 TO 2010
CLIMATE RECORD PERIOD 1893 TO 2017


WEATHER ITEM   OBSERVED TIME   RECORD YEAR NORMAL DEPARTURE LAST
                VALUE   (LST)  VALUE       VALUE  FROM      YEAR
                                                  NORMAL
..................................................................
TEMPERATURE (F)
 YESTERDAY
  MAXIMUM         73    415 PM  99    1936  79     -6       74
  MINIMUM         38   1230 AM  28    1896  51    -13       53
  AVERAGE         56                        65     -9       64

PRECIPITATION (IN)
  YESTERDAY        0.00          1.93 1969   0.11  -0.11     0.00
  MONTH TO DATE    0.58                      2.68  -2.10     2.50
  SINCE JUN 1      0.58                      2.68  -2.10     2.50
  SINCE JAN 1      2.91                      7.79  -4.88     6.92

DEGREE DAYS
 HEATING
  YESTERDAY        9                         3      6        1
  MONTH TO DATE   80                       125    -45       52
  SINCE JUN 1     80                       125    -45       52
  SINCE JUL 1   8283                      8565   -282     7389

 COOLING
  YESTERDAY        0                         3     -3        0
  MONTH TO DATE   38                        39     -1       53
  SINCE JUN 1     38                        39     -1       53
  SINCE JAN 1     48                        49     -1       56
..................................................................


WIND (MPH)
  HIGHEST WIND SPEED    20   HIGHEST WIND DIRECTION     N (350)
  HIGHEST GUST SPEED    25   HIGHEST GUST DIRECTION     N (10)
  AVERAGE WIND SPEED    10.3


SKY COVER
  POSSIBLE SUNSHINE  MM
  AVERAGE SKY COVER 0.2


WEATHER CONDITIONS
 THE FOLLOWING WEATHER WAS RECORDED YESTERDAY.
  NO SIGNIFICANT WEATHER WAS OBSERVED.


RELATIVE HUMIDITY (PERCENT)
 HIGHEST    76          1200 AM
 LOWEST     25          1200 PM
 AVERAGE    51

..........................................................


THE DICKINSON ND CLIMATE NORMALS FOR TODAY
                         NORMAL    RECORD    YEAR
 MAXIMUM TEMPERATURE (F)   79        98      2012
                                             1961
 MINIMUM TEMPERATURE (F)   52        40      1968


SUNRISE AND SUNSET
JUNE 26 2017..........SUNRISE   459 AM MDT   SUNSET   849 PM MDT
JUNE 27 2017..........SUNRISE   459 AM MDT   SUNSET   849 PM MDT


-  INDICATES NEGATIVE NUMBERS.
R  INDICATES RECORD WAS SET OR TIED.
MM INDICATES DATA IS MISSING.
T  INDICATES TRACE AMOUNT.




$$
