000
CDUS43 KBIS 120020
CLIDIK


CLIMATE REPORT
NATIONAL WEATHER SERVICE BISMARCK ND
720 PM CDT FRI JUL 11 2014


...................................

...THE DICKINSON ND CLIMATE SUMMARY FOR JULY 11 2014...
VALID TODAY AS OF 0700 PM LOCAL TIME.

CLIMATE NORMAL PERIOD 1981 TO 2010
CLIMATE RECORD PERIOD 1903 TO 2014


WEATHER ITEM   OBSERVED TIME   RECORD YEAR NORMAL DEPARTURE LAST
                VALUE   (LST)  VALUE       VALUE  FROM      YEAR
                                                  NORMAL
..................................................................
TEMPERATURE (F)
 TODAY
  MAXIMUM         81    200 PM 110    1936  83     -2       89
  MINIMUM         58    400 AM  43    1922  55      3       60
  AVERAGE         70                        69      1       75

PRECIPITATION (IN)
  TODAY            0.01          1.34 1987   0.09  -0.08     0.33
  MONTH TO DATE    0.16                      1.01  -0.85     1.85
  SINCE JUN 1      3.99                      4.21  -0.22     4.17
  SINCE JAN 1     12.03                      9.32   2.71    13.10

DEGREE DAYS
 HEATING
  TODAY            0                         1     -1        0
  MONTH TO DATE   16                        17     -1        1
  SINCE JUN 1    181                       154     27      125
  SINCE JUL 1     16                        17     -1        1

 COOLING
  TODAY            5                         5      0       10
  MONTH TO DATE   36                        47    -11       50
  SINCE JUN 1     48                       101    -53       76
  SINCE JAN 1     78                       111    -33       85
..................................................................


WIND (MPH)
  RESULTANT WIND SPEED   7   RESULTANT WIND DIRECTION   N (0)
  HIGHEST WIND SPEED    14   HIGHEST WIND DIRECTION     N (20)
  HIGHEST GUST SPEED    MM   HIGHEST GUST DIRECTION    MM
  AVERAGE WIND SPEED     8.9


SKY COVER
  POSSIBLE SUNSHINE  MM
  AVERAGE SKY COVER 0.1


WEATHER CONDITIONS
 THE FOLLOWING WEATHER WAS RECORDED TODAY.
  THUNDERSTORM
  FOG


RELATIVE HUMIDITY (PERCENT)
 HIGHEST    93          1200 AM
 LOWEST     42          1200 PM
 AVERAGE    68

..........................................................


THE DICKINSON ND CLIMATE NORMALS FOR TOMORROW
                         NORMAL    RECORD    YEAR
 MAXIMUM TEMPERATURE (F)   83       104      2006
 MINIMUM TEMPERATURE (F)   55        38      1903


SUNRISE AND SUNSET
JULY 11 2014..........SUNRISE   508 AM MDT   SUNSET   844 PM MDT
JULY 12 2014..........SUNRISE   509 AM MDT   SUNSET   844 PM MDT


-  INDICATES NEGATIVE NUMBERS.
R  INDICATES RECORD WAS SET OR TIED.
MM INDICATES DATA IS MISSING.
T  INDICATES TRACE AMOUNT.




$$
