000
CDUS43 KDLH 242222
CLIDLH


CLIMATE REPORT
NATIONAL WEATHER SERVICE DULUTH MN
421 PM CST FRI NOV 24 2017


...................................

...THE DULUTH CLIMATE SUMMARY FOR NOVEMBER 24 2017...
VALID TODAY AS OF 0400 PM LOCAL TIME.

CLIMATE NORMAL PERIOD 1981 TO 2010
CLIMATE RECORD PERIOD 1870 TO 2017


WEATHER ITEM   OBSERVED TIME   RECORD YEAR NORMAL DEPARTURE LAST
                VALUE   (LST)  VALUE       VALUE  FROM      YEAR
                                                  NORMAL
..................................................................
TEMPERATURE (F)
 TODAY
  MAXIMUM         41    224 PM  53    1984  31     10       35
                                      1890
  MINIMUM         37   1001 AM -17    1884  17     20       30
  AVERAGE         39                        24     15       33

PRECIPITATION (IN)
  TODAY            0.07          1.30 2001   0.07   0.00     0.01
  MONTH TO DATE    1.31                      1.74  -0.43     1.69
  SINCE SEP 1      8.26                      8.70  -0.44     6.76
  SINCE JAN 1     35.95                     29.40   6.55    30.68

SNOWFALL (IN)
  TODAY            0.0           6.5  1919   0.6   -0.6       T
  MONTH TO DATE   10.5                      10.3    0.2      8.1
  SINCE JUL 1     21.6                      12.7    8.9      8.1
  SNOW DEPTH       1

DEGREE DAYS
 HEATING
  TODAY           26                        41    -15       32
  MONTH TO DATE  968                       832    136      562
  SINCE SEP 1   1774                      1808    -34     1255
  SINCE JUL 1   1944                      1957    -13     1309

 COOLING
  TODAY            0                         0      0        0
  MONTH TO DATE    0                         0      0        0
  SINCE SEP 1     26                        14     12       14
  SINCE JAN 1    126                       204    -78      281
..................................................................


WIND (MPH)
  HIGHEST WIND SPEED    21   HIGHEST WIND DIRECTION     W (250)
  HIGHEST GUST SPEED    28   HIGHEST GUST DIRECTION    SW (230)
  AVERAGE WIND SPEED    15.1


SKY COVER
  AVERAGE SKY COVER 0.6


WEATHER CONDITIONS
 THE FOLLOWING WEATHER WAS RECORDED TODAY.
  LIGHT RAIN


RELATIVE HUMIDITY (PERCENT)
 HIGHEST    93           100 PM
 LOWEST     70          1200 AM
 AVERAGE    82

..........................................................


THE DULUTH CLIMATE NORMALS FOR TOMORROW
                         NORMAL    RECORD    YEAR
 MAXIMUM TEMPERATURE (F)   30        53      1913
 MINIMUM TEMPERATURE (F)   17       -16      1985


SUNRISE AND SUNSET
NOVEMBER 24 2017......SUNRISE   725 AM CST   SUNSET   426 PM CST
NOVEMBER 25 2017......SUNRISE   726 AM CST   SUNSET   425 PM CST


-  INDICATES NEGATIVE NUMBERS.
R  INDICATES RECORD WAS SET OR TIED.
MM INDICATES DATA IS MISSING.
T  INDICATES TRACE AMOUNT.




$$
