000
CDUS43 KDLH 200627
CLIDLH


CLIMATE REPORT
NATIONAL WEATHER SERVICE DULUTH MN
1227 AM CST TUE FEB 20 2018


...................................

...THE DULUTH MN CLIMATE SUMMARY FOR FEBRUARY 19 2018...

CLIMATE NORMAL PERIOD 1981 TO 2010
CLIMATE RECORD PERIOD 1870 TO 2018


WEATHER ITEM   OBSERVED TIME   RECORD YEAR NORMAL DEPARTURE LAST
                VALUE   (LST)  VALUE       VALUE  FROM      YEAR
                                                  NORMAL
..................................................................
TEMPERATURE (F)
 YESTERDAY
  MAXIMUM         14   1159 PM  51    1930  25    -11       43
  MINIMUM          8    944 AM -28    1966   7      1       28
  AVERAGE         11                        16     -5       36

PRECIPITATION (IN)
  YESTERDAY        0.22          0.93 1939   0.03   0.19     0.00
  MONTH TO DATE    0.74                      0.48   0.26     0.41
  SINCE DEC 1      2.20                      2.65  -0.45     3.64
  SINCE JAN 1      1.37                      1.44  -0.07     1.57

SNOWFALL (IN)
  YESTERDAY        3.4           3.6  1949   0.5    2.9      0.0
  MONTH TO DATE    9.2                       7.9    1.3      5.6
  SINCE DEC 1     31.7                      45.0  -13.3     42.4
  SINCE JUL 1     53.3                      61.1   -7.8     50.5
  SNOW DEPTH      12

DEGREE DAYS
 HEATING
  YESTERDAY       54                        49      5       29
  MONTH TO DATE 1118                       978    140      845
  SINCE DEC 1   4467                      4233    234     3868
  SINCE JUL 1   6613                      6446    167     5350

 COOLING
  YESTERDAY        0                         0      0        0
  MONTH TO DATE    0                         0      0        0
  SINCE DEC 1      0                         0      0        0
  SINCE JAN 1      0                         0      0        0
..................................................................


WIND (MPH)
  HIGHEST WIND SPEED    21   HIGHEST WIND DIRECTION    NE (60)
  HIGHEST GUST SPEED    27   HIGHEST GUST DIRECTION    NE (60)
  AVERAGE WIND SPEED    12.9


SKY COVER
  AVERAGE SKY COVER 1.0


WEATHER CONDITIONS
 THE FOLLOWING WEATHER WAS RECORDED YESTERDAY.
  LIGHT SNOW
  FOG
  HAZE


RELATIVE HUMIDITY (PERCENT)
 HIGHEST    80          1200 AM
 LOWEST     73           600 AM
 AVERAGE    77

..........................................................


THE DULUTH MN CLIMATE NORMALS FOR TODAY
                         NORMAL    RECORD    YEAR
 MAXIMUM TEMPERATURE (F)   26        54      1877
 MINIMUM TEMPERATURE (F)    8       -21      1963
                                             1918
                                             1894


SUNRISE AND SUNSET
FEBRUARY 20 2018......SUNRISE   704 AM CST   SUNSET   541 PM CST
FEBRUARY 21 2018......SUNRISE   703 AM CST   SUNSET   543 PM CST


-  INDICATES NEGATIVE NUMBERS.
R  INDICATES RECORD WAS SET OR TIED.
MM INDICATES DATA IS MISSING.
T  INDICATES TRACE AMOUNT.




$$
