000
CDUS45 KTFX 240747
CLIDLN


CLIMATE REPORT
NATIONAL WEATHER SERVICE GREAT FALLS MT
146 AM MDT TUE MAY 24 2016


...................................

...THE DILLON AIRPORT MT CLIMATE SUMMARY FOR MAY 23 2016...

CLIMATE NORMAL PERIOD 1981 TO 2010
CLIMATE RECORD PERIOD 1929 TO 2016


WEATHER ITEM   OBSERVED TIME   RECORD YEAR NORMAL DEPARTURE LAST
                VALUE   (LST)  VALUE       VALUE  FROM      YEAR
                                                  NORMAL
..................................................................
TEMPERATURE (F)
 YESTERDAY
  MAXIMUM         54    502 PM  87    1992  66    -12       64
  MINIMUM         37   1240 AM  23    1986  39     -2       45
  AVERAGE         46                        52     -6       55

PRECIPITATION (IN)
  YESTERDAY        0.00          0.77 1970   0.07  -0.07     0.01
  MONTH TO DATE    1.54                      1.31   0.23     2.04
  SINCE OCT 1      5.34                      4.83   0.51     4.73
  SINCE JAN 1      3.26                      3.43  -0.17     3.57

SNOWFALL (IN)
  YESTERDAY       MM
  SNOW DEPTH       0

DEGREE DAYS
 HEATING
  YESTERDAY       19                                6       10
  MONTH TO DATE  360                                0      343
  SINCE MAR 1   1765                             -247     1732
  SINCE JUL 1   7265                             -664     6844

 COOLING
  YESTERDAY        0                                0        0
  MONTH TO DATE    0                                0        0
  SINCE MAR 1      0                                0        0
  SINCE JAN 1      0                                0        0
..................................................................


WIND (MPH)
  HIGHEST WIND SPEED    24   HIGHEST WIND DIRECTION     N (360)
  HIGHEST GUST SPEED    36   HIGHEST GUST DIRECTION    NE (30)
  AVERAGE WIND SPEED    11.7


SKY COVER
  AVERAGE SKY COVER 0.7


WEATHER CONDITIONS
 THE FOLLOWING WEATHER WAS RECORDED YESTERDAY.
  NO SIGNIFICANT WEATHER WAS OBSERVED.


RELATIVE HUMIDITY (PERCENT)
 HIGHEST    85
 LOWEST     38
 AVERAGE    62

..........................................................


THE DILLON AIRPORT MT CLIMATE NORMALS FOR TODAY
                         NORMAL    RECORD    YEAR
 MAXIMUM TEMPERATURE (F)   66        85      1988
 MINIMUM TEMPERATURE (F)   39        27      1989


SUNRISE AND SUNSET
MAY 24 2016...........SUNRISE   551 AM MDT   SUNSET   904 PM MDT
MAY 25 2016...........SUNRISE   550 AM MDT   SUNSET   905 PM MDT


-  INDICATES NEGATIVE NUMBERS.
R  INDICATES RECORD WAS SET OR TIED.
MM INDICATES DATA IS MISSING.
T  INDICATES TRACE AMOUNT.




$$
