000
CDUS45 KTFX 291013
CLIDLN


CLIMATE REPORT
NATIONAL WEATHER SERVICE GREAT FALLS MT
412 AM MDT TUE JUL 29 2014


...................................

...THE DILLON AIRPORT MT CLIMATE SUMMARY FOR JULY 28 2014...

CLIMATE NORMAL PERIOD 1981 TO 2010
CLIMATE RECORD PERIOD 1929 TO 2014


WEATHER ITEM   OBSERVED TIME   RECORD YEAR NORMAL DEPARTURE LAST
                VALUE   (LST)  VALUE       VALUE  FROM      YEAR
                                                  NORMAL
..................................................................
TEMPERATURE (F)
 YESTERDAY
  MAXIMUM         83    611 PM  95    2006  84     -1       85
  MINIMUM         51    214 AM  33    1949  50      1       50
  AVERAGE         67                        67      0       68

PRECIPITATION (IN)
  YESTERDAY        0.00          0.79 1970   0.04  -0.04     0.00
  MONTH TO DATE    0.63                      1.10  -0.47     0.84
  SINCE OCT 1      6.58                      8.54  -1.96     6.44
  SINCE JAN 1      6.09                      7.14  -1.05     5.42

SNOWFALL (IN)
  YESTERDAY       MM
  SNOW DEPTH       0

DEGREE DAYS
 HEATING
  YESTERDAY        0                               -1        0
  MONTH TO DATE   16                              -35        0
  SINCE JUN 1    266                               -8      188
  SINCE JUL 1     16                              -35        0

 COOLING
  YESTERDAY        2                               -1        3
  MONTH TO DATE  100                               28      129
  SINCE JUN 1    100                               12      151
  SINCE JAN 1    100                               11      154
..................................................................


WIND (MPH)
  HIGHEST WIND SPEED    16   HIGHEST WIND DIRECTION    SE (150)
  HIGHEST GUST SPEED    20   HIGHEST GUST DIRECTION    SE (150)
  AVERAGE WIND SPEED     6.7



WEATHER CONDITIONS
 THE FOLLOWING WEATHER WAS RECORDED YESTERDAY.
  NO SIGNIFICANT WEATHER WAS OBSERVED.


RELATIVE HUMIDITY (PERCENT)
 HIGHEST    66
 LOWEST     20
 AVERAGE    43

..........................................................


THE DILLON AIRPORT MT CLIMATE NORMALS FOR TODAY
                         NORMAL    RECORD    YEAR
 MAXIMUM TEMPERATURE (F)   84        98      1972
 MINIMUM TEMPERATURE (F)   50        37      1959


SUNRISE AND SUNSET
JULY 29 2014..........SUNRISE   612 AM MDT   SUNSET   901 PM MDT
JULY 30 2014..........SUNRISE   613 AM MDT   SUNSET   900 PM MDT


-  INDICATES NEGATIVE NUMBERS.
R  INDICATES RECORD WAS SET OR TIED.
MM INDICATES DATA IS MISSING.
T  INDICATES TRACE AMOUNT.




$$
