992
CDUS45 KTFX 240914
CLIDLN


CLIMATE REPORT
NATIONAL WEATHER SERVICE GREAT FALLS MT
312 AM MDT FRI MAR 24 2017


...................................

...THE DILLON AIRPORT MT CLIMATE SUMMARY FOR MARCH 23 2017...

CLIMATE NORMAL PERIOD 1981 TO 2010
CLIMATE RECORD PERIOD 1929 TO 2017


WEATHER ITEM   OBSERVED TIME   RECORD YEAR NORMAL DEPARTURE LAST
                VALUE   (LST)  VALUE       VALUE  FROM      YEAR
                                                  NORMAL
..................................................................
TEMPERATURE (F)
 YESTERDAY
  MAXIMUM         54    348 PM  71    2004  48      6       49
  MINIMUM         28   1149 PM  -8    1964  25      3       23
  AVERAGE         41                        36      5       36

PRECIPITATION (IN)
  YESTERDAY        0.00          0.20 1974   0.02  -0.02     0.00
  MONTH TO DATE    0.16                      0.36  -0.20     0.31
  SINCE OCT 1      2.91                      2.28   0.63     2.47
  SINCE JAN 1      0.37                      0.88  -0.51     0.39

SNOWFALL (IN)
  YESTERDAY       MM
  SNOW DEPTH       0

DEGREE DAYS
 HEATING
  YESTERDAY       24                               -5       29
  MONTH TO DATE  554                             -173      628
  SINCE MAR 1    554                             -173      628
  SINCE JUL 1   6509                             -135     6128

 COOLING
  YESTERDAY        0                                0        0
  MONTH TO DATE    0                                0        0
  SINCE MAR 1      0                                0        0
  SINCE JAN 1      0                                0        0
..................................................................


WIND (MPH)
  HIGHEST WIND SPEED    10   HIGHEST WIND DIRECTION    NE (30)
  HIGHEST GUST SPEED    13   HIGHEST GUST DIRECTION     N (20)
  AVERAGE WIND SPEED     4.6


SKY COVER
  AVERAGE SKY COVER 0.5


WEATHER CONDITIONS
 THE FOLLOWING WEATHER WAS RECORDED YESTERDAY.
  NO SIGNIFICANT WEATHER WAS OBSERVED.


RELATIVE HUMIDITY (PERCENT)
 HIGHEST    82
 LOWEST     26
 AVERAGE    54

..........................................................


THE DILLON AIRPORT MT CLIMATE NORMALS FOR TODAY
                         NORMAL    RECORD    YEAR
 MAXIMUM TEMPERATURE (F)   48        67      2007
                                             2004
                                             1956
 MINIMUM TEMPERATURE (F)   25       -10      1964


SUNRISE AND SUNSET
MARCH 24 2017.........SUNRISE   725 AM MDT   SUNSET   748 PM MDT
MARCH 25 2017.........SUNRISE   723 AM MDT   SUNSET   750 PM MDT


-  INDICATES NEGATIVE NUMBERS.
R  INDICATES RECORD WAS SET OR TIED.
MM INDICATES DATA IS MISSING.
T  INDICATES TRACE AMOUNT.




$$
