036
CDUS45 KTFX 100857
CLIDLN


CLIMATE REPORT
NATIONAL WEATHER SERVICE GREAT FALLS MT
157 AM MST WED FEB 10 2016


...................................

...THE DILLON AIRPORT MT CLIMATE SUMMARY FOR FEBRUARY 9 2016...

CLIMATE NORMAL PERIOD 1981 TO 2010
CLIMATE RECORD PERIOD 1929 TO 2016


WEATHER ITEM   OBSERVED TIME   RECORD YEAR NORMAL DEPARTURE LAST
                VALUE   (LST)  VALUE       VALUE  FROM      YEAR
                                                  NORMAL
..................................................................
TEMPERATURE (F)
 YESTERDAY
  MAXIMUM         44    404 PM  55    1987  35      9       52
  MINIMUM         25    813 AM -43    1933  14     11       33
  AVERAGE         35                        25     10       43

PRECIPITATION (IN)
  YESTERDAY        0.00          0.19 1944   0.01  -0.01     0.10
  MONTH TO DATE    0.00                      0.06  -0.06     0.13
  SINCE OCT 1      2.13                      1.74   0.39     1.29
  SINCE JAN 1      0.05                      0.34  -0.29     0.13

SNOWFALL (IN)
  YESTERDAY       MM
  SNOW DEPTH       0

DEGREE DAYS
 HEATING
  YESTERDAY       30                              -10       22
  MONTH TO DATE  360                               -7      227
  SINCE DEC 1   3026                              -21     2491
  SINCE JUL 1   4949                             -249     4465

 COOLING
  YESTERDAY        0                                0        0
  MONTH TO DATE    0                                0        0
  SINCE DEC 1      0                                0        0
  SINCE JAN 1      0                                0        0
..................................................................


WIND (MPH)
  HIGHEST WIND SPEED    20   HIGHEST WIND DIRECTION    SW (210)
  HIGHEST GUST SPEED    23   HIGHEST GUST DIRECTION    SW (220)
  AVERAGE WIND SPEED    11.5


SKY COVER
  AVERAGE SKY COVER 0.0


WEATHER CONDITIONS
 THE FOLLOWING WEATHER WAS RECORDED YESTERDAY.
  NO SIGNIFICANT WEATHER WAS OBSERVED.


RELATIVE HUMIDITY (PERCENT)
 HIGHEST    85
 LOWEST     57
 AVERAGE    71

..........................................................


THE DILLON AIRPORT MT CLIMATE NORMALS FOR TODAY
                         NORMAL    RECORD    YEAR
 MAXIMUM TEMPERATURE (F)   36        63      1951
 MINIMUM TEMPERATURE (F)   14       -28      1981


SUNRISE AND SUNSET
FEBRUARY 10 2016......SUNRISE   739 AM MST   SUNSET   550 PM MST
FEBRUARY 11 2016......SUNRISE   738 AM MST   SUNSET   551 PM MST


-  INDICATES NEGATIVE NUMBERS.
R  INDICATES RECORD WAS SET OR TIED.
MM INDICATES DATA IS MISSING.
T  INDICATES TRACE AMOUNT.




$$
