000
CDUS45 KTFX 292218
CLIDLN


CLIMATE REPORT
NATIONAL WEATHER SERVICE GREAT FALLS MT
417 PM MDT SUN MAR 29 2015


...................................

...THE DILLON AIRPORT MT CLIMATE SUMMARY FOR MARCH 29 2015...
VALID TODAY AS OF 0400 PM LOCAL TIME.

CLIMATE NORMAL PERIOD 1981 TO 2010
CLIMATE RECORD PERIOD 1929 TO 2015


WEATHER ITEM   OBSERVED TIME   RECORD YEAR NORMAL DEPARTURE LAST
                VALUE   (LST)  VALUE       VALUE  FROM      YEAR
                                                  NORMAL
..................................................................
TEMPERATURE (F)
 TODAY
  MAXIMUM         62    257 PM  79    1986  49     13       50
  MINIMUM         25    639 AM  -3    1987  26     -1       36
  AVERAGE         44                        37      7       43

PRECIPITATION (IN)
  TODAY            0.00          0.70 1967   0.03  -0.03     0.01
  MONTH TO DATE    0.14                      0.51  -0.37     0.24
  SINCE OCT 1      1.49                      2.43  -0.94     0.96
  SINCE JAN 1      0.33                      1.03  -0.70     0.47

SNOWFALL (IN)
  TODAY           MM
  SNOW DEPTH       0

DEGREE DAYS
 HEATING
  TODAY           21                        28     -7       22
  MONTH TO DATE  696                       896   -200      861
  SINCE MAR 1    696                       896   -200      861
  SINCE JUL 1   5808                      6813  -1005     6641

 COOLING
  TODAY            0                         0      0        0
  MONTH TO DATE    0                         0      0        0
  SINCE MAR 1      0                         0      0        0
  SINCE JAN 1      0                         0      0        0
..................................................................


WIND (MPH)
  HIGHEST WIND SPEED    23   HIGHEST WIND DIRECTION    SW (230)
  HIGHEST GUST SPEED    28   HIGHEST GUST DIRECTION    SW (220)
  AVERAGE WIND SPEED     9.3


SKY COVER
  AVERAGE SKY COVER 0.1


WEATHER CONDITIONS
 THE FOLLOWING WEATHER WAS RECORDED TODAY.
  NO SIGNIFICANT WEATHER WAS OBSERVED.


RELATIVE HUMIDITY (PERCENT)
 HIGHEST    69
 LOWEST     16
 AVERAGE    43

..........................................................


THE DILLON AIRPORT MT CLIMATE NORMALS FOR TOMORROW
                         NORMAL    RECORD    YEAR
 MAXIMUM TEMPERATURE (F)   50        71      1966
 MINIMUM TEMPERATURE (F)   26        -6      1936


SUNRISE AND SUNSET
MARCH 29 2015.........SUNRISE   717 AM MDT   SUNSET   754 PM MDT
MARCH 30 2015.........SUNRISE   715 AM MDT   SUNSET   755 PM MDT


-  INDICATES NEGATIVE NUMBERS.
R  INDICATES RECORD WAS SET OR TIED.
MM INDICATES DATA IS MISSING.
T  INDICATES TRACE AMOUNT.




$$
