000
CDUS45 KTFX 280012
CLIDLN


CLIMATE REPORT
NATIONAL WEATHER SERVICE GREAT FALLS MT
449 PM MST TUE JAN 27 2015


...................................

...THE DILLON AIRPORT MT CLIMATE SUMMARY FOR JANUARY 27 2015...
VALID TODAY AS OF 0400 PM LOCAL TIME.

CLIMATE NORMAL PERIOD 1981 TO 2010
CLIMATE RECORD PERIOD 1929 TO 2015


WEATHER ITEM   OBSERVED TIME   RECORD YEAR NORMAL DEPARTURE LAST
                VALUE   (LST)  VALUE       VALUE  FROM      YEAR
                                                  NORMAL
..................................................................
TEMPERATURE (F)
 TODAY
  MAXIMUM         55R   322 PM  53    1987  33     22       28
  MINIMUM         34    750 AM -27    1980  14     20        5
  AVERAGE         45                        23     22       17

PRECIPITATION (IN)
  TODAY            0.00          0.37 1949   0.01  -0.01      T
  MONTH TO DATE    T                         0.24  -0.24     0.02
  SINCE OCT 1      1.16                      1.64  -0.48     0.51
  SINCE JAN 1      T                         0.24  -0.24     0.02

SNOWFALL (IN)
  TODAY           MM
  SNOW DEPTH       0

DEGREE DAYS
 HEATING
  TODAY           20                        42    -22       48
  MONTH TO DATE  941                      1146   -205      934
  SINCE DEC 1   2132                      2516   -384     2335
  SINCE JUL 1   4106                      4667   -561     4264

 COOLING
  TODAY            0                         0      0        0
  MONTH TO DATE    0                         0      0        0
  SINCE DEC 1      0                         0      0        0
  SINCE JAN 1      0                         0      0        0
..................................................................


WIND (MPH)
  HIGHEST WIND SPEED    15   HIGHEST WIND DIRECTION     S (200)
  HIGHEST GUST SPEED    19   HIGHEST GUST DIRECTION     S (190)
  AVERAGE WIND SPEED    10.5


SKY COVER
  AVERAGE SKY COVER 0.0


WEATHER CONDITIONS
 THE FOLLOWING WEATHER WAS RECORDED TODAY.
  NO SIGNIFICANT WEATHER WAS OBSERVED.


RELATIVE HUMIDITY (PERCENT)
 HIGHEST    75
 LOWEST     35
 AVERAGE    55

..........................................................


THE DILLON AIRPORT MT CLIMATE NORMALS FOR TOMORROW
                         NORMAL    RECORD    YEAR
 MAXIMUM TEMPERATURE (F)   33        50      1976
 MINIMUM TEMPERATURE (F)   14       -30      1980


SUNRISE AND SUNSET
JANUARY 27 2015.......SUNRISE   756 AM MST   SUNSET   530 PM MST
JANUARY 28 2015.......SUNRISE   755 AM MST   SUNSET   532 PM MST


-  INDICATES NEGATIVE NUMBERS.
R  INDICATES RECORD WAS SET OR TIED.
MM INDICATES DATA IS MISSING.
T  INDICATES TRACE AMOUNT.




$$
