000
CDUS41 KLWX 190524
CLIDMH


CLIMATE REPORT
NATIONAL WEATHER SERVICE BALTIMORE MD/WASHINGTON DC
123 AM EDT SAT AUG 19 2017


...................................

...THE BALTIMORE INNER HARBOR MD CLIMATE SUMMARY FOR AUGUST 18 2017...

CLIMATE NORMAL PERIOD 1981 TO 2010
CLIMATE RECORD PERIOD 1999 TO 2017


WEATHER ITEM   OBSERVED TIME   RECORD YEAR NORMAL DEPARTURE LAST
                VALUE   (LST)  VALUE       VALUE  FROM      YEAR
                                                  NORMAL
..................................................................
TEMPERATURE (F)
 YESTERDAY
  MAXIMUM         90    322 PM  MM      MM  87      3       90
  MINIMUM         76    442 PM  MM      MM  71      5       74
  AVERAGE         83                        79      4       82

PRECIPITATION (IN)
  YESTERDAY        0.60         MM      MM   0.10   0.50     0.00
  MONTH TO DATE    5.27                      1.94   3.33     3.37
  SINCE JUN 1     12.41                      9.83   2.58    12.95
  SINCE JAN 1     27.33                     25.92   1.41    29.13

DEGREE DAYS
 HEATING
  YESTERDAY        0                         0      0        0
  MONTH TO DATE    0                         0      0        0
  SINCE JUN 1      2                         5     -3        0
  SINCE JUL 1      0                         0      0        0

 COOLING
  YESTERDAY       18                        14      4       17
  MONTH TO DATE  240                       262    -22      324
  SINCE JUN 1   1191                      1087    104     1207
  SINCE JAN 1   1368                      1226    142     1344
..................................................................


WIND (MPH)
  HIGHEST WIND SPEED    MM   HIGHEST WIND DIRECTION    MM
  HIGHEST GUST SPEED    MM   HIGHEST GUST DIRECTION    MM
  AVERAGE WIND SPEED    MM


SKY COVER
  POSSIBLE SUNSHINE  MM



RELATIVE HUMIDITY (PERCENT)
 HIGHEST    91           600 AM
 LOWEST     68          1200 PM
 AVERAGE    80

..........................................................


THE BALTIMORE INNER HARBOR MD CLIMATE NORMALS FOR TODAY
                         NORMAL
 MAXIMUM TEMPERATURE (F)   87
 MINIMUM TEMPERATURE (F)   71


SUNRISE AND SUNSET
AUGUST 19 2017........SUNRISE   623 AM EDT   SUNSET   756 PM EDT
AUGUST 20 2017........SUNRISE   624 AM EDT   SUNSET   755 PM EDT


-  INDICATES NEGATIVE NUMBERS.
R  INDICATES RECORD WAS SET OR TIED.
MM INDICATES DATA IS MISSING.
T  INDICATES TRACE AMOUNT.




$$
