000
CDUS41 KLWX 190522
CLIDMH


CLIMATE REPORT
NATIONAL WEATHER SERVICE BALTIMORE MD/WASHINGTON DC
122 AM EDT THU OCT 19 2017


...................................

...THE BALTIMORE INNER HARBOR MD CLIMATE SUMMARY FOR OCTOBER 18 2017...

CLIMATE NORMAL PERIOD 1981 TO 2010
CLIMATE RECORD PERIOD 1999 TO 2017


WEATHER ITEM   OBSERVED TIME   RECORD YEAR NORMAL DEPARTURE LAST
                VALUE   (LST)  VALUE       VALUE  FROM      YEAR
                                                  NORMAL
..................................................................
TEMPERATURE (F)
 YESTERDAY
  MAXIMUM         73    234 PM  MM      MM  68      5       84
  MINIMUM         49    508 AM  MM      MM  51     -2       63
  AVERAGE         61                        59      2       74

PRECIPITATION (IN)
  YESTERDAY        0.00         MM      MM   0.10  -0.10     0.00
  MONTH TO DATE    1.49                      1.91  -0.42     0.47
  SINCE SEP 1      3.35                      6.00  -2.65     5.73
  SINCE JAN 1     31.43                     33.37  -1.94    35.60

DEGREE DAYS
 HEATING
  YESTERDAY        4                         7     -3        0
  MONTH TO DATE   20                        82    -62       42
  SINCE SEP 1     26                       100    -74       46
  SINCE JUL 1     26                       100    -74       46

 COOLING
  YESTERDAY        0                         1     -1        9
  MONTH TO DATE   98                        33     65       28
  SINCE SEP 1    356                       262     94      338
  SINCE JAN 1   1870                      1658    212     1891
..................................................................


WIND (MPH)
  HIGHEST WIND SPEED    MM   HIGHEST WIND DIRECTION    MM
  HIGHEST GUST SPEED    MM   HIGHEST GUST DIRECTION    MM
  AVERAGE WIND SPEED    MM


SKY COVER
  POSSIBLE SUNSHINE  MM



RELATIVE HUMIDITY (PERCENT)
 HIGHEST    71           500 AM
 LOWEST     35          1200 PM
 AVERAGE    53

..........................................................


THE BALTIMORE INNER HARBOR MD CLIMATE NORMALS FOR TODAY
                         NORMAL
 MAXIMUM TEMPERATURE (F)   67
 MINIMUM TEMPERATURE (F)   51


SUNRISE AND SUNSET
OCTOBER 19 2017.......SUNRISE   721 AM EDT   SUNSET   622 PM EDT
OCTOBER 20 2017.......SUNRISE   722 AM EDT   SUNSET   620 PM EDT


-  INDICATES NEGATIVE NUMBERS.
R  INDICATES RECORD WAS SET OR TIED.
MM INDICATES DATA IS MISSING.
T  INDICATES TRACE AMOUNT.




$$
