000
CDUS41 KLWX 100531
CLIDMH


CLIMATE REPORT
NATIONAL WEATHER SERVICE BALTIMORE MD/WASHINGTON DC
1230 AM EST WED FEB 10 2016


...................................

...THE BALTIMORE INNER HARBOR MD CLIMATE SUMMARY FOR FEBRUARY 9 2016...

CLIMATE NORMAL PERIOD 1981 TO 2010
CLIMATE RECORD PERIOD 9999 TO 9999


WEATHER ITEM   OBSERVED TIME   RECORD YEAR NORMAL DEPARTURE LAST
                VALUE   (LST)  VALUE       VALUE  FROM      YEAR
                                                  NORMAL
..................................................................
TEMPERATURE (F)
 YESTERDAY
  MAXIMUM         38    500 PM  MM      MM  45     -7       43
  MINIMUM         32   1159 PM  MM      MM  30      2       31
  AVERAGE         35                        37     -2       37

PRECIPITATION (IN)
  YESTERDAY        0.35         MM      MM   0.10   0.25     0.07
  MONTH TO DATE    1.17                      0.86   0.31     0.44
  SINCE DEC 1     10.69                      7.19   3.50     7.47
  SINCE JAN 1      4.45                      3.78   0.67     4.14

DEGREE DAYS
 HEATING
  YESTERDAY       30                        28      2       28
  MONTH TO DATE  201                       253    -52      279
  SINCE DEC 1   1552                      1950   -398     1995
  SINCE JUL 1   2080                      2601   -521     2730

 COOLING
  YESTERDAY        0                         0      0        0
  MONTH TO DATE    0                         0      0        0
  SINCE DEC 1      3                         0      3        0
  SINCE JAN 1      0                         0      0        0
..................................................................


WIND (MPH)
  HIGHEST WIND SPEED    MM   HIGHEST WIND DIRECTION    MM
  HIGHEST GUST SPEED    MM   HIGHEST GUST DIRECTION    MM
  AVERAGE WIND SPEED    MM


SKY COVER
  POSSIBLE SUNSHINE  MM



RELATIVE HUMIDITY (PERCENT)
 HIGHEST    96           500 AM
 LOWEST     61          1100 PM
 AVERAGE    79

..........................................................


THE BALTIMORE INNER HARBOR MD CLIMATE NORMALS FOR TODAY
                         NORMAL
 MAXIMUM TEMPERATURE (F)   45
 MINIMUM TEMPERATURE (F)   31


SUNRISE AND SUNSET
FEBRUARY 10 2016......SUNRISE   705 AM EST   SUNSET   537 PM EST
FEBRUARY 11 2016......SUNRISE   704 AM EST   SUNSET   538 PM EST


-  INDICATES NEGATIVE NUMBERS.
R  INDICATES RECORD WAS SET OR TIED.
MM INDICATES DATA IS MISSING.
T  INDICATES TRACE AMOUNT.




$$
