667
CDUS41 KLWX 262125
CLIDMH


CLIMATE REPORT
NATIONAL WEATHER SERVICE BALTIMORE MD/WASHINGTON DC
525 PM EDT THU MAY 26 2016


...................................

...THE BALTIMORE INNER HARBOR MD CLIMATE SUMMARY FOR MAY 26 2016...
VALID TODAY AS OF 0500 PM LOCAL TIME.

CLIMATE NORMAL PERIOD 1981 TO 2010
CLIMATE RECORD PERIOD 9999 TO 9999


WEATHER ITEM   OBSERVED TIME   RECORD YEAR NORMAL DEPARTURE LAST
                VALUE   (LST)  VALUE       VALUE  FROM      YEAR
                                                  NORMAL
..................................................................
TEMPERATURE (F)
 TODAY
  MAXIMUM         91    357 PM  MM      MM  78     13       88
  MINIMUM         65    538 AM  MM      MM  60      5       66
  AVERAGE         78                        69      9       77

PRECIPITATION (IN)
  TODAY            0.00         MM      MM   0.13  -0.13     0.00
  MONTH TO DATE    3.66                      2.87   0.79     3.13
  SINCE MAR 1      7.43                      9.95  -2.52    10.52
  SINCE JAN 1     16.03                     15.47   0.56    16.34

DEGREE DAYS
 HEATING
  TODAY            0                         1     -1        0
  MONTH TO DATE  133                        76     57       29
  SINCE MAR 1    805                       933   -128      863
  SINCE JUL 1   3421                      4021   -600     4377

 COOLING
  TODAY           13                         5      8       12
  MONTH TO DATE   37                        83    -46      164
  SINCE MAR 1     72                       108    -36      173
  SINCE JAN 1     72                       108    -36      173
..................................................................


WIND (MPH)
  HIGHEST WIND SPEED    MM   HIGHEST WIND DIRECTION    MM
  HIGHEST GUST SPEED    MM   HIGHEST GUST DIRECTION    MM
  AVERAGE WIND SPEED    MM


SKY COVER
  POSSIBLE SUNSHINE  MM



RELATIVE HUMIDITY (PERCENT)
 HIGHEST    73           500 AM
 LOWEST     30           300 PM
 AVERAGE    52

..........................................................


THE BALTIMORE INNER HARBOR MD CLIMATE NORMALS FOR TOMORROW
                         NORMAL    RECORD    YEAR
 MAXIMUM TEMPERATURE (F)   79        MM        MM
 MINIMUM TEMPERATURE (F)   61        MM        MM


SUNRISE AND SUNSET
MAY 26 2016...........SUNRISE   545 AM EDT   SUNSET   823 PM EDT
MAY 27 2016...........SUNRISE   544 AM EDT   SUNSET   824 PM EDT


-  INDICATES NEGATIVE NUMBERS.
R  INDICATES RECORD WAS SET OR TIED.
MM INDICATES DATA IS MISSING.
T  INDICATES TRACE AMOUNT.




$$
