000
CDUS41 KLWX 060538
CLIDMH


CLIMATE REPORT
NATIONAL WEATHER SERVICE BALTIMORE MD/WASHINGTON DC
137 AM EDT MON JUL 6 2015


...................................

...THE BALTIMORE INNER HARBOR MD CLIMATE SUMMARY FOR JULY 5 2015...

CLIMATE NORMAL PERIOD 1981 TO 2010
CLIMATE RECORD PERIOD 9999 TO 9999


WEATHER ITEM   OBSERVED TIME   RECORD YEAR NORMAL DEPARTURE LAST
                VALUE   (LST)  VALUE       VALUE  FROM      YEAR
                                                  NORMAL
..................................................................
TEMPERATURE (F)
 YESTERDAY
  MAXIMUM         83    403 PM  MM      MM  89     -6       84
  MINIMUM         69    533 AM  MM      MM  72     -3       64
  AVERAGE         76                        81     -5       74

PRECIPITATION (IN)
  YESTERDAY        0.00         MM      MM   0.13  -0.13     0.00
  MONTH TO DATE    0.51                      0.70  -0.19     0.93
  SINCE JUN 1      8.15                      3.97   4.18     7.70
  SINCE JAN 1     24.49                     20.06   4.43    30.75

DEGREE DAYS
 HEATING
  YESTERDAY        0                         0      0        0
  MONTH TO DATE    0                         0      0        0
  SINCE JUN 1     10                         5      5        0
  SINCE JUL 1      0                         0      0        0

 COOLING
  YESTERDAY       11                        16     -5        9
  MONTH TO DATE   48                        77    -29       74
  SINCE JUN 1    402                       414    -12      402
  SINCE JAN 1    648                       553     95      532
..................................................................


WIND (MPH)
  HIGHEST WIND SPEED    MM   HIGHEST WIND DIRECTION    MM
  HIGHEST GUST SPEED    MM   HIGHEST GUST DIRECTION    MM
  AVERAGE WIND SPEED    MM


SKY COVER
  POSSIBLE SUNSHINE  MM



RELATIVE HUMIDITY (PERCENT)
 HIGHEST    90           100 AM
 LOWEST     58           200 PM
 AVERAGE    74

..........................................................


THE BALTIMORE INNER HARBOR MD CLIMATE NORMALS FOR TODAY
                         NORMAL
 MAXIMUM TEMPERATURE (F)   89
 MINIMUM TEMPERATURE (F)   72


SUNRISE AND SUNSET
JULY  6 2015..........SUNRISE   546 AM EDT   SUNSET   836 PM EDT
JULY  7 2015..........SUNRISE   547 AM EDT   SUNSET   836 PM EDT


-  INDICATES NEGATIVE NUMBERS.
R  INDICATES RECORD WAS SET OR TIED.
MM INDICATES DATA IS MISSING.
T  INDICATES TRACE AMOUNT.




$$
